-- Table structure for table `llx_accountingdebcred`
--

CREATE TABLE `llx_accountingdebcred` (
  `fk_transaction` int(11) NOT NULL,
  `account_number` varchar(32) DEFAULT NULL,
  `amount` double NOT NULL,
  `direction` varchar(1) NOT NULL
) ENGINE=InnoDB DEFAULT CHARSET=utf8;

--
-- Dumping data for table `llx_accountingdebcred`
--


--
-- Table structure for table `llx_accountingtransaction`
--

CREATE TABLE `llx_accountingtransaction` (
  `rowid` int(11) NOT NULL AUTO_INCREMENT,
  `label` varchar(128) NOT NULL,
  `datec` date NOT NULL,
  `fk_author` varchar(20) NOT NULL,
  `tms` timestamp NOT NULL DEFAULT CURRENT_TIMESTAMP ON UPDATE CURRENT_TIMESTAMP,
  `fk_source` int(11) NOT NULL,
  `sourcetype` varchar(16) NOT NULL,
  `url` varchar(255) DEFAULT NULL,
  PRIMARY KEY (`rowid`)
) ENGINE=InnoDB DEFAULT CHARSET=utf8;

--
-- Dumping data for table `llx_accountingtransaction`
--


--
-- Table structure for table `llx_actioncomm`
--

CREATE TABLE `llx_actioncomm` (
  `id` int(11) NOT NULL AUTO_INCREMENT,
  `ref_ext` varchar(128) DEFAULT NULL,
  `entity` int(11) NOT NULL DEFAULT '1',
  `datep` datetime DEFAULT NULL,
  `datep2` datetime DEFAULT NULL,
  `fk_action` int(11) DEFAULT NULL,
  `code` varchar(32) DEFAULT NULL,
  `label` varchar(128) NOT NULL,
  `datec` datetime DEFAULT NULL,
  `tms` timestamp NOT NULL DEFAULT CURRENT_TIMESTAMP ON UPDATE CURRENT_TIMESTAMP,
  `fk_user_author` int(11) DEFAULT NULL,
  `fk_user_mod` int(11) DEFAULT NULL,
  `fk_project` int(11) DEFAULT NULL,
  `fk_soc` int(11) DEFAULT NULL,
  `fk_contact` int(11) DEFAULT NULL,
  `fk_parent` int(11) NOT NULL DEFAULT '0',
  `fk_user_action` int(11) DEFAULT NULL,
  `transparency` int(11) DEFAULT NULL,
  `fk_user_done` int(11) DEFAULT NULL,
  `priority` smallint(6) DEFAULT NULL,
  `fulldayevent` smallint(6) NOT NULL DEFAULT '0',
  `punctual` smallint(6) NOT NULL DEFAULT '1',
  `percent` smallint(6) NOT NULL DEFAULT '0',
  `location` varchar(128) DEFAULT NULL,
  `durationp` double DEFAULT NULL,
  `durationa` double DEFAULT NULL,
  `note` text,
  `fk_element` int(11) DEFAULT NULL,
  `elementtype` varchar(32) DEFAULT NULL,
  `email_msgid` varchar(256) DEFAULT NULL,
  `email_from` varchar(256) DEFAULT NULL,
  `email_sender` varchar(256) DEFAULT NULL,
  `email_to` varchar(256) DEFAULT NULL,
  `errors_to` varchar(256) DEFAULT NULL,
  `recurid` varchar(128) DEFAULT NULL,
  `recurrule` varchar(128) DEFAULT NULL,
  `recurdateend` datetime DEFAULT NULL,
  PRIMARY KEY (`id`),
  KEY `idx_actioncomm_fk_soc` (`fk_soc`),
  KEY `idx_actioncomm_fk_contact` (`fk_contact`),
  KEY `idx_actioncomm_code` (`code`),
  KEY `idx_actioncomm_fk_element` (`fk_element`)
) ENGINE=InnoDB DEFAULT CHARSET=utf8;

--
-- Dumping data for table `llx_actioncomm`
--


--
-- Table structure for table `llx_actioncomm_extrafields`
--

CREATE TABLE `llx_actioncomm_extrafields` (
  `rowid` int(11) NOT NULL AUTO_INCREMENT,
  `tms` timestamp NOT NULL DEFAULT CURRENT_TIMESTAMP ON UPDATE CURRENT_TIMESTAMP,
  `fk_object` int(11) NOT NULL,
  `import_key` varchar(14) DEFAULT NULL,
  PRIMARY KEY (`rowid`),
  KEY `idx_actioncomm_extrafields` (`fk_object`)
) ENGINE=InnoDB DEFAULT CHARSET=utf8;

--
-- Dumping data for table `llx_actioncomm_extrafields`
--


--
-- Table structure for table `llx_actioncomm_resources`
--

CREATE TABLE `llx_actioncomm_resources` (
  `rowid` int(11) NOT NULL AUTO_INCREMENT,
  `fk_actioncomm` int(11) NOT NULL,
  `element_type` varchar(50) NOT NULL,
  `fk_element` int(11) NOT NULL,
  `answer_status` varchar(50) DEFAULT NULL,
  `mandatory` smallint(6) DEFAULT NULL,
  `transparency` smallint(6) DEFAULT '1',
  PRIMARY KEY (`rowid`),
  UNIQUE KEY `uk_actioncomm_resources` (`fk_actioncomm`,`element_type`,`fk_element`),
  KEY `idx_actioncomm_resources_fk_element` (`fk_element`)
) ENGINE=InnoDB DEFAULT CHARSET=utf8;

--
-- Dumping data for table `llx_actioncomm_resources`
--


--
-- Table structure for table `llx_adherent`
--

CREATE TABLE `llx_adherent` (
  `rowid` int(11) NOT NULL AUTO_INCREMENT,
  `entity` int(11) NOT NULL DEFAULT '1',
  `ref_ext` varchar(128) DEFAULT NULL,
  `civility` varchar(6) DEFAULT NULL,
  `lastname` varchar(50) DEFAULT NULL,
  `firstname` varchar(50) DEFAULT NULL,
  `login` varchar(50) DEFAULT NULL,
  `pass` varchar(50) DEFAULT NULL,
  `fk_adherent_type` int(11) NOT NULL,
  `morphy` varchar(3) NOT NULL,
  `societe` varchar(128) DEFAULT NULL,
  `fk_soc` int(11) DEFAULT NULL,
  `address` text,
  `zip` varchar(30) DEFAULT NULL,
  `town` varchar(50) DEFAULT NULL,
  `state_id` int(11) DEFAULT NULL,
  `country` int(11) DEFAULT NULL,
  `email` varchar(255) DEFAULT NULL,
  `skype` varchar(255) DEFAULT NULL,
  `phone` varchar(30) DEFAULT NULL,
  `phone_perso` varchar(30) DEFAULT NULL,
  `phone_mobile` varchar(30) DEFAULT NULL,
  `birth` date DEFAULT NULL,
  `photo` varchar(255) DEFAULT NULL,
  `statut` smallint(6) NOT NULL DEFAULT '0',
  `public` smallint(6) NOT NULL DEFAULT '0',
  `datefin` datetime DEFAULT NULL,
  `note_private` text,
  `note_public` text,
  `datevalid` datetime DEFAULT NULL,
  `datec` datetime DEFAULT NULL,
  `tms` timestamp NOT NULL DEFAULT CURRENT_TIMESTAMP ON UPDATE CURRENT_TIMESTAMP,
  `fk_user_author` int(11) DEFAULT NULL,
  `fk_user_mod` int(11) DEFAULT NULL,
  `fk_user_valid` int(11) DEFAULT NULL,
  `canvas` varchar(32) DEFAULT NULL,
  `import_key` varchar(14) DEFAULT NULL,
  PRIMARY KEY (`rowid`),
  UNIQUE KEY `uk_adherent_login` (`login`,`entity`),
  UNIQUE KEY `uk_adherent_fk_soc` (`fk_soc`),
  KEY `idx_adherent_fk_adherent_type` (`fk_adherent_type`),
  CONSTRAINT `adherent_fk_soc` FOREIGN KEY (`fk_soc`) REFERENCES `llx_societe` (`rowid`),
  CONSTRAINT `fk_adherent_adherent_type` FOREIGN KEY (`fk_adherent_type`) REFERENCES `llx_adherent_type` (`rowid`)
) ENGINE=InnoDB DEFAULT CHARSET=utf8;

--
-- Dumping data for table `llx_adherent`
--


--
-- Table structure for table `llx_adherent_extrafields`
--

CREATE TABLE `llx_adherent_extrafields` (
  `rowid` int(11) NOT NULL AUTO_INCREMENT,
  `tms` timestamp NOT NULL DEFAULT CURRENT_TIMESTAMP ON UPDATE CURRENT_TIMESTAMP,
  `fk_object` int(11) NOT NULL,
  `import_key` varchar(14) DEFAULT NULL,
  PRIMARY KEY (`rowid`),
  KEY `idx_adherent_extrafields` (`fk_object`)
) ENGINE=InnoDB DEFAULT CHARSET=utf8;

--
-- Dumping data for table `llx_adherent_extrafields`
--


--
-- Table structure for table `llx_adherent_type`
--

CREATE TABLE `llx_adherent_type` (
  `rowid` int(11) NOT NULL AUTO_INCREMENT,
  `entity` int(11) NOT NULL DEFAULT '1',
  `tms` timestamp NOT NULL DEFAULT CURRENT_TIMESTAMP ON UPDATE CURRENT_TIMESTAMP,
  `statut` smallint(6) NOT NULL DEFAULT '0',
  `libelle` varchar(50) NOT NULL,
  `cotisation` varchar(3) NOT NULL DEFAULT 'yes',
  `vote` varchar(3) NOT NULL DEFAULT 'yes',
  `note` text,
  `mail_valid` text,
  PRIMARY KEY (`rowid`),
  UNIQUE KEY `uk_adherent_type_libelle` (`libelle`,`entity`)
) ENGINE=InnoDB DEFAULT CHARSET=utf8;

--
-- Dumping data for table `llx_adherent_type`
--


--
-- Table structure for table `llx_adherent_type_extrafields`
--

CREATE TABLE `llx_adherent_type_extrafields` (
  `rowid` int(11) NOT NULL AUTO_INCREMENT,
  `tms` timestamp NOT NULL DEFAULT CURRENT_TIMESTAMP ON UPDATE CURRENT_TIMESTAMP,
  `fk_object` int(11) NOT NULL,
  `import_key` varchar(14) DEFAULT NULL,
  PRIMARY KEY (`rowid`),
  KEY `idx_adherent_type_extrafields` (`fk_object`)
) ENGINE=InnoDB DEFAULT CHARSET=utf8;

--
-- Dumping data for table `llx_adherent_type_extrafields`
--


--
-- Table structure for table `llx_askpricesupplier`
--

CREATE TABLE `llx_askpricesupplier` (
  `rowid` int(11) NOT NULL AUTO_INCREMENT,
  `ref` varchar(30) NOT NULL,
  `entity` int(11) NOT NULL DEFAULT '1',
  `ref_ext` varchar(255) DEFAULT NULL,
  `ref_int` varchar(255) DEFAULT NULL,
  `fk_soc` int(11) DEFAULT NULL,
  `fk_projet` int(11) DEFAULT NULL,
  `tms` timestamp NOT NULL DEFAULT CURRENT_TIMESTAMP ON UPDATE CURRENT_TIMESTAMP,
  `datec` datetime DEFAULT NULL,
  `date_valid` datetime DEFAULT NULL,
  `date_cloture` datetime DEFAULT NULL,
  `fk_user_author` int(11) DEFAULT NULL,
  `fk_user_modif` int(11) DEFAULT NULL,
  `fk_user_valid` int(11) DEFAULT NULL,
  `fk_user_cloture` int(11) DEFAULT NULL,
  `fk_statut` smallint(6) NOT NULL DEFAULT '0',
  `price` double DEFAULT '0',
  `remise_percent` double DEFAULT '0',
  `remise_absolue` double DEFAULT '0',
  `remise` double DEFAULT '0',
  `total_ht` double(24,8) DEFAULT '0.00000000',
  `tva` double(24,8) DEFAULT '0.00000000',
  `localtax1` double(24,8) DEFAULT '0.00000000',
  `localtax2` double(24,8) DEFAULT '0.00000000',
  `total` double(24,8) DEFAULT '0.00000000',
  `fk_account` int(11) DEFAULT NULL,
  `fk_currency` varchar(3) DEFAULT NULL,
  `fk_cond_reglement` int(11) DEFAULT NULL,
  `fk_mode_reglement` int(11) DEFAULT NULL,
  `note_private` text,
  `note_public` text,
  `model_pdf` varchar(255) DEFAULT NULL,
  `date_livraison` date DEFAULT NULL,
  `fk_shipping_method` int(11) DEFAULT NULL,
  `import_key` varchar(14) DEFAULT NULL,
  `extraparams` varchar(255) DEFAULT NULL,
  PRIMARY KEY (`rowid`)
) ENGINE=InnoDB DEFAULT CHARSET=utf8;

--
-- Dumping data for table `llx_askpricesupplier`
--


--
-- Table structure for table `llx_askpricesupplier_extrafields`
--

CREATE TABLE `llx_askpricesupplier_extrafields` (
  `rowid` int(11) NOT NULL AUTO_INCREMENT,
  `tms` timestamp NOT NULL DEFAULT CURRENT_TIMESTAMP ON UPDATE CURRENT_TIMESTAMP,
  `fk_object` int(11) NOT NULL,
  `import_key` varchar(14) DEFAULT NULL,
  PRIMARY KEY (`rowid`)
) ENGINE=InnoDB DEFAULT CHARSET=utf8;

--
-- Dumping data for table `llx_askpricesupplier_extrafields`
--


--
-- Table structure for table `llx_askpricesupplierdet`
--

CREATE TABLE `llx_askpricesupplierdet` (
  `rowid` int(11) NOT NULL AUTO_INCREMENT,
  `fk_askpricesupplier` int(11) NOT NULL,
  `fk_parent_line` int(11) DEFAULT NULL,
  `fk_product` int(11) DEFAULT NULL,
  `label` varchar(255) DEFAULT NULL,
  `description` text,
  `fk_remise_except` int(11) DEFAULT NULL,
  `tva_tx` double(6,3) DEFAULT '0.000',
  `localtax1_tx` double(6,3) DEFAULT '0.000',
  `localtax1_type` varchar(10) DEFAULT NULL,
  `localtax2_tx` double(6,3) DEFAULT '0.000',
  `localtax2_type` varchar(10) DEFAULT NULL,
  `qty` double DEFAULT NULL,
  `remise_percent` double DEFAULT '0',
  `remise` double DEFAULT '0',
  `price` double DEFAULT NULL,
  `subprice` double(24,8) DEFAULT '0.00000000',
  `total_ht` double(24,8) DEFAULT '0.00000000',
  `total_tva` double(24,8) DEFAULT '0.00000000',
  `total_localtax1` double(24,8) DEFAULT '0.00000000',
  `total_localtax2` double(24,8) DEFAULT '0.00000000',
  `total_ttc` double(24,8) DEFAULT '0.00000000',
  `product_type` int(11) DEFAULT '0',
  `info_bits` int(11) DEFAULT '0',
  `buy_price_ht` double(24,8) DEFAULT '0.00000000',
  `fk_product_fournisseur_price` int(11) DEFAULT NULL,
  `special_code` int(11) DEFAULT '0',
  `rang` int(11) DEFAULT '0',
  `ref_fourn` varchar(30) DEFAULT NULL,
  PRIMARY KEY (`rowid`)
) ENGINE=InnoDB DEFAULT CHARSET=utf8;

--
-- Dumping data for table `llx_askpricesupplierdet`
--


--
-- Table structure for table `llx_askpricesupplierdet_extrafields`
--

CREATE TABLE `llx_askpricesupplierdet_extrafields` (
  `rowid` int(11) NOT NULL AUTO_INCREMENT,
  `tms` timestamp NOT NULL DEFAULT CURRENT_TIMESTAMP ON UPDATE CURRENT_TIMESTAMP,
  `fk_object` int(11) NOT NULL,
  `import_key` varchar(14) DEFAULT NULL,
  PRIMARY KEY (`rowid`)
) ENGINE=InnoDB DEFAULT CHARSET=utf8;

--
-- Dumping data for table `llx_askpricesupplierdet_extrafields`
--


--
-- Table structure for table `llx_bank`
--

CREATE TABLE `llx_bank` (
  `rowid` int(11) NOT NULL AUTO_INCREMENT,
  `datec` datetime DEFAULT NULL,
  `tms` timestamp NOT NULL DEFAULT CURRENT_TIMESTAMP ON UPDATE CURRENT_TIMESTAMP,
  `datev` date DEFAULT NULL,
  `dateo` date DEFAULT NULL,
  `amount` double(24,8) NOT NULL DEFAULT '0.00000000',
  `label` varchar(255) DEFAULT NULL,
  `fk_account` int(11) DEFAULT NULL,
  `fk_user_author` int(11) DEFAULT NULL,
  `fk_user_rappro` int(11) DEFAULT NULL,
  `fk_type` varchar(6) DEFAULT NULL,
  `num_releve` varchar(50) DEFAULT NULL,
  `num_chq` varchar(50) DEFAULT NULL,
  `rappro` tinyint(4) DEFAULT '0',
  `note` text,
  `fk_bordereau` int(11) DEFAULT '0',
  `banque` varchar(255) DEFAULT NULL,
  `emetteur` varchar(255) DEFAULT NULL,
  `author` varchar(40) DEFAULT NULL,
  PRIMARY KEY (`rowid`),
  KEY `idx_bank_datev` (`datev`),
  KEY `idx_bank_dateo` (`dateo`),
  KEY `idx_bank_fk_account` (`fk_account`),
  KEY `idx_bank_rappro` (`rappro`),
  KEY `idx_bank_num_releve` (`num_releve`)
) ENGINE=InnoDB AUTO_INCREMENT=93 DEFAULT CHARSET=utf8;

--
-- Dumping data for table `llx_bank`
--

INSERT INTO `llx_bank` (`rowid`, `datec`, `tms`, `datev`, `dateo`, `amount`, `label`, `fk_account`, `fk_user_author`, `fk_user_rappro`, `fk_type`, `num_releve`, `num_chq`, `rappro`, `note`, `fk_bordereau`, `banque`, `emetteur`, `author`) VALUES (1,'2014-10-04 18:53:29','2014-10-04 16:53:30','2014-10-04','2014-10-04',0.00000000,'(Solde initial)',1,NULL,NULL,'SOLD',NULL,NULL,0,NULL,0,NULL,NULL,NULL),(2,'2016-06-21 14:17:15','2016-06-21 12:17:15','2016-06-21','2016-06-21',18768.24000000,'(CustomerInvoicePayment)',1,4,NULL,'VIR',NULL,NULL,0,NULL,0,NULL,'NOVAXIOM GROUP',NULL),(3,'2016-06-24 14:56:26','2016-06-24 12:56:26','2016-06-24','2016-06-24',79464.00000000,'(CustomerInvoicePayment)',1,4,NULL,'VIR',NULL,NULL,0,NULL,0,NULL,'ORCHESTRA - PREMAMAN',NULL),(4,'2016-06-24 15:02:17','2016-06-24 13:02:17','2016-06-24','2016-06-24',47520.00000000,'(CustomerInvoicePayment)',1,4,NULL,'VIR',NULL,NULL,0,NULL,0,NULL,'NOVAXIOM GROUP',NULL),(5,'2016-06-24 15:08:25','2016-06-24 13:08:25','2016-06-24','2016-06-24',-3600.00000000,'(CustomerInvoicePaymentBack)',1,4,NULL,'VIR',NULL,NULL,0,NULL,0,NULL,'NEXiiUM',NULL),(6,'2016-06-24 15:09:08','2016-06-24 13:09:08','2016-06-24','2016-06-24',14400.00000000,'(CustomerInvoicePayment)',1,4,NULL,'VIR',NULL,NULL,0,NULL,0,NULL,'NOVAXIOM GROUP',NULL),(7,'2016-06-24 15:12:13','2016-06-24 13:12:13','2016-06-24','2016-06-24',12096.00000000,'(CustomerInvoicePayment)',1,4,NULL,'VIR',NULL,NULL,0,NULL,0,NULL,'NOVAXIOM GROUP',NULL),(8,'2016-06-24 15:16:38','2016-06-24 13:16:38','2016-06-24','2016-06-24',3600.00000000,'(CustomerInvoicePayment)',1,4,NULL,'VIR',NULL,NULL,0,NULL,0,NULL,'NOVAXIOM GROUP',NULL),(9,'2016-06-24 15:20:34','2016-06-24 13:20:34','2016-06-24','2016-06-24',9928.80000000,'(CustomerInvoicePayment)',1,4,NULL,'VIR',NULL,NULL,0,NULL,0,NULL,'NOVAXIOM GROUP',NULL),(10,'2016-06-24 15:23:15','2016-06-24 13:23:15','2016-05-30','2016-05-30',1560.00000000,'(CustomerInvoicePayment)',1,4,NULL,'VIR',NULL,NULL,0,NULL,0,NULL,'NOVAXIOM GROUP',NULL),(11,'2016-07-01 11:38:58','2016-07-01 09:38:58','2016-07-01','2016-07-01',2340.00000000,'(CustomerInvoicePayment)',1,4,NULL,'VIR',NULL,NULL,0,NULL,0,NULL,'SPC CONSULTANTS',NULL),(12,'2016-07-29 14:22:21','2016-07-29 12:22:21','2016-07-25','2016-07-25',40132.32000000,'(CustomerInvoicePayment)',1,4,NULL,'VIR',NULL,NULL,0,NULL,0,NULL,'NOVAXIOM GROUP',NULL),(13,'2016-09-02 14:21:01','2016-09-02 12:21:01','2016-08-05','2016-08-05',16135.56000000,'(CustomerInvoicePayment)',1,4,NULL,'VIR',NULL,NULL,0,NULL,0,NULL,'NOVAXIOM GROUP',NULL),(14,'2016-09-02 14:24:35','2016-09-02 12:24:35','2016-08-17','2016-08-17',37152.00000000,'(CustomerInvoicePayment)',1,4,NULL,'VIR',NULL,NULL,0,NULL,0,NULL,'ORCHESTRA - PREMAMAN',NULL),(15,'2016-09-16 14:40:31','2016-09-16 12:40:31','2016-09-12','2016-09-12',19580.40000000,'(CustomerInvoicePayment)',1,4,NULL,'VIR',NULL,NULL,0,NULL,0,NULL,'NOVAXIOM GROUP',NULL),(16,'2016-09-16 14:41:33','2016-09-16 12:41:33','2016-09-16','2016-09-16',170.88000000,'(CustomerInvoicePayment)',1,4,NULL,'VIR',NULL,NULL,0,NULL,0,NULL,'NOVAXIOM GROUP',NULL),(17,'2016-09-30 11:22:56','2016-09-30 09:22:56','2016-09-26','2016-09-26',12384.00000000,'(CustomerInvoicePayment)',1,4,NULL,'VIR',NULL,NULL,0,NULL,0,NULL,'ORCHESTRA - PREMAMAN',NULL),(18,'2016-10-13 11:30:09','2016-10-13 09:30:09','2016-10-13','2016-10-13',14428.80000000,'(CustomerInvoicePayment)',1,4,NULL,'VIR',NULL,NULL,0,NULL,0,NULL,'NOVAXIOM GROUP',NULL),(19,'2016-10-13 11:30:50','2016-10-13 09:30:50','2016-10-07','2016-10-07',5160.00000000,'(CustomerInvoicePayment)',1,4,NULL,'VIR',NULL,NULL,0,NULL,0,NULL,'ORCHESTRA - PREMAMAN',NULL),(20,'2016-11-17 15:11:24','2016-11-17 14:11:24','2016-11-04','2016-11-04',12384.00000000,'(CustomerInvoicePayment)',1,4,NULL,'VIR',NULL,NULL,0,NULL,0,NULL,'ORCHESTRA - PREMAMAN',NULL),(21,'2016-11-17 15:12:42','2016-11-17 14:12:42','2016-11-11','2016-11-11',26672.88000000,'(CustomerInvoicePayment)',1,4,NULL,'VIR',NULL,NULL,0,NULL,0,NULL,'NOVAXIOM GROUP',NULL),(22,'2016-12-23 10:45:38','2016-12-23 09:45:38','2016-12-12','2016-12-12',12384.00000000,'(CustomerInvoicePayment)',1,4,NULL,'VIR',NULL,NULL,0,NULL,0,NULL,'ORCHESTRA - PREMAMAN',NULL),(23,'2017-01-06 11:15:36','2017-01-06 10:15:36','2017-01-06','2017-01-06',12384.00000000,'(CustomerInvoicePayment)',1,4,NULL,'VIR',NULL,NULL,0,NULL,0,NULL,'ORCHESTRA - PREMAMAN',NULL),(24,'2017-01-16 08:36:48','2017-01-16 07:36:48','2017-01-14','2017-01-14',39485.16000000,'(CustomerInvoicePayment)',1,4,NULL,'VIR',NULL,NULL,0,NULL,0,NULL,'NOVAXIOM GROUP',NULL),(25,'2017-03-03 15:38:07','2017-03-03 14:38:07','2017-02-06','2017-02-06',6239.64000000,'(CustomerInvoicePayment)',1,4,NULL,'VIR',NULL,NULL,0,NULL,0,NULL,'COURBON',NULL),(26,'2017-03-03 15:39:09','2017-03-03 14:39:09','2017-02-15','2017-02-15',24348.12000000,'(CustomerInvoicePayment)',1,4,NULL,'VIR',NULL,NULL,0,NULL,0,NULL,'NOVAXIOM GROUP',NULL),(27,'2017-03-03 15:40:51','2017-03-03 14:40:51','2017-03-03','2017-03-03',58788.00000000,'(CustomerInvoicePayment)',1,4,NULL,'VIR',NULL,NULL,0,NULL,0,NULL,'ORCHESTRA - PREMAMAN',NULL),(28,'2017-03-15 08:57:12','2017-03-15 07:57:12','2017-03-15','2017-03-15',34932.00000000,'(CustomerInvoicePayment)',1,4,NULL,'VIR',NULL,NULL,0,NULL,0,NULL,'NOVAXIOM GROUP',NULL),(29,'2017-04-07 18:07:19','2017-04-07 16:07:19','2017-04-07','2017-04-07',30408.00000000,'(CustomerInvoicePayment)',1,4,NULL,'VIR',NULL,NULL,0,NULL,0,NULL,'ORCHESTRA - PREMAMAN',NULL),(30,'2017-05-18 10:28:14','2017-05-18 08:28:14','2017-05-16','2017-05-16',22479.00000000,'(CustomerInvoicePayment)',1,4,NULL,'VIR',NULL,NULL,0,NULL,0,NULL,'NOVAXIOM GROUP',NULL),(31,'2017-05-18 10:31:17','2017-05-18 08:31:17','2017-05-12','2017-05-12',7800.00000000,'(CustomerInvoicePayment)',1,4,NULL,'VIR',NULL,NULL,0,NULL,0,NULL,'ORCHESTRA - PREMAMAN',NULL),(32,'2017-05-18 10:51:08','2017-05-18 08:51:08','2017-04-10','2017-04-10',20070.00000000,'(CustomerInvoicePayment)',1,4,NULL,'VIR',NULL,NULL,0,NULL,0,NULL,'NOVAXIOM GROUP',NULL),(33,'2017-06-09 15:59:32','2017-06-09 13:59:32','2017-06-09','2017-06-09',7800.00000000,'(CustomerInvoicePayment)',1,4,NULL,'VIR',NULL,NULL,0,NULL,0,NULL,'ORCHESTRA - PREMAMAN',NULL),(34,'2017-06-16 10:25:43','2017-06-16 08:25:43','2017-06-16','2017-06-16',11418.00000000,'(CustomerInvoicePayment)',1,4,NULL,'VIR',NULL,NULL,0,NULL,0,NULL,'COURBON',NULL),(35,'2017-06-16 10:27:00','2017-06-16 08:27:00','2017-06-16','2017-06-16',35250.00000000,'(CustomerInvoicePayment)',1,4,NULL,'VIR',NULL,NULL,0,NULL,0,NULL,'NOVAXIOM GROUP',NULL),(36,'2017-07-07 09:54:02','2017-07-07 07:54:02','2017-06-30','2017-06-30',3876.00000000,'(CustomerInvoicePayment)',1,4,NULL,'VIR',NULL,NULL,0,NULL,0,NULL,'ANDROS et Compagnie',NULL),(37,'2017-07-07 09:54:53','2017-07-07 07:54:53','2017-07-07','2017-07-07',6192.00000000,'(CustomerInvoicePayment)',1,4,NULL,'VIR',NULL,NULL,0,NULL,0,NULL,'ORCHESTRA - PREMAMAN',NULL),(38,'2017-07-12 11:26:57','2017-07-12 09:26:57','2017-07-10','2017-07-10',35652.00000000,'(CustomerInvoicePayment)',1,4,NULL,'VIR',NULL,NULL,0,NULL,0,NULL,'NOVAXIOM GROUP',NULL),(39,'2017-07-25 08:49:14','2017-07-25 06:49:14','2017-07-25','2017-07-25',11920.80000000,'(CustomerInvoicePayment)',1,4,NULL,'VIR',NULL,NULL,0,NULL,0,NULL,'CEGID',NULL),(40,'2017-09-29 14:57:23','2017-09-29 12:57:23','2017-09-29','2017-09-29',41286.00000000,'(CustomerInvoicePayment)',1,4,NULL,'VIR',NULL,NULL,0,NULL,0,NULL,'COURBON',NULL),(41,'2017-09-29 14:59:02','2017-09-29 12:59:02','2017-09-29','2017-09-29',17623.08000000,'(CustomerInvoicePayment)',1,4,NULL,'VIR',NULL,NULL,0,NULL,0,NULL,'COURBON',NULL),(42,'2017-09-29 14:59:42','2017-09-29 12:59:42','2017-09-29','2017-09-29',1200.00000000,'(CustomerInvoicePayment)',1,4,NULL,'VIR',NULL,NULL,0,NULL,0,NULL,'CONCERTO RH',NULL),(43,'2017-09-29 15:05:55','2017-09-29 13:05:55','2017-09-29','2017-09-29',23439.00000000,'(CustomerInvoicePayment)',1,4,NULL,'VIR',NULL,NULL,0,NULL,0,NULL,'NOVAXIOM GROUP',NULL),(44,'2017-09-29 15:06:49','2017-09-29 13:06:49','2017-09-29','2017-09-29',22962.00000000,'(CustomerInvoicePayment)',1,4,NULL,'VIR',NULL,NULL,0,NULL,0,NULL,'NOVAXIOM GROUP',NULL),(45,'2017-09-29 15:08:16','2017-09-29 13:08:16','2017-09-29','2017-09-29',8571.60000000,'(CustomerInvoicePayment)',1,4,NULL,'VIR',NULL,NULL,0,NULL,0,NULL,'CEGID',NULL),(46,'2017-09-29 15:10:08','2017-09-29 13:10:08','2017-09-29','2017-09-29',13462.80000000,'(CustomerInvoicePayment)',1,4,NULL,'VIR',NULL,NULL,0,NULL,0,NULL,'CEGID',NULL),(47,'2017-09-29 15:11:23','2017-09-29 13:11:23','2017-09-29','2017-09-29',7998.00000000,'(CustomerInvoicePayment)',1,4,NULL,'VIR',NULL,NULL,0,NULL,0,NULL,'ORCHESTRA - PREMAMAN',NULL),(48,'2017-11-14 08:30:00','2017-11-14 07:30:00','2017-11-14','2017-11-14',10494.00000000,'(CustomerInvoicePayment)',1,4,NULL,'VIR',NULL,NULL,0,NULL,0,NULL,'CEGID',NULL),(49,'2017-11-14 09:18:49','2017-11-14 08:18:49','2017-11-14','2017-11-14',1440.00000000,'(CustomerInvoicePayment)',1,4,NULL,'VIR',NULL,NULL,0,NULL,0,NULL,'CEGID',NULL),(50,'2017-11-21 18:17:57','2017-11-21 17:17:57','2017-11-15','2017-11-15',24985.21000000,'(CustomerInvoicePayment)',1,4,NULL,'VIR',NULL,NULL,0,NULL,0,NULL,'COURBON',NULL),(51,'2017-11-21 18:19:52','2017-11-21 17:19:52','2017-11-17','2017-11-17',16707.00000000,'(CustomerInvoicePayment)',1,4,NULL,'VIR',NULL,NULL,0,NULL,0,NULL,'NOVAXIOM GROUP',NULL),(52,'2017-11-21 18:20:32','2017-11-21 17:20:32','2017-11-17','2017-11-17',3354.00000000,'(CustomerInvoicePayment)',1,4,NULL,'VIR',NULL,NULL,0,NULL,0,NULL,'ORCHESTRA - PREMAMAN',NULL),(53,'2017-11-22 09:28:54','2017-11-22 08:28:54','2017-10-16','2017-10-16',22644.00000000,'(CustomerInvoicePayment)',1,4,NULL,'VIR',NULL,NULL,0,NULL,0,NULL,'COURBON',NULL),(54,'2017-11-22 09:29:44','2017-11-22 08:29:44','2017-10-16','2017-10-16',1786.00000000,'(CustomerInvoicePayment)',1,4,NULL,'VIR',NULL,NULL,0,NULL,0,NULL,'COURBON',NULL),(55,'2017-11-22 09:30:40','2017-11-22 08:30:40','2017-10-17','2017-10-17',17814.00000000,'(CustomerInvoicePayment)',1,4,NULL,'VIR',NULL,NULL,0,NULL,0,NULL,'NOVAXIOM GROUP',NULL),(56,'2018-01-17 18:27:50','2018-01-17 17:27:50','2018-01-17','2018-01-17',9308.40000000,'(CustomerInvoicePayment)',1,4,NULL,'VIR',NULL,NULL,0,NULL,0,NULL,'CEGID',NULL),(57,'2018-01-17 18:30:06','2018-01-17 17:30:06','2018-01-16','2018-01-16',24366.00000000,'(CustomerInvoicePayment)',1,4,NULL,'VIR',NULL,NULL,0,NULL,0,NULL,'NOVAXIOM GROUP',NULL),(58,'2018-01-17 18:42:34','2018-01-17 17:42:34','2017-12-19','2017-12-19',12990.00000000,'(CustomerInvoicePayment)',1,4,NULL,'VIR',NULL,NULL,0,NULL,0,NULL,'CEGID',NULL),(59,'2018-01-17 18:43:57','2018-01-17 17:43:57','2017-12-19','2017-12-19',27048.00000000,'(CustomerInvoicePayment)',1,4,NULL,'VIR',NULL,NULL,0,NULL,0,NULL,'NOVAXIOM GROUP',NULL),(60,'2018-01-18 16:48:18','2018-01-18 15:48:18','2017-12-14','2017-12-14',24513.06000000,'(CustomerInvoicePayment)',1,4,NULL,'VIR',NULL,NULL,0,NULL,0,NULL,'COURBON',NULL),(61,'2018-01-31 18:10:21','2018-01-31 17:10:21','2018-01-19','2018-01-19',25355.16000000,'(CustomerInvoicePayment)',1,4,NULL,'VIR',NULL,NULL,0,NULL,0,NULL,'COURBON',NULL),(62,'2018-02-13 09:14:12','2018-02-13 08:14:12','2018-02-12','2018-02-12',8272.80000000,'(CustomerInvoicePayment)',1,4,NULL,'VIR',NULL,NULL,0,NULL,0,NULL,'CEGID',NULL),(63,'2018-02-13 09:15:41','2018-02-13 08:15:41','2018-02-12','2018-02-12',16656.00000000,'(CustomerInvoicePayment)',1,4,NULL,'VIR',NULL,NULL,0,NULL,0,NULL,'COURBON',NULL),(64,'2018-02-13 09:16:40','2018-02-13 08:16:40','2018-02-13','2018-02-13',18840.00000000,'(CustomerInvoicePayment)',1,4,NULL,'VIR',NULL,NULL,0,NULL,0,NULL,'NOVAXIOM GROUP',NULL),(65,'2018-03-16 11:49:27','2018-03-16 10:49:27','2018-03-14','2018-03-14',6720.00000000,'(CustomerInvoicePayment)',1,4,NULL,'VIR',NULL,NULL,0,NULL,0,NULL,'CEGID',NULL),(66,'2018-03-16 11:51:27','2018-03-16 10:51:27','2018-03-14','2018-03-14',29028.00000000,'(CustomerInvoicePayment)',1,4,NULL,'VIR',NULL,NULL,0,NULL,0,NULL,'COURBON',NULL),(67,'2018-03-16 11:57:22','2018-03-16 10:57:22','2018-03-15','2018-03-15',36075.00000000,'(CustomerInvoicePayment)',1,4,NULL,'VIR',NULL,NULL,0,NULL,0,NULL,'NOVAXIOM GROUP',NULL),(68,'2018-04-09 15:36:42','2018-04-09 13:36:42','2018-04-09','2018-04-09',26337.00000000,'(CustomerInvoicePayment)',1,4,NULL,'VIR',NULL,NULL,0,NULL,0,NULL,'NOVAXIOM GROUP',NULL),(69,'2018-04-09 15:38:08','2018-04-09 13:38:08','2018-04-09','2018-04-09',9650.09000000,'(CustomerInvoicePayment)',1,4,NULL,'VIR',NULL,NULL,0,NULL,0,NULL,'COURBON',NULL),(70,'2018-05-15 10:51:40','2018-05-15 08:51:40','2018-05-15','2018-05-15',4116.00000000,'(CustomerInvoicePayment)',1,4,NULL,'VIR',NULL,NULL,0,NULL,0,NULL,'CEGID',NULL),(71,'2018-05-15 10:54:25','2018-05-15 08:54:25','2018-05-15','2018-05-15',32760.00000000,'(CustomerInvoicePayment)',1,4,NULL,'VIR',NULL,NULL,0,NULL,0,NULL,'NOVAXIOM GROUP',NULL),(72,'2018-05-15 11:26:43','2018-05-15 09:26:43','2018-04-10','2018-04-10',8782.80000000,'(CustomerInvoicePayment)',1,4,NULL,'VIR',NULL,NULL,0,NULL,0,NULL,'CEGID',NULL),(73,'2018-05-15 13:43:42','2018-05-15 11:43:42','2018-04-13','2018-04-13',19513.15000000,'(CustomerInvoicePayment)',1,4,NULL,'VIR',NULL,NULL,0,NULL,0,NULL,'COURBON',NULL),(74,'2018-07-06 12:02:25','2018-07-06 10:02:25','2018-07-06','2018-07-06',7680.00000000,'(CustomerInvoicePayment)',1,4,NULL,'VIR',NULL,NULL,0,NULL,0,NULL,'COURBON',NULL),(75,'2018-07-06 12:04:10','2018-07-06 10:04:10','2018-07-06','2018-07-06',37020.00000000,'(CustomerInvoicePayment)',1,4,NULL,'VIR',NULL,NULL,0,NULL,0,NULL,'COURBON',NULL),(76,'2018-07-06 12:05:36','2018-07-06 10:05:36','2018-07-06','2018-07-06',25874.42000000,'(CustomerInvoicePayment)',1,4,NULL,'VIR',NULL,NULL,0,NULL,0,NULL,'COURBON',NULL),(77,'2018-07-25 09:30:53','2018-07-25 07:30:53','2018-07-25','2018-07-25',50145.00000000,'(CustomerInvoicePayment)',1,4,NULL,'VIR',NULL,NULL,0,NULL,0,NULL,'NOVAXIOM GROUP',NULL),(78,'2018-07-25 09:32:35','2018-07-25 07:32:35','2018-07-25','2018-07-25',29101.20000000,'(CustomerInvoicePayment)',1,4,NULL,'VIR',NULL,NULL,0,NULL,0,NULL,'CEGID',NULL),(79,'2018-07-25 09:33:42','2018-07-25 07:33:42','2018-07-25','2018-07-25',10584.00000000,'(CustomerInvoicePayment)',1,4,NULL,'VIR',NULL,NULL,0,NULL,0,NULL,'COURBON',NULL),(80,'2018-08-23 11:41:46','2018-08-23 09:41:46','2018-08-23','2018-08-23',29695.39000000,'(CustomerInvoicePayment)',1,4,NULL,'VIR',NULL,NULL,0,NULL,0,NULL,'COURBON',NULL),(81,'2018-08-23 14:26:49','2018-08-23 12:26:49','2018-08-23','2018-08-23',8379.23000000,'(CustomerInvoicePayment)',1,4,NULL,'VIR',NULL,NULL,0,NULL,0,NULL,'COURBON',NULL),(82,'2018-09-12 11:00:40','2018-09-12 09:00:40','2018-09-12','2018-09-12',18028.80000000,'(CustomerInvoicePayment)',1,4,NULL,'VIR',NULL,NULL,0,NULL,0,NULL,'CEGID',NULL),(83,'2018-09-12 11:01:42','2018-09-12 09:01:42','2018-09-12','2018-09-12',29125.80000000,'(CustomerInvoicePayment)',1,4,NULL,'VIR',NULL,NULL,0,NULL,0,NULL,'CEGID',NULL),(84,'2018-09-12 11:02:23','2018-09-12 09:02:23','2018-09-12','2018-09-12',9.00000000,'(CustomerInvoicePayment)',1,4,NULL,'VIR',NULL,NULL,0,NULL,0,NULL,'CEGID',NULL),(85,'2018-09-12 11:03:45','2018-09-12 09:03:45','2018-09-12','2018-09-12',32661.73000000,'(CustomerInvoicePayment)',1,4,NULL,'VIR',NULL,NULL,0,NULL,0,NULL,'COURBON',NULL),(86,'2018-09-18 17:08:31','2018-09-18 15:08:31','2018-09-18','2018-09-18',31074.00000000,'(CustomerInvoicePayment)',1,4,NULL,'VIR',NULL,NULL,0,NULL,0,NULL,'NOVAXIOM GROUP',NULL),(87,'2018-09-18 17:09:29','2018-09-18 15:09:29','2018-09-18','2018-09-18',31374.00000000,'(CustomerInvoicePayment)',1,4,NULL,'VIR',NULL,NULL,0,NULL,0,NULL,'NOVAXIOM GROUP',NULL),(88,'2018-10-12 13:33:32','2018-10-12 11:33:32','2018-10-12','2018-10-12',16758.71000000,'(CustomerInvoicePayment)',1,4,NULL,'VIR',NULL,NULL,0,NULL,0,NULL,'COURBON',NULL),(89,'2018-10-12 13:34:30','2018-10-12 11:34:30','2018-10-12','2018-10-12',8592.60000000,'(CustomerInvoicePayment)',1,4,NULL,'VIR',NULL,NULL,0,NULL,0,NULL,'CEGID',NULL),(90,'2018-10-12 16:37:42','2018-10-12 14:37:42','2018-10-12','2018-10-12',4857.60000000,'(CustomerInvoicePayment)',1,4,NULL,'VIR',NULL,NULL,0,NULL,0,NULL,'ANDROS et Compagnie',NULL),(91,'2018-10-12 16:41:31','2018-10-12 14:41:31','2018-10-12','2018-10-12',7536.00000000,'(CustomerInvoicePayment)',1,4,NULL,'VIR',NULL,NULL,0,NULL,0,NULL,'ANDROS SNC',NULL),(92,'2018-10-17 15:23:51','2018-10-17 13:23:51','2018-10-17','2018-10-17',30756.00000000,'(CustomerInvoicePayment)',1,4,NULL,'VIR',NULL,NULL,0,NULL,0,NULL,'NOVAXIOM GROUP',NULL);

--
-- Table structure for table `llx_bank_account`
--

CREATE TABLE `llx_bank_account` (
  `rowid` int(11) NOT NULL AUTO_INCREMENT,
  `datec` datetime DEFAULT NULL,
  `tms` timestamp NOT NULL DEFAULT CURRENT_TIMESTAMP ON UPDATE CURRENT_TIMESTAMP,
  `ref` varchar(12) NOT NULL,
  `label` varchar(30) NOT NULL,
  `entity` int(11) NOT NULL DEFAULT '1',
  `bank` varchar(60) DEFAULT NULL,
  `code_banque` varchar(8) DEFAULT NULL,
  `code_guichet` varchar(6) DEFAULT NULL,
  `number` varchar(255) DEFAULT NULL,
  `cle_rib` varchar(5) DEFAULT NULL,
  `bic` varchar(11) DEFAULT NULL,
  `iban_prefix` varchar(34) DEFAULT NULL,
  `country_iban` varchar(2) DEFAULT NULL,
  `cle_iban` varchar(2) DEFAULT NULL,
  `domiciliation` varchar(255) DEFAULT NULL,
  `state_id` int(11) DEFAULT NULL,
  `fk_pays` int(11) NOT NULL,
  `proprio` varchar(60) DEFAULT NULL,
  `owner_address` varchar(255) DEFAULT NULL,
  `courant` smallint(6) NOT NULL DEFAULT '0',
  `clos` smallint(6) NOT NULL DEFAULT '0',
  `rappro` smallint(6) DEFAULT '1',
  `url` varchar(128) DEFAULT NULL,
  `account_number` varchar(32) DEFAULT NULL,
  `accountancy_journal` varchar(3) DEFAULT NULL,
  `currency_code` varchar(3) NOT NULL,
  `min_allowed` int(11) DEFAULT '0',
  `min_desired` int(11) DEFAULT '0',
  `comment` text,
  `fk_user_author` int(11) DEFAULT NULL,
  `fk_user_modif` int(11) DEFAULT NULL,
  PRIMARY KEY (`rowid`),
  UNIQUE KEY `uk_bank_account_label` (`label`,`entity`)
) ENGINE=InnoDB AUTO_INCREMENT=2 DEFAULT CHARSET=utf8;

--
-- Dumping data for table `llx_bank_account`
--

INSERT INTO `llx_bank_account` (`rowid`, `datec`, `tms`, `ref`, `label`, `entity`, `bank`, `code_banque`, `code_guichet`, `number`, `cle_rib`, `bic`, `iban_prefix`, `country_iban`, `cle_iban`, `domiciliation`, `state_id`, `fk_pays`, `proprio`, `owner_address`, `courant`, `clos`, `rappro`, `url`, `account_number`, `accountancy_journal`, `currency_code`, `min_allowed`, `min_desired`, `comment`, `fk_user_author`, `fk_user_modif`) VALUES (1,'2014-10-04 18:53:29','2016-01-29 12:46:49','CIC','Compte courant',1,'CIC','1009','','','','CMCIFRPP','FR76 1009 6180 0400 0748 1840 136',NULL,NULL,'',NULL,1,'NEXiiUM','',1,0,1,NULL,'','','EUR',0,0,'',NULL,NULL);

--
-- Table structure for table `llx_bank_account_extrafields`
--

CREATE TABLE `llx_bank_account_extrafields` (
  `rowid` int(11) NOT NULL AUTO_INCREMENT,
  `tms` timestamp NOT NULL DEFAULT CURRENT_TIMESTAMP ON UPDATE CURRENT_TIMESTAMP,
  `fk_object` int(11) NOT NULL,
  `import_key` varchar(14) DEFAULT NULL,
  PRIMARY KEY (`rowid`),
  KEY `idx_bank_account_extrafields` (`fk_object`)
) ENGINE=InnoDB DEFAULT CHARSET=utf8;

--
-- Dumping data for table `llx_bank_account_extrafields`
--


--
-- Table structure for table `llx_bank_categ`
--

CREATE TABLE `llx_bank_categ` (
  `rowid` int(11) NOT NULL AUTO_INCREMENT,
  `label` varchar(255) DEFAULT NULL,
  `entity` int(11) NOT NULL DEFAULT '1',
  PRIMARY KEY (`rowid`)
) ENGINE=InnoDB DEFAULT CHARSET=utf8;

--
-- Dumping data for table `llx_bank_categ`
--


--
-- Table structure for table `llx_bank_class`
--

CREATE TABLE `llx_bank_class` (
  `lineid` int(11) NOT NULL,
  `fk_categ` int(11) NOT NULL,
  UNIQUE KEY `uk_bank_class_lineid` (`lineid`,`fk_categ`)
) ENGINE=InnoDB DEFAULT CHARSET=utf8;

--
-- Dumping data for table `llx_bank_class`
--


--
-- Table structure for table `llx_bank_url`
--

CREATE TABLE `llx_bank_url` (
  `rowid` int(11) NOT NULL AUTO_INCREMENT,
  `fk_bank` int(11) DEFAULT NULL,
  `url_id` int(11) DEFAULT NULL,
  `url` varchar(255) DEFAULT NULL,
  `label` varchar(255) DEFAULT NULL,
  `type` varchar(24) NOT NULL,
  PRIMARY KEY (`rowid`),
  UNIQUE KEY `uk_bank_url` (`fk_bank`,`type`)
) ENGINE=InnoDB AUTO_INCREMENT=183 DEFAULT CHARSET=utf8;

--
-- Dumping data for table `llx_bank_url`
--

INSERT INTO `llx_bank_url` (`rowid`, `fk_bank`, `url_id`, `url`, `label`, `type`) VALUES (1,2,1,'/dolibarr/htdocs/compta/paiement/card.php?id=','(paiement)','payment'),(2,2,5,'/dolibarr/htdocs/comm/card.php?socid=','NOVAXIOM GROUP','company'),(3,3,2,'/dolibarr/htdocs/compta/paiement/card.php?id=','(paiement)','payment'),(4,3,2,'/dolibarr/htdocs/comm/card.php?socid=','ORCHESTRA - PREMAMAN','company'),(5,4,3,'/dolibarr/htdocs/compta/paiement/card.php?id=','(paiement)','payment'),(6,4,5,'/dolibarr/htdocs/comm/card.php?socid=','NOVAXIOM GROUP','company'),(7,5,4,'/dolibarr/htdocs/compta/paiement/card.php?id=','(paiement)','payment'),(8,5,5,'/dolibarr/htdocs/comm/card.php?socid=','NOVAXIOM GROUP','company'),(9,6,5,'/dolibarr/htdocs/compta/paiement/card.php?id=','(paiement)','payment'),(10,6,5,'/dolibarr/htdocs/comm/card.php?socid=','NOVAXIOM GROUP','company'),(11,7,6,'/dolibarr/htdocs/compta/paiement/card.php?id=','(paiement)','payment'),(12,7,5,'/dolibarr/htdocs/comm/card.php?socid=','NOVAXIOM GROUP','company'),(13,8,7,'/dolibarr/htdocs/compta/paiement/card.php?id=','(paiement)','payment'),(14,8,5,'/dolibarr/htdocs/comm/card.php?socid=','NOVAXIOM GROUP','company'),(15,9,8,'/dolibarr/htdocs/compta/paiement/card.php?id=','(paiement)','payment'),(16,9,5,'/dolibarr/htdocs/comm/card.php?socid=','NOVAXIOM GROUP','company'),(17,10,9,'/dolibarr/htdocs/compta/paiement/card.php?id=','(paiement)','payment'),(18,10,5,'/dolibarr/htdocs/comm/card.php?socid=','NOVAXIOM GROUP','company'),(19,11,10,'/dolibarr/htdocs/compta/paiement/card.php?id=','(paiement)','payment'),(20,11,7,'/dolibarr/htdocs/comm/card.php?socid=','SPC CONSULTANTS','company'),(21,12,11,'/dolibarr/htdocs/compta/paiement/card.php?id=','(paiement)','payment'),(22,12,5,'/dolibarr/htdocs/comm/card.php?socid=','NOVAXIOM GROUP','company'),(23,13,12,'/dolibarr/htdocs/compta/paiement/card.php?id=','(paiement)','payment'),(24,13,5,'/dolibarr/htdocs/comm/card.php?socid=','NOVAXIOM GROUP','company'),(25,14,13,'/dolibarr/htdocs/compta/paiement/card.php?id=','(paiement)','payment'),(26,14,2,'/dolibarr/htdocs/comm/card.php?socid=','ORCHESTRA - PREMAMAN','company'),(27,15,14,'/dolibarr/htdocs/compta/paiement/card.php?id=','(paiement)','payment'),(28,15,5,'/dolibarr/htdocs/comm/card.php?socid=','NOVAXIOM GROUP','company'),(29,16,15,'/dolibarr/htdocs/compta/paiement/card.php?id=','(paiement)','payment'),(30,16,5,'/dolibarr/htdocs/comm/card.php?socid=','NOVAXIOM GROUP','company'),(31,17,16,'/dolibarr/htdocs/compta/paiement/card.php?id=','(paiement)','payment'),(32,17,2,'/dolibarr/htdocs/comm/card.php?socid=','ORCHESTRA - PREMAMAN','company'),(33,18,17,'/dolibarr/htdocs/compta/paiement/card.php?id=','(paiement)','payment'),(34,18,5,'/dolibarr/htdocs/comm/card.php?socid=','NOVAXIOM GROUP','company'),(35,19,18,'/dolibarr/htdocs/compta/paiement/card.php?id=','(paiement)','payment'),(36,19,2,'/dolibarr/htdocs/comm/card.php?socid=','ORCHESTRA - PREMAMAN','company'),(37,20,19,'/dolibarr/htdocs/compta/paiement/card.php?id=','(paiement)','payment'),(38,20,2,'/dolibarr/htdocs/comm/card.php?socid=','ORCHESTRA - PREMAMAN','company'),(39,21,20,'/dolibarr/htdocs/compta/paiement/card.php?id=','(paiement)','payment'),(40,21,5,'/dolibarr/htdocs/comm/card.php?socid=','NOVAXIOM GROUP','company'),(41,22,21,'/dolibarr/htdocs/compta/paiement/card.php?id=','(paiement)','payment'),(42,22,2,'/dolibarr/htdocs/comm/card.php?socid=','ORCHESTRA - PREMAMAN','company'),(43,23,22,'/dolibarr/htdocs/compta/paiement/card.php?id=','(paiement)','payment'),(44,23,2,'/dolibarr/htdocs/comm/card.php?socid=','ORCHESTRA - PREMAMAN','company'),(45,24,23,'/dolibarr/htdocs/compta/paiement/card.php?id=','(paiement)','payment'),(46,24,5,'/dolibarr/htdocs/comm/card.php?socid=','NOVAXIOM GROUP','company'),(47,25,24,'/dolibarr/htdocs/compta/paiement/card.php?id=','(paiement)','payment'),(48,25,8,'/dolibarr/htdocs/comm/card.php?socid=','COURBON','company'),(49,26,25,'/dolibarr/htdocs/compta/paiement/card.php?id=','(paiement)','payment'),(50,26,5,'/dolibarr/htdocs/comm/card.php?socid=','NOVAXIOM GROUP','company'),(51,27,26,'/dolibarr/htdocs/compta/paiement/card.php?id=','(paiement)','payment'),(52,27,2,'/dolibarr/htdocs/comm/card.php?socid=','ORCHESTRA - PREMAMAN','company'),(53,28,27,'/dolibarr/htdocs/compta/paiement/card.php?id=','(paiement)','payment'),(54,28,5,'/dolibarr/htdocs/comm/card.php?socid=','NOVAXIOM GROUP','company'),(55,29,28,'/dolibarr/htdocs/compta/paiement/card.php?id=','(paiement)','payment'),(56,29,2,'/dolibarr/htdocs/comm/card.php?socid=','ORCHESTRA - PREMAMAN','company'),(57,30,29,'/dolibarr/htdocs/compta/paiement/card.php?id=','(paiement)','payment'),(58,30,5,'/dolibarr/htdocs/comm/card.php?socid=','NOVAXIOM GROUP','company'),(59,31,30,'/dolibarr/htdocs/compta/paiement/card.php?id=','(paiement)','payment'),(60,31,2,'/dolibarr/htdocs/comm/card.php?socid=','ORCHESTRA - PREMAMAN','company'),(61,32,31,'/dolibarr/htdocs/compta/paiement/card.php?id=','(paiement)','payment'),(62,32,5,'/dolibarr/htdocs/comm/card.php?socid=','NOVAXIOM GROUP','company'),(63,33,32,'/dolibarr/htdocs/compta/paiement/card.php?id=','(paiement)','payment'),(64,33,2,'/dolibarr/htdocs/comm/card.php?socid=','ORCHESTRA - PREMAMAN','company'),(65,34,33,'/dolibarr/htdocs/compta/paiement/card.php?id=','(paiement)','payment'),(66,34,8,'/dolibarr/htdocs/comm/card.php?socid=','COURBON','company'),(67,35,34,'/dolibarr/htdocs/compta/paiement/card.php?id=','(paiement)','payment'),(68,35,5,'/dolibarr/htdocs/comm/card.php?socid=','NOVAXIOM GROUP','company'),(69,36,35,'/dolibarr/htdocs/compta/paiement/card.php?id=','(paiement)','payment'),(70,36,10,'/dolibarr/htdocs/comm/card.php?socid=','ANDROS et Compagnie','company'),(71,37,36,'/dolibarr/htdocs/compta/paiement/card.php?id=','(paiement)','payment'),(72,37,2,'/dolibarr/htdocs/comm/card.php?socid=','ORCHESTRA - PREMAMAN','company'),(73,38,37,'/dolibarr/htdocs/compta/paiement/card.php?id=','(paiement)','payment'),(74,38,5,'/dolibarr/htdocs/comm/card.php?socid=','NOVAXIOM GROUP','company'),(75,39,38,'/dolibarr/htdocs/compta/paiement/card.php?id=','(paiement)','payment'),(76,39,9,'/dolibarr/htdocs/comm/card.php?socid=','CEGID','company'),(77,40,39,'/dolibarr/htdocs/compta/paiement/card.php?id=','(paiement)','payment'),(78,40,8,'/dolibarr/htdocs/comm/card.php?socid=','COURBON','company'),(79,41,40,'/dolibarr/htdocs/compta/paiement/card.php?id=','(paiement)','payment'),(80,41,8,'/dolibarr/htdocs/comm/card.php?socid=','COURBON','company'),(81,42,41,'/dolibarr/htdocs/compta/paiement/card.php?id=','(paiement)','payment'),(82,42,12,'/dolibarr/htdocs/comm/card.php?socid=','CONCERTO RH','company'),(83,43,42,'/dolibarr/htdocs/compta/paiement/card.php?id=','(paiement)','payment'),(84,43,5,'/dolibarr/htdocs/comm/card.php?socid=','NOVAXIOM GROUP','company'),(85,44,43,'/dolibarr/htdocs/compta/paiement/card.php?id=','(paiement)','payment'),(86,44,5,'/dolibarr/htdocs/comm/card.php?socid=','NOVAXIOM GROUP','company'),(87,45,44,'/dolibarr/htdocs/compta/paiement/card.php?id=','(paiement)','payment'),(88,45,9,'/dolibarr/htdocs/comm/card.php?socid=','CEGID','company'),(89,46,45,'/dolibarr/htdocs/compta/paiement/card.php?id=','(paiement)','payment'),(90,46,9,'/dolibarr/htdocs/comm/card.php?socid=','CEGID','company'),(91,47,46,'/dolibarr/htdocs/compta/paiement/card.php?id=','(paiement)','payment'),(92,47,2,'/dolibarr/htdocs/comm/card.php?socid=','ORCHESTRA - PREMAMAN','company'),(93,48,47,'/dolibarr/htdocs/compta/paiement/card.php?id=','(paiement)','payment'),(94,48,9,'/dolibarr/htdocs/comm/card.php?socid=','CEGID','company'),(95,49,48,'/dolibarr/htdocs/compta/paiement/card.php?id=','(paiement)','payment'),(96,49,9,'/dolibarr/htdocs/comm/card.php?socid=','CEGID','company'),(97,50,49,'/dolibarr/htdocs/compta/paiement/card.php?id=','(paiement)','payment'),(98,50,8,'/dolibarr/htdocs/comm/card.php?socid=','COURBON','company'),(99,51,50,'/dolibarr/htdocs/compta/paiement/card.php?id=','(paiement)','payment'),(100,51,5,'/dolibarr/htdocs/comm/card.php?socid=','NOVAXIOM GROUP','company'),(101,52,51,'/dolibarr/htdocs/compta/paiement/card.php?id=','(paiement)','payment'),(102,52,2,'/dolibarr/htdocs/comm/card.php?socid=','ORCHESTRA - PREMAMAN','company'),(103,53,52,'/dolibarr/htdocs/compta/paiement/card.php?id=','(paiement)','payment'),(104,53,8,'/dolibarr/htdocs/comm/card.php?socid=','COURBON','company'),(105,54,53,'/dolibarr/htdocs/compta/paiement/card.php?id=','(paiement)','payment'),(106,54,8,'/dolibarr/htdocs/comm/card.php?socid=','COURBON','company'),(107,55,54,'/dolibarr/htdocs/compta/paiement/card.php?id=','(paiement)','payment'),(108,55,5,'/dolibarr/htdocs/comm/card.php?socid=','NOVAXIOM GROUP','company'),(109,56,55,'/dolibarr/htdocs/compta/paiement/card.php?id=','(paiement)','payment'),(110,56,9,'/dolibarr/htdocs/comm/card.php?socid=','CEGID','company'),(111,57,56,'/dolibarr/htdocs/compta/paiement/card.php?id=','(paiement)','payment'),(112,57,5,'/dolibarr/htdocs/comm/card.php?socid=','NOVAXIOM GROUP','company'),(113,58,57,'/dolibarr/htdocs/compta/paiement/card.php?id=','(paiement)','payment'),(114,58,9,'/dolibarr/htdocs/comm/card.php?socid=','CEGID','company'),(115,59,58,'/dolibarr/htdocs/compta/paiement/card.php?id=','(paiement)','payment'),(116,59,5,'/dolibarr/htdocs/comm/card.php?socid=','NOVAXIOM GROUP','company'),(117,60,59,'/dolibarr/htdocs/compta/paiement/card.php?id=','(paiement)','payment'),(118,60,8,'/dolibarr/htdocs/comm/card.php?socid=','COURBON','company'),(119,61,60,'/dolibarr/htdocs/compta/paiement/card.php?id=','(paiement)','payment'),(120,61,8,'/dolibarr/htdocs/comm/card.php?socid=','COURBON','company'),(121,62,61,'/dolibarr/htdocs/compta/paiement/card.php?id=','(paiement)','payment'),(122,62,9,'/dolibarr/htdocs/comm/card.php?socid=','CEGID','company'),(123,63,62,'/dolibarr/htdocs/compta/paiement/card.php?id=','(paiement)','payment'),(124,63,8,'/dolibarr/htdocs/comm/card.php?socid=','COURBON','company'),(125,64,63,'/dolibarr/htdocs/compta/paiement/card.php?id=','(paiement)','payment'),(126,64,5,'/dolibarr/htdocs/comm/card.php?socid=','NOVAXIOM GROUP','company'),(127,65,64,'/dolibarr/htdocs/compta/paiement/card.php?id=','(paiement)','payment'),(128,65,9,'/dolibarr/htdocs/comm/card.php?socid=','CEGID','company'),(129,66,65,'/dolibarr/htdocs/compta/paiement/card.php?id=','(paiement)','payment'),(130,66,8,'/dolibarr/htdocs/comm/card.php?socid=','COURBON','company'),(131,67,66,'/dolibarr/htdocs/compta/paiement/card.php?id=','(paiement)','payment'),(132,67,5,'/dolibarr/htdocs/comm/card.php?socid=','NOVAXIOM GROUP','company'),(133,68,67,'/dolibarr/htdocs/compta/paiement/card.php?id=','(paiement)','payment'),(134,68,5,'/dolibarr/htdocs/comm/card.php?socid=','NOVAXIOM GROUP','company'),(135,69,68,'/dolibarr/htdocs/compta/paiement/card.php?id=','(paiement)','payment'),(136,69,8,'/dolibarr/htdocs/comm/card.php?socid=','COURBON','company'),(137,70,69,'/dolibarr/htdocs/compta/paiement/card.php?id=','(paiement)','payment'),(138,70,9,'/dolibarr/htdocs/comm/card.php?socid=','CEGID','company'),(139,71,70,'/dolibarr/htdocs/compta/paiement/card.php?id=','(paiement)','payment'),(140,71,5,'/dolibarr/htdocs/comm/card.php?socid=','NOVAXIOM GROUP','company'),(141,72,71,'/dolibarr/htdocs/compta/paiement/card.php?id=','(paiement)','payment'),(142,72,9,'/dolibarr/htdocs/comm/card.php?socid=','CEGID','company'),(143,73,72,'/dolibarr/htdocs/compta/paiement/card.php?id=','(paiement)','payment'),(144,73,8,'/dolibarr/htdocs/comm/card.php?socid=','COURBON','company'),(145,74,73,'/dolibarr/htdocs/compta/paiement/card.php?id=','(paiement)','payment'),(146,74,8,'/dolibarr/htdocs/comm/card.php?socid=','COURBON','company'),(147,75,74,'/dolibarr/htdocs/compta/paiement/card.php?id=','(paiement)','payment'),(148,75,8,'/dolibarr/htdocs/comm/card.php?socid=','COURBON','company'),(149,76,75,'/dolibarr/htdocs/compta/paiement/card.php?id=','(paiement)','payment'),(150,76,8,'/dolibarr/htdocs/comm/card.php?socid=','COURBON','company'),(151,77,76,'/dolibarr/htdocs/compta/paiement/card.php?id=','(paiement)','payment'),(152,77,5,'/dolibarr/htdocs/comm/card.php?socid=','NOVAXIOM GROUP','company'),(153,78,77,'/dolibarr/htdocs/compta/paiement/card.php?id=','(paiement)','payment'),(154,78,9,'/dolibarr/htdocs/comm/card.php?socid=','CEGID','company'),(155,79,78,'/dolibarr/htdocs/compta/paiement/card.php?id=','(paiement)','payment'),(156,79,8,'/dolibarr/htdocs/comm/card.php?socid=','COURBON','company'),(157,80,79,'/dolibarr/htdocs/compta/paiement/card.php?id=','(paiement)','payment'),(158,80,8,'/dolibarr/htdocs/comm/card.php?socid=','COURBON','company'),(159,81,80,'/dolibarr/htdocs/compta/paiement/card.php?id=','(paiement)','payment'),(160,81,8,'/dolibarr/htdocs/comm/card.php?socid=','COURBON','company'),(161,82,81,'/dolibarr/htdocs/compta/paiement/card.php?id=','(paiement)','payment'),(162,82,9,'/dolibarr/htdocs/comm/card.php?socid=','CEGID','company'),(163,83,82,'/dolibarr/htdocs/compta/paiement/card.php?id=','(paiement)','payment'),(164,83,9,'/dolibarr/htdocs/comm/card.php?socid=','CEGID','company'),(165,84,83,'/dolibarr/htdocs/compta/paiement/card.php?id=','(paiement)','payment'),(166,84,9,'/dolibarr/htdocs/comm/card.php?socid=','CEGID','company'),(167,85,84,'/dolibarr/htdocs/compta/paiement/card.php?id=','(paiement)','payment'),(168,85,8,'/dolibarr/htdocs/comm/card.php?socid=','COURBON','company'),(169,86,85,'/dolibarr/htdocs/compta/paiement/card.php?id=','(paiement)','payment'),(170,86,5,'/dolibarr/htdocs/comm/card.php?socid=','NOVAXIOM GROUP','company'),(171,87,86,'/dolibarr/htdocs/compta/paiement/card.php?id=','(paiement)','payment'),(172,87,5,'/dolibarr/htdocs/comm/card.php?socid=','NOVAXIOM GROUP','company'),(173,88,87,'/dolibarr/htdocs/compta/paiement/card.php?id=','(paiement)','payment'),(174,88,8,'/dolibarr/htdocs/comm/card.php?socid=','COURBON','company'),(175,89,88,'/dolibarr/htdocs/compta/paiement/card.php?id=','(paiement)','payment'),(176,89,9,'/dolibarr/htdocs/comm/card.php?socid=','CEGID','company'),(177,90,89,'/dolibarr/htdocs/compta/paiement/card.php?id=','(paiement)','payment'),(178,90,10,'/dolibarr/htdocs/comm/card.php?socid=','ANDROS et Compagnie','company'),(179,91,90,'/dolibarr/htdocs/compta/paiement/card.php?id=','(paiement)','payment'),(180,91,13,'/dolibarr/htdocs/comm/card.php?socid=','ANDROS SNC','company'),(181,92,91,'/dolibarr/htdocs/compta/paiement/card.php?id=','(paiement)','payment'),(182,92,5,'/dolibarr/htdocs/comm/card.php?socid=','NOVAXIOM GROUP','company');

--
-- Table structure for table `llx_bookmark`
--

CREATE TABLE `llx_bookmark` (
  `rowid` int(11) NOT NULL AUTO_INCREMENT,
  `fk_soc` int(11) DEFAULT NULL,
  `fk_user` int(11) NOT NULL,
  `dateb` datetime DEFAULT NULL,
  `url` varchar(255) NOT NULL,
  `target` varchar(16) DEFAULT NULL,
  `title` varchar(64) DEFAULT NULL,
  `favicon` varchar(24) DEFAULT NULL,
  `position` int(11) DEFAULT '0',
  `entity` int(11) NOT NULL DEFAULT '1',
  PRIMARY KEY (`rowid`),
  UNIQUE KEY `uk_bookmark_url` (`fk_user`,`url`),
  UNIQUE KEY `uk_bookmark_title` (`fk_user`,`title`)
) ENGINE=InnoDB DEFAULT CHARSET=utf8;

--
-- Dumping data for table `llx_bookmark`
--


--
-- Table structure for table `llx_bordereau_cheque`
--

CREATE TABLE `llx_bordereau_cheque` (
  `rowid` int(11) NOT NULL AUTO_INCREMENT,
  `number` varchar(16) NOT NULL,
  `ref_ext` varchar(255) DEFAULT NULL,
  `datec` datetime NOT NULL,
  `date_bordereau` date DEFAULT NULL,
  `amount` double(24,8) NOT NULL,
  `nbcheque` smallint(6) NOT NULL,
  `fk_bank_account` int(11) DEFAULT NULL,
  `fk_user_author` int(11) DEFAULT NULL,
  `statut` smallint(6) NOT NULL DEFAULT '0',
  `tms` timestamp NOT NULL DEFAULT CURRENT_TIMESTAMP ON UPDATE CURRENT_TIMESTAMP,
  `note` text,
  `entity` int(11) NOT NULL DEFAULT '1',
  PRIMARY KEY (`rowid`),
  UNIQUE KEY `uk_bordereau_cheque` (`number`,`entity`)
) ENGINE=InnoDB DEFAULT CHARSET=utf8;

--
-- Dumping data for table `llx_bordereau_cheque`
--


--
-- Table structure for table `llx_boxes`
--

CREATE TABLE `llx_boxes` (
  `rowid` int(11) NOT NULL AUTO_INCREMENT,
  `entity` int(11) NOT NULL DEFAULT '1',
  `box_id` int(11) NOT NULL,
  `position` smallint(6) NOT NULL,
  `box_order` varchar(3) NOT NULL,
  `fk_user` int(11) NOT NULL DEFAULT '0',
  `maxline` int(11) DEFAULT NULL,
  `params` varchar(255) DEFAULT NULL,
  PRIMARY KEY (`rowid`),
  UNIQUE KEY `uk_boxes` (`entity`,`box_id`,`position`,`fk_user`),
  KEY `idx_boxes_boxid` (`box_id`),
  KEY `idx_boxes_fk_user` (`fk_user`),
  CONSTRAINT `fk_boxes_box_id` FOREIGN KEY (`box_id`) REFERENCES `llx_boxes_def` (`rowid`)
) ENGINE=InnoDB AUTO_INCREMENT=48 DEFAULT CHARSET=utf8;

--
-- Dumping data for table `llx_boxes`
--

INSERT INTO `llx_boxes` (`rowid`, `entity`, `box_id`, `position`, `box_order`, `fk_user`, `maxline`, `params`) VALUES (2,1,2,0,'A15',0,NULL,NULL),(4,1,4,0,'A17',0,NULL,NULL),(7,1,7,0,'B18',0,NULL,NULL),(8,1,8,0,'A19',0,NULL,NULL),(9,1,9,0,'B20',0,NULL,NULL),(11,1,11,0,'B22',0,NULL,NULL),(13,1,13,0,'A23',0,NULL,NULL),(14,1,14,0,'B24',0,NULL,NULL),(15,1,15,0,'B14',0,NULL,NULL),(16,1,16,0,'A13',0,NULL,NULL),(17,1,17,0,'B12',0,NULL,NULL),(18,1,18,0,'B02',0,NULL,NULL),(21,1,21,0,'A05',0,NULL,NULL),(23,1,23,0,'A07',0,NULL,NULL),(27,1,27,0,'B08',0,NULL,NULL),(28,1,28,0,'A09',0,NULL,NULL),(31,1,31,0,'A25',0,NULL,NULL),(32,1,21,0,'A01',4,NULL,NULL),(33,1,23,0,'A02',4,NULL,NULL),(34,1,28,0,'A03',4,NULL,NULL),(35,1,16,0,'A04',4,NULL,NULL),(36,1,2,0,'A05',4,NULL,NULL),(37,1,8,0,'A06',4,NULL,NULL),(38,1,13,0,'A07',4,NULL,NULL),(39,1,31,0,'A08',4,NULL,NULL),(40,1,18,0,'B01',4,NULL,NULL),(41,1,27,0,'B02',4,NULL,NULL),(42,1,17,0,'B03',4,NULL,NULL),(43,1,15,0,'B04',4,NULL,NULL),(44,1,7,0,'B05',4,NULL,NULL),(45,1,9,0,'B06',4,NULL,NULL),(46,1,11,0,'B07',4,NULL,NULL),(47,1,14,0,'B08',4,NULL,NULL);

--
-- Table structure for table `llx_boxes_def`
--

CREATE TABLE `llx_boxes_def` (
  `rowid` int(11) NOT NULL AUTO_INCREMENT,
  `file` varchar(200) NOT NULL,
  `entity` int(11) NOT NULL DEFAULT '1',
  `tms` timestamp NOT NULL DEFAULT CURRENT_TIMESTAMP ON UPDATE CURRENT_TIMESTAMP,
  `note` varchar(130) DEFAULT NULL,
  PRIMARY KEY (`rowid`),
  UNIQUE KEY `uk_boxes_def` (`file`,`entity`,`note`)
) ENGINE=InnoDB AUTO_INCREMENT=32 DEFAULT CHARSET=utf8;

--
-- Dumping data for table `llx_boxes_def`
--

INSERT INTO `llx_boxes_def` (`rowid`, `file`, `entity`, `tms`, `note`) VALUES (1,'box_clients.php',1,'2014-10-01 15:07:43',NULL),(2,'box_prospect.php',1,'2014-10-01 15:07:43',NULL),(3,'box_contacts.php',1,'2014-10-01 15:07:43',NULL),(4,'box_activity.php',1,'2014-10-01 15:07:43','(WarningUsingThisBoxSlowDown)'),(7,'box_commandes.php',1,'2014-10-01 15:07:51',NULL),(8,'box_graph_orders_permonth.php',1,'2014-10-01 15:07:51',NULL),(9,'box_contracts.php',1,'2014-10-01 15:07:58',NULL),(10,'box_services_expired.php',1,'2014-10-01 15:07:58',NULL),(11,'box_services_contracts.php',1,'2014-10-01 15:07:58',NULL),(13,'box_ficheinter.php',1,'2014-10-01 15:08:01',NULL),(14,'box_factures_imp.php',1,'2014-10-01 15:08:16',NULL),(15,'box_factures.php',1,'2014-10-01 15:08:16',NULL),(16,'box_graph_invoices_permonth.php',1,'2014-10-01 15:08:16',NULL),(17,'box_comptes.php',1,'2014-10-01 15:08:16',NULL),(18,'box_graph_invoices_supplier_permonth.php',1,'2014-10-01 15:09:06',NULL),(19,'box_graph_orders_supplier_permonth.php',1,'2014-10-01 15:09:06',NULL),(20,'box_fournisseurs.php',1,'2014-10-01 15:09:06',NULL),(21,'box_factures_fourn_imp.php',1,'2014-10-01 15:09:06',NULL),(22,'box_factures_fourn.php',1,'2014-10-01 15:09:06',NULL),(23,'box_supplier_orders.php',1,'2014-10-01 15:09:06',NULL),(27,'box_graph_propales_permonth.php',1,'2014-10-01 15:10:08',NULL),(28,'box_propales.php',1,'2014-10-01 15:10:08',NULL),(29,'box_produits.php',1,'2014-10-01 15:10:09',NULL),(30,'box_produits_alerte_stock.php',1,'2014-10-01 15:10:09',NULL),(31,'box_graph_product_distribution.php',1,'2014-10-01 15:10:09',NULL);

--
-- Table structure for table `llx_c_action_trigger`
--

CREATE TABLE `llx_c_action_trigger` (
  `rowid` int(11) NOT NULL AUTO_INCREMENT,
  `code` varchar(32) NOT NULL,
  `label` varchar(128) NOT NULL,
  `description` varchar(255) DEFAULT NULL,
  `elementtype` varchar(16) NOT NULL,
  `rang` int(11) DEFAULT '0',
  PRIMARY KEY (`rowid`),
  UNIQUE KEY `uk_action_trigger_code` (`code`),
  KEY `idx_action_trigger_rang` (`rang`)
) ENGINE=InnoDB AUTO_INCREMENT=94 DEFAULT CHARSET=utf8;

--
-- Dumping data for table `llx_c_action_trigger`
--

INSERT INTO `llx_c_action_trigger` (`rowid`, `code`, `label`, `description`, `elementtype`, `rang`) VALUES (1,'FICHINTER_VALIDATE','Intervention validated','Executed when a intervention is validated','ficheinter',19),(2,'BILL_VALIDATE','Customer invoice validated','Executed when a customer invoice is approved','facture',6),(3,'ORDER_SUPPLIER_APPROVE','Supplier order request approved','Executed when a supplier order is approved','order_supplier',12),(4,'ORDER_SUPPLIER_REFUSE','Supplier order request refused','Executed when a supplier order is refused','order_supplier',13),(5,'ORDER_VALIDATE','Customer order validate','Executed when a customer order is validated','commande',4),(6,'PROPAL_VALIDATE','Customer proposal validated','Executed when a commercial proposal is validated','propal',2),(9,'COMPANY_SENTBYMAIL','Mails sent from third party card','Executed when you send email from third party card','societe',1),(10,'COMPANY_CREATE','Third party created','Executed when a third party is created','societe',1),(11,'CONTRACT_VALIDATE','Contract validated','Executed when a contract is validated','contrat',18),(12,'PROPAL_SENTBYMAIL','Commercial proposal sent by mail','Executed when a commercial proposal is sent by mail','propal',3),(13,'ORDER_SENTBYMAIL','Customer order sent by mail','Executed when a customer order is sent by mail ','commande',5),(14,'BILL_PAYED','Customer invoice payed','Executed when a customer invoice is payed','facture',7),(15,'BILL_CANCEL','Customer invoice canceled','Executed when a customer invoice is conceled','facture',8),(16,'BILL_SENTBYMAIL','Customer invoice sent by mail','Executed when a customer invoice is sent by mail','facture',9),(17,'ORDER_SUPPLIER_VALIDATE','Supplier order validated','Executed when a supplier order is validated','order_supplier',11),(18,'ORDER_SUPPLIER_SENTBYMAIL','Supplier order sent by mail','Executed when a supplier order is sent by mail','order_supplier',14),(19,'BILL_SUPPLIER_VALIDATE','Supplier invoice validated','Executed when a supplier invoice is validated','invoice_supplier',15),(20,'BILL_SUPPLIER_PAYED','Supplier invoice payed','Executed when a supplier invoice is payed','invoice_supplier',16),(21,'BILL_SUPPLIER_SENTBYMAIL','Supplier invoice sent by mail','Executed when a supplier invoice is sent by mail','invoice_supplier',17),(22,'SHIPPING_VALIDATE','Shipping validated','Executed when a shipping is validated','shipping',20),(23,'SHIPPING_SENTBYMAIL','Shipping sent by mail','Executed when a shipping is sent by mail','shipping',21),(24,'MEMBER_VALIDATE','Member validated','Executed when a member is validated','member',22),(25,'MEMBER_SUBSCRIPTION','Member subscribed','Executed when a member is subscribed','member',23),(26,'MEMBER_RESILIATE','Member resiliated','Executed when a member is resiliated','member',24),(27,'MEMBER_DELETE','Member deleted','Executed when a member is deleted','member',25),(28,'BILL_UNVALIDATE','Customer invoice unvalidated','Executed when a customer invoice status set back to draft','facture',10),(29,'FICHINTER_SENTBYMAIL','Intervention sent by mail','Executed when a intervention is sent by mail','ficheinter',29),(30,'PROJECT_CREATE','Project creation','Executed when a project is created','project',30),(31,'PROPAL_CLOSE_SIGNED','Customer proposal closed signed','Executed when a customer proposal is closed signed','propal',31),(32,'PROPAL_CLOSE_REFUSED','Customer proposal closed refused','Executed when a customer proposal is closed refused','propal',32),(33,'BILL_SUPPLIER_CANCELED','Supplier invoice cancelled','Executed when a supplier invoice is cancelled','invoice_supplier',33),(34,'MEMBER_MODIFY','Member modified','Executed when a member is modified','member',34),(35,'TASK_CREATE','Task created','Executed when a project task is created','project',35),(36,'TASK_MODIFY','Task modified','Executed when a project task is modified','project',36),(37,'TASK_DELETE','Task deleted','Executed when a project task is deleted','project',37),(38,'FICHINTER_CLASSIFY_BILLED','Intervention set billed','Executed when a intervention is set to billed (when option FICHINTER_CLASSIFY_BILLED is set)','ficheinter',19),(39,'FICHINTER_CLASSIFY_UNBILLED','Intervention set unbilled','Executed when a intervention is set to unbilled (when option FICHINTER_CLASSIFY_BILLED is set)','ficheinter',19),(41,'FICHINTER_REOPEN','Intervention opened','Executed when a intervention is re-opened','ficheinter',19),(42,'PROPAL_CLASSIFY_BILLED','Customer proposal set billed','Executed when a customer proposal is set to billed','propal',2),(43,'ORDER_CLOSE','Customer order classify delivered','Executed when a customer order is set delivered','commande',5),(44,'ORDER_CLASSIFY_BILLED','Customer order classify billed','Executed when a customer order is set to billed','commande',5),(45,'ORDER_CANCEL','Customer order canceled','Executed when a customer order is canceled','commande',5),(93,'BILL_SUPPLIER_UNVALIDATE','Supplier invoice unvalidated','Executed when a supplier invoice status is set back to draft','invoice_supplier',15);

--
-- Table structure for table `llx_c_actioncomm`
--

CREATE TABLE `llx_c_actioncomm` (
  `id` int(11) NOT NULL,
  `code` varchar(12) NOT NULL,
  `type` varchar(10) NOT NULL DEFAULT 'system',
  `libelle` varchar(48) NOT NULL,
  `module` varchar(16) DEFAULT NULL,
  `active` tinyint(4) NOT NULL DEFAULT '1',
  `todo` tinyint(4) DEFAULT NULL,
  `position` int(11) NOT NULL DEFAULT '0',
  `color` varchar(9) DEFAULT NULL,
  PRIMARY KEY (`id`),
  UNIQUE KEY `uk_c_actioncomm` (`code`)
) ENGINE=InnoDB DEFAULT CHARSET=utf8;

--
-- Dumping data for table `llx_c_actioncomm`
--

INSERT INTO `llx_c_actioncomm` (`id`, `code`, `type`, `libelle`, `module`, `active`, `todo`, `position`, `color`) VALUES (1,'AC_TEL','system','Phone call',NULL,1,NULL,2,NULL),(2,'AC_FAX','system','Send Fax',NULL,1,NULL,3,NULL),(3,'AC_PROP','systemauto','Send commercial proposal by email','propal',0,NULL,10,NULL),(4,'AC_EMAIL','system','Send Email',NULL,1,NULL,4,NULL),(5,'AC_RDV','system','Rendez-vous',NULL,1,NULL,1,NULL),(8,'AC_COM','systemauto','Send customer order by email','order',0,NULL,8,NULL),(9,'AC_FAC','systemauto','Send customer invoice by email','invoice',0,NULL,6,NULL),(10,'AC_SHIP','systemauto','Send shipping by email','shipping',0,NULL,11,NULL),(11,'AC_INT','system','Intervention on site',NULL,1,NULL,4,NULL),(30,'AC_SUP_ORD','systemauto','Send supplier order by email','order_supplier',0,NULL,9,NULL),(31,'AC_SUP_INV','systemauto','Send supplier invoice by email','invoice_supplier',0,NULL,7,NULL),(40,'AC_OTH_AUTO','systemauto','Other (automatically inserted events)',NULL,1,NULL,20,NULL),(50,'AC_OTH','system','Other (manually inserted events)',NULL,1,NULL,5,NULL);

--
-- Table structure for table `llx_c_availability`
--

CREATE TABLE `llx_c_availability` (
  `rowid` int(11) NOT NULL AUTO_INCREMENT,
  `code` varchar(30) NOT NULL,
  `label` varchar(60) NOT NULL,
  `active` tinyint(4) NOT NULL DEFAULT '1',
  PRIMARY KEY (`rowid`),
  UNIQUE KEY `uk_c_availability` (`code`)
) ENGINE=InnoDB AUTO_INCREMENT=5 DEFAULT CHARSET=utf8;

--
-- Dumping data for table `llx_c_availability`
--

INSERT INTO `llx_c_availability` (`rowid`, `code`, `label`, `active`) VALUES (1,'AV_NOW','Immediate',1),(2,'AV_1W','1 week',1),(3,'AV_2W','2 weeks',1),(4,'AV_3W','3 weeks',1);

--
-- Table structure for table `llx_c_barcode_type`
--

CREATE TABLE `llx_c_barcode_type` (
  `rowid` int(11) NOT NULL AUTO_INCREMENT,
  `code` varchar(16) NOT NULL,
  `entity` int(11) NOT NULL DEFAULT '1',
  `libelle` varchar(50) NOT NULL,
  `coder` varchar(16) NOT NULL,
  `example` varchar(16) NOT NULL,
  PRIMARY KEY (`rowid`),
  UNIQUE KEY `uk_c_barcode_type` (`code`,`entity`)
) ENGINE=InnoDB DEFAULT CHARSET=utf8;

--
-- Dumping data for table `llx_c_barcode_type`
--


--
-- Table structure for table `llx_c_chargesociales`
--

CREATE TABLE `llx_c_chargesociales` (
  `id` int(11) NOT NULL AUTO_INCREMENT,
  `libelle` varchar(80) DEFAULT NULL,
  `deductible` smallint(6) NOT NULL DEFAULT '0',
  `active` tinyint(4) NOT NULL DEFAULT '1',
  `code` varchar(12) NOT NULL,
  `accountancy_code` varchar(32) DEFAULT NULL,
  `fk_pays` int(11) NOT NULL DEFAULT '1',
  `module` varchar(32) DEFAULT NULL,
  PRIMARY KEY (`id`)
) ENGINE=InnoDB AUTO_INCREMENT=231 DEFAULT CHARSET=utf8;

--
-- Dumping data for table `llx_c_chargesociales`
--

INSERT INTO `llx_c_chargesociales` (`id`, `libelle`, `deductible`, `active`, `code`, `accountancy_code`, `fk_pays`, `module`) VALUES (1,'Allocations familiales',1,1,'TAXFAM',NULL,1,NULL),(2,'CSG Deductible',1,1,'TAXCSGD',NULL,1,NULL),(3,'CSG/CRDS NON Deductible',0,1,'TAXCSGND',NULL,1,NULL),(10,'Taxe apprentissage',0,1,'TAXAPP',NULL,1,NULL),(11,'Taxe professionnelle',0,1,'TAXPRO',NULL,1,NULL),(12,'Cotisation fonciere des entreprises',0,1,'TAXCFE',NULL,1,NULL),(13,'Cotisation sur la valeur ajoutee des entreprises',0,1,'TAXCVAE',NULL,1,NULL),(20,'Impots locaux/fonciers',0,1,'TAXFON',NULL,1,NULL),(25,'Impots revenus',0,1,'TAXREV',NULL,1,NULL),(30,'Assurance Sante',0,1,'TAXSECU',NULL,1,NULL),(40,'Mutuelle',0,1,'TAXMUT',NULL,1,NULL),(50,'Assurance vieillesse',0,1,'TAXRET',NULL,1,NULL),(60,'Assurance Chomage',0,1,'TAXCHOM',NULL,1,NULL),(201,'ONSS',1,1,'TAXBEONSS',NULL,2,NULL),(210,'Precompte professionnel',1,1,'TAXBEPREPRO',NULL,2,NULL),(220,'Prime existence',1,1,'TAXBEPRIEXI',NULL,2,NULL),(230,'Precompte immobilier',1,1,'TAXBEPREIMMO',NULL,2,NULL);

--
-- Table structure for table `llx_c_civility`
--

CREATE TABLE `llx_c_civility` (
  `rowid` int(11) NOT NULL,
  `code` varchar(6) NOT NULL,
  `label` varchar(50) DEFAULT NULL,
  `active` tinyint(4) NOT NULL DEFAULT '1',
  `module` varchar(32) DEFAULT NULL,
  PRIMARY KEY (`rowid`),
  UNIQUE KEY `uk_c_civility` (`code`)
) ENGINE=InnoDB DEFAULT CHARSET=utf8;

--
-- Dumping data for table `llx_c_civility`
--

INSERT INTO `llx_c_civility` (`rowid`, `code`, `label`, `active`, `module`) VALUES (1,'MME','Madame',1,NULL),(3,'MR','Monsieur',1,NULL),(5,'MLE','Mademoiselle',1,NULL),(7,'MTRE','Maître',1,NULL),(8,'DR','Docteur',1,NULL);

--
-- Table structure for table `llx_c_country`
--

CREATE TABLE `llx_c_country` (
  `rowid` int(11) NOT NULL,
  `code` varchar(2) NOT NULL,
  `code_iso` varchar(3) DEFAULT NULL,
  `label` varchar(50) DEFAULT NULL,
  `active` tinyint(4) NOT NULL DEFAULT '1',
  `favorite` tinyint(4) DEFAULT '0',
  PRIMARY KEY (`rowid`),
  UNIQUE KEY `idx_c_country_code` (`code`),
  UNIQUE KEY `idx_c_pays_libelle` (`label`),
  UNIQUE KEY `idx_c_country_code_iso` (`code_iso`)
) ENGINE=InnoDB DEFAULT CHARSET=utf8;

--
-- Dumping data for table `llx_c_country`
--

INSERT INTO `llx_c_country` (`rowid`, `code`, `code_iso`, `label`, `active`, `favorite`) VALUES (0,'',NULL,'-',1,1),(1,'FR',NULL,'France',1,0),(2,'BE',NULL,'Belgium',1,0),(3,'IT',NULL,'Italy',1,0),(4,'ES',NULL,'Spain',1,0),(5,'DE',NULL,'Germany',1,0),(6,'CH',NULL,'Switzerland',1,0),(7,'GB',NULL,'United Kingdom',1,0),(8,'IE',NULL,'Irland',1,0),(9,'CN',NULL,'China',1,0),(10,'TN',NULL,'Tunisia',1,0),(11,'US',NULL,'United States',1,0),(12,'MA',NULL,'Maroc',1,0),(13,'DZ',NULL,'Algeria',1,0),(14,'CA',NULL,'Canada',1,0),(15,'TG',NULL,'Togo',1,0),(16,'GA',NULL,'Gabon',1,0),(17,'NL',NULL,'Nerderland',1,0),(18,'HU',NULL,'Hongrie',1,0),(19,'RU',NULL,'Russia',1,0),(20,'SE',NULL,'Sweden',1,0),(21,'CI',NULL,'Côte d\'Ivoire',1,0),(22,'SN',NULL,'Senegal',1,0),(23,'AR',NULL,'Argentine',1,0),(24,'CM',NULL,'Cameroun',1,0),(25,'PT',NULL,'Portugal',1,0),(26,'SA',NULL,'Saudi Arabia',1,0),(27,'MC',NULL,'Monaco',1,0),(28,'AU',NULL,'Australia',1,0),(29,'SG',NULL,'Singapour',1,0),(30,'AF',NULL,'Afghanistan',1,0),(31,'AX',NULL,'Iles Aland',1,0),(32,'AL',NULL,'Albanie',1,0),(33,'AS',NULL,'Samoa américaines',1,0),(34,'AD',NULL,'Andorre',1,0),(35,'AO',NULL,'Angola',1,0),(36,'AI',NULL,'Anguilla',1,0),(37,'AQ',NULL,'Antarctique',1,0),(38,'AG',NULL,'Antigua-et-Barbuda',1,0),(39,'AM',NULL,'Arménie',1,0),(40,'AW',NULL,'Aruba',1,0),(41,'AT',NULL,'Autriche',1,0),(42,'AZ',NULL,'Azerbaïdjan',1,0),(43,'BS',NULL,'Bahamas',1,0),(44,'BH',NULL,'Bahreïn',1,0),(45,'BD',NULL,'Bangladesh',1,0),(46,'BB',NULL,'Barbade',1,0),(47,'BY',NULL,'Biélorussie',1,0),(48,'BZ',NULL,'Belize',1,0),(49,'BJ',NULL,'Bénin',1,0),(50,'BM',NULL,'Bermudes',1,0),(51,'BT',NULL,'Bhoutan',1,0),(52,'BO',NULL,'Bolivie',1,0),(53,'BA',NULL,'Bosnie-Herzégovine',1,0),(54,'BW',NULL,'Botswana',1,0),(55,'BV',NULL,'Ile Bouvet',1,0),(56,'BR',NULL,'Brazil',1,0),(57,'IO',NULL,'Territoire britannique de l\'Océan Indien',1,0),(58,'BN',NULL,'Brunei',1,0),(59,'BG',NULL,'Bulgarie',1,0),(60,'BF',NULL,'Burkina Faso',1,0),(61,'BI',NULL,'Burundi',1,0),(62,'KH',NULL,'Cambodge',1,0),(63,'CV',NULL,'Cap-Vert',1,0),(64,'KY',NULL,'Iles Cayman',1,0),(65,'CF',NULL,'République centrafricaine',1,0),(66,'TD',NULL,'Tchad',1,0),(67,'CL',NULL,'Chili',1,0),(68,'CX',NULL,'Ile Christmas',1,0),(69,'CC',NULL,'Iles des Cocos (Keeling)',1,0),(70,'CO',NULL,'Colombie',1,0),(71,'KM',NULL,'Comores',1,0),(72,'CG',NULL,'Congo',1,0),(73,'CD',NULL,'République démocratique du Congo',1,0),(74,'CK',NULL,'Iles Cook',1,0),(75,'CR',NULL,'Costa Rica',1,0),(76,'HR',NULL,'Croatie',1,0),(77,'CU',NULL,'Cuba',1,0),(78,'CY',NULL,'Chypre',1,0),(79,'CZ',NULL,'République Tchèque',1,0),(80,'DK',NULL,'Danemark',1,0),(81,'DJ',NULL,'Djibouti',1,0),(82,'DM',NULL,'Dominique',1,0),(83,'DO',NULL,'République Dominicaine',1,0),(84,'EC',NULL,'Equateur',1,0),(85,'EG',NULL,'Egypte',1,0),(86,'SV',NULL,'Salvador',1,0),(87,'GQ',NULL,'Guinée Equatoriale',1,0),(88,'ER',NULL,'Erythrée',1,0),(89,'EE',NULL,'Estonia',1,0),(90,'ET',NULL,'Ethiopie',1,0),(91,'FK',NULL,'Iles Falkland',1,0),(92,'FO',NULL,'Iles Féroé',1,0),(93,'FJ',NULL,'Iles Fidji',1,0),(94,'FI',NULL,'Finlande',1,0),(95,'GF',NULL,'Guyane française',1,0),(96,'PF',NULL,'Polynésie française',1,0),(97,'TF',NULL,'Terres australes françaises',1,0),(98,'GM',NULL,'Gambie',1,0),(99,'GE',NULL,'Georgia',1,0),(100,'GH',NULL,'Ghana',1,0),(101,'GI',NULL,'Gibraltar',1,0),(102,'GR',NULL,'Greece',1,0),(103,'GL',NULL,'Groenland',1,0),(104,'GD',NULL,'Grenade',1,0),(106,'GU',NULL,'Guam',1,0),(107,'GT',NULL,'Guatemala',1,0),(108,'GN',NULL,'Guinea',1,0),(109,'GW',NULL,'Guinea-Bissao',1,0),(111,'HT',NULL,'Haiti',1,0),(112,'HM',NULL,'Iles Heard et McDonald',1,0),(113,'VA',NULL,'Saint-Siège (Vatican)',1,0),(114,'HN',NULL,'Honduras',1,0),(115,'HK',NULL,'Hong Kong',1,0),(116,'IS',NULL,'Islande',1,0),(117,'IN',NULL,'India',1,0),(118,'ID',NULL,'Indonésie',1,0),(119,'IR',NULL,'Iran',1,0),(120,'IQ',NULL,'Iraq',1,0),(121,'IL',NULL,'Israel',1,0),(122,'JM',NULL,'Jamaïque',1,0),(123,'JP',NULL,'Japon',1,0),(124,'JO',NULL,'Jordanie',1,0),(125,'KZ',NULL,'Kazakhstan',1,0),(126,'KE',NULL,'Kenya',1,0),(127,'KI',NULL,'Kiribati',1,0),(128,'KP',NULL,'North Corea',1,0),(129,'KR',NULL,'South Corea',1,0),(130,'KW',NULL,'Koweït',1,0),(131,'KG',NULL,'Kirghizistan',1,0),(132,'LA',NULL,'Laos',1,0),(133,'LV',NULL,'Lettonie',1,0),(134,'LB',NULL,'Liban',1,0),(135,'LS',NULL,'Lesotho',1,0),(136,'LR',NULL,'Liberia',1,0),(137,'LY',NULL,'Libye',1,0),(138,'LI',NULL,'Liechtenstein',1,0),(139,'LT',NULL,'Lituanie',1,0),(140,'LU',NULL,'Luxembourg',1,0),(141,'MO',NULL,'Macao',1,0),(142,'MK',NULL,'ex-République yougoslave de Macédoine',1,0),(143,'MG',NULL,'Madagascar',1,0),(144,'MW',NULL,'Malawi',1,0),(145,'MY',NULL,'Malaisie',1,0),(146,'MV',NULL,'Maldives',1,0),(147,'ML',NULL,'Mali',1,0),(148,'MT',NULL,'Malte',1,0),(149,'MH',NULL,'Iles Marshall',1,0),(151,'MR',NULL,'Mauritanie',1,0),(152,'MU',NULL,'Maurice',1,0),(153,'YT',NULL,'Mayotte',1,0),(154,'MX',NULL,'Mexique',1,0),(155,'FM',NULL,'Micronésie',1,0),(156,'MD',NULL,'Moldavie',1,0),(157,'MN',NULL,'Mongolie',1,0),(158,'MS',NULL,'Monserrat',1,0),(159,'MZ',NULL,'Mozambique',1,0),(160,'MM',NULL,'Birmanie (Myanmar)',1,0),(161,'NA',NULL,'Namibie',1,0),(162,'NR',NULL,'Nauru',1,0),(163,'NP',NULL,'Népal',1,0),(164,'AN',NULL,'Antilles néerlandaises',1,0),(165,'NC',NULL,'Nouvelle-Calédonie',1,0),(166,'NZ',NULL,'Nouvelle-Zélande',1,0),(167,'NI',NULL,'Nicaragua',1,0),(168,'NE',NULL,'Niger',1,0),(169,'NG',NULL,'Nigeria',1,0),(170,'NU',NULL,'Nioué',1,0),(171,'NF',NULL,'Ile Norfolk',1,0),(172,'MP',NULL,'Mariannes du Nord',1,0),(173,'NO',NULL,'Norvège',1,0),(174,'OM',NULL,'Oman',1,0),(175,'PK',NULL,'Pakistan',1,0),(176,'PW',NULL,'Palaos',1,0),(177,'PS',NULL,'Territoire Palestinien Occupé',1,0),(178,'PA',NULL,'Panama',1,0),(179,'PG',NULL,'Papouasie-Nouvelle-Guinée',1,0),(180,'PY',NULL,'Paraguay',1,0),(181,'PE',NULL,'Peru',1,0),(182,'PH',NULL,'Philippines',1,0),(183,'PN',NULL,'Iles Pitcairn',1,0),(184,'PL',NULL,'Pologne',1,0),(185,'PR',NULL,'Porto Rico',1,0),(186,'QA',NULL,'Qatar',1,0),(188,'RO',NULL,'Roumanie',1,0),(189,'RW',NULL,'Rwanda',1,0),(190,'SH',NULL,'Sainte-Hélène',1,0),(191,'KN',NULL,'Saint-Christophe-et-Niévès',1,0),(192,'LC',NULL,'Sainte-Lucie',1,0),(193,'PM',NULL,'Saint-Pierre-et-Miquelon',1,0),(194,'VC',NULL,'Saint-Vincent-et-les-Grenadines',1,0),(195,'WS',NULL,'Samoa',1,0),(196,'SM',NULL,'Saint-Marin',1,0),(197,'ST',NULL,'Sao Tomé-et-Principe',1,0),(198,'RS',NULL,'Serbie',1,0),(199,'SC',NULL,'Seychelles',1,0),(200,'SL',NULL,'Sierra Leone',1,0),(201,'SK',NULL,'Slovaquie',1,0),(202,'SI',NULL,'Slovénie',1,0),(203,'SB',NULL,'Iles Salomon',1,0),(204,'SO',NULL,'Somalie',1,0),(205,'ZA',NULL,'Afrique du Sud',1,0),(206,'GS',NULL,'Iles Géorgie du Sud et Sandwich du Sud',1,0),(207,'LK',NULL,'Sri Lanka',1,0),(208,'SD',NULL,'Soudan',1,0),(209,'SR',NULL,'Suriname',1,0),(210,'SJ',NULL,'Iles Svalbard et Jan Mayen',1,0),(211,'SZ',NULL,'Swaziland',1,0),(212,'SY',NULL,'Syrie',1,0),(213,'TW',NULL,'Taïwan',1,0),(214,'TJ',NULL,'Tadjikistan',1,0),(215,'TZ',NULL,'Tanzanie',1,0),(216,'TH',NULL,'Thaïlande',1,0),(217,'TL',NULL,'Timor Oriental',1,0),(218,'TK',NULL,'Tokélaou',1,0),(219,'TO',NULL,'Tonga',1,0),(220,'TT',NULL,'Trinité-et-Tobago',1,0),(221,'TR',NULL,'Turquie',1,0),(222,'TM',NULL,'Turkménistan',1,0),(223,'TC',NULL,'Iles Turks-et-Caicos',1,0),(224,'TV',NULL,'Tuvalu',1,0),(225,'UG',NULL,'Ouganda',1,0),(226,'UA',NULL,'Ukraine',1,0),(227,'AE',NULL,'Émirats arabes unis',1,0),(228,'UM',NULL,'Iles mineures éloignées des États-Unis',1,0),(229,'UY',NULL,'Uruguay',1,0),(230,'UZ',NULL,'Ouzbékistan',1,0),(231,'VU',NULL,'Vanuatu',1,0),(232,'VE',NULL,'Vénézuela',1,0),(233,'VN',NULL,'Viêt Nam',1,0),(234,'VG',NULL,'Iles Vierges britanniques',1,0),(235,'VI',NULL,'Iles Vierges américaines',1,0),(236,'WF',NULL,'Wallis-et-Futuna',1,0),(237,'EH',NULL,'Sahara occidental',1,0),(238,'YE',NULL,'Yémen',1,0),(239,'ZM',NULL,'Zambie',1,0),(240,'ZW',NULL,'Zimbabwe',1,0),(241,'GG',NULL,'Guernesey',1,0),(242,'IM',NULL,'Ile de Man',1,0),(243,'JE',NULL,'Jersey',1,0),(244,'ME',NULL,'Monténégro',1,0),(245,'BL',NULL,'Saint-Barthélemy',1,0),(246,'MF',NULL,'Saint-Martin',1,0);

--
-- Table structure for table `llx_c_currencies`
--

CREATE TABLE `llx_c_currencies` (
  `code_iso` varchar(3) NOT NULL,
  `label` varchar(64) NOT NULL,
  `unicode` varchar(32) DEFAULT NULL,
  `active` tinyint(4) NOT NULL DEFAULT '1',
  PRIMARY KEY (`code_iso`),
  UNIQUE KEY `uk_c_currencies_code_iso` (`code_iso`)
) ENGINE=InnoDB DEFAULT CHARSET=utf8;

--
-- Dumping data for table `llx_c_currencies`
--

INSERT INTO `llx_c_currencies` (`code_iso`, `label`, `unicode`, `active`) VALUES ('AED','United Arab Emirates Dirham',NULL,1),('AFN','Afghanistan Afghani','[1547]',1),('ALL','Albania Lek','[76,101,107]',1),('ANG','Netherlands Antilles Guilder','[402]',1),('ARP','Pesos argentins',NULL,0),('ARS','Argentino Peso','[36]',1),('ATS','Shiliing autrichiens',NULL,0),('AUD','Australia Dollar','[36]',1),('AWG','Aruba Guilder','[402]',1),('AZN','Azerbaijan New Manat','[1084,1072,1085]',1),('BAM','Bosnia and Herzegovina Convertible Marka','[75,77]',1),('BBD','Barbados Dollar','[36]',1),('BEF','Francs belges',NULL,0),('BGN','Bulgaria Lev','[1083,1074]',1),('BMD','Bermuda Dollar','[36]',1),('BND','Brunei Darussalam Dollar','[36]',1),('BOB','Bolivia Boliviano','[36,98]',1),('BRL','Brazil Real','[82,36]',1),('BSD','Bahamas Dollar','[36]',1),('BWP','Botswana Pula','[80]',1),('BYR','Belarus Ruble','[112,46]',1),('BZD','Belize Dollar','[66,90,36]',1),('CAD','Canada Dollar','[36]',1),('CHF','Switzerland Franc','[67,72,70]',1),('CLP','Chile Peso','[36]',1),('CNY','China Yuan Renminbi','[165]',1),('COP','Colombia Peso','[36]',1),('CRC','Costa Rica Colon','[8353]',1),('CUP','Cuba Peso','[8369]',1),('CZK','Czech Republic Koruna','[75,269]',1),('DEM','Deutsch mark',NULL,0),('DKK','Denmark Krone','[107,114]',1),('DOP','Dominican Republic Peso','[82,68,36]',1),('DZD','Algeria Dinar',NULL,1),('EEK','Estonia Kroon','[107,114]',1),('EGP','Egypt Pound','[163]',1),('ESP','Pesete',NULL,0),('EUR','Euro Member Countries','[8364]',1),('FIM','Mark finlandais',NULL,0),('FJD','Fiji Dollar','[36]',1),('FKP','Falkland Islands (Malvinas) Pound','[163]',1),('FRF','Francs francais',NULL,0),('GBP','United Kingdom Pound','[163]',1),('GGP','Guernsey Pound','[163]',1),('GHC','Ghana Cedis','[162]',1),('GIP','Gibraltar Pound','[163]',1),('GRD','Drachme (grece)',NULL,0),('GTQ','Guatemala Quetzal','[81]',1),('GYD','Guyana Dollar','[36]',1),('HKD','Hong Kong Dollar','[36]',1),('HNL','Honduras Lempira','[76]',1),('HRK','Croatia Kuna','[107,110]',1),('HUF','Hungary Forint','[70,116]',1),('IDR','Indonesia Rupiah','[82,112]',1),('IEP','Livres irlandaises',NULL,0),('ILS','Israel Shekel','[8362]',1),('IMP','Isle of Man Pound','[163]',1),('INR','India Rupee',NULL,1),('IRR','Iran Rial','[65020]',1),('ISK','Iceland Krona','[107,114]',1),('ITL','Lires',NULL,0),('JEP','Jersey Pound','[163]',1),('JMD','Jamaica Dollar','[74,36]',1),('JPY','Japan Yen','[165]',1),('KES','Kenya Shilling',NULL,1),('KGS','Kyrgyzstan Som','[1083,1074]',1),('KHR','Cambodia Riel','[6107]',1),('KPW','Korea (North) Won','[8361]',1),('KRW','Korea (South) Won','[8361]',1),('KYD','Cayman Islands Dollar','[36]',1),('KZT','Kazakhstan Tenge','[1083,1074]',1),('LAK','Laos Kip','[8365]',1),('LBP','Lebanon Pound','[163]',1),('LKR','Sri Lanka Rupee','[8360]',1),('LRD','Liberia Dollar','[36]',1),('LTL','Lithuania Litas','[76,116]',1),('LUF','Francs luxembourgeois',NULL,0),('LVL','Latvia Lat','[76,115]',1),('MAD','Morocco Dirham',NULL,1),('MKD','Macedonia Denar','[1076,1077,1085]',1),('MNT','Mongolia Tughrik','[8366]',1),('MRO','Mauritania Ouguiya',NULL,1),('MUR','Mauritius Rupee','[8360]',1),('MXN','Mexico Peso','[36]',1),('MXP','Pesos Mexicans',NULL,0),('MYR','Malaysia Ringgit','[82,77]',1),('MZN','Mozambique Metical','[77,84]',1),('NAD','Namibia Dollar','[36]',1),('NGN','Nigeria Naira','[8358]',1),('NIO','Nicaragua Cordoba','[67,36]',1),('NLG','Florins',NULL,0),('NOK','Norway Krone','[107,114]',1),('NPR','Nepal Rupee','[8360]',1),('NZD','New Zealand Dollar','[36]',1),('OMR','Oman Rial','[65020]',1),('PAB','Panama Balboa','[66,47,46]',1),('PEN','Peru Nuevo Sol','[83,47,46]',1),('PHP','Philippines Peso','[8369]',1),('PKR','Pakistan Rupee','[8360]',1),('PLN','Poland Zloty','[122,322]',1),('PTE','Escudos',NULL,0),('PYG','Paraguay Guarani','[71,115]',1),('QAR','Qatar Riyal','[65020]',1),('RON','Romania New Leu','[108,101,105]',1),('RSD','Serbia Dinar','[1044,1080,1085,46]',1),('RUB','Russia Ruble','[1088,1091,1073]',1),('SAR','Saudi Arabia Riyal','[65020]',1),('SBD','Solomon Islands Dollar','[36]',1),('SCR','Seychelles Rupee','[8360]',1),('SEK','Sweden Krona','[107,114]',1),('SGD','Singapore Dollar','[36]',1),('SHP','Saint Helena Pound','[163]',1),('SKK','Couronnes slovaques',NULL,0),('SOS','Somalia Shilling','[83]',1),('SRD','Suriname Dollar','[36]',1),('SUR','Rouble',NULL,0),('SVC','El Salvador Colon','[36]',1),('SYP','Syria Pound','[163]',1),('THB','Thailand Baht','[3647]',1),('TND','Tunisia Dinar',NULL,1),('TRL','Turkey Lira','[84,76]',1),('TRY','Turkey Lira','[8356]',1),('TTD','Trinidad and Tobago Dollar','[84,84,36]',1),('TVD','Tuvalu Dollar','[36]',1),('TWD','Taiwan New Dollar','[78,84,36]',1),('UAH','Ukraine Hryvna','[8372]',1),('USD','United States Dollar','[36]',1),('UYU','Uruguay Peso','[36,85]',1),('UZS','Uzbekistan Som','[1083,1074]',1),('VEF','Venezuela Bolivar Fuerte','[66,115]',1),('VND','Viet Nam Dong','[8363]',1),('XAF','Communaute Financiere Africaine (BEAC) CFA Franc',NULL,1),('XCD','East Caribbean Dollar','[36]',1),('XEU','Ecus',NULL,0),('XOF','Communaute Financiere Africaine (BCEAO) Franc',NULL,1),('YER','Yemen Rial','[65020]',1),('ZAR','South Africa Rand','[82]',1),('ZWD','Zimbabwe Dollar','[90,36]',1);

--
-- Table structure for table `llx_c_departements`
--

CREATE TABLE `llx_c_departements` (
  `rowid` int(11) NOT NULL AUTO_INCREMENT,
  `code_departement` varchar(6) NOT NULL,
  `fk_region` int(11) DEFAULT NULL,
  `cheflieu` varchar(50) DEFAULT NULL,
  `tncc` int(11) DEFAULT NULL,
  `ncc` varchar(50) DEFAULT NULL,
  `nom` varchar(50) DEFAULT NULL,
  `active` tinyint(4) NOT NULL DEFAULT '1',
  PRIMARY KEY (`rowid`),
  UNIQUE KEY `uk_departements` (`code_departement`,`fk_region`),
  KEY `idx_departements_fk_region` (`fk_region`),
  CONSTRAINT `fk_departements_code_region` FOREIGN KEY (`fk_region`) REFERENCES `llx_c_regions` (`code_region`)
) ENGINE=InnoDB AUTO_INCREMENT=1010 DEFAULT CHARSET=utf8;

--
-- Dumping data for table `llx_c_departements`
--

INSERT INTO `llx_c_departements` (`rowid`, `code_departement`, `fk_region`, `cheflieu`, `tncc`, `ncc`, `nom`, `active`) VALUES (1,'0',0,'0',0,'-','-',1),(2,'01',82,'01053',5,'AIN','Ain',1),(3,'02',22,'02408',5,'AISNE','Aisne',1),(4,'03',83,'03190',5,'ALLIER','Allier',1),(5,'04',93,'04070',4,'ALPES-DE-HAUTE-PROVENCE','Alpes-de-Haute-Provence',1),(6,'05',93,'05061',4,'HAUTES-ALPES','Hautes-Alpes',1),(7,'06',93,'06088',4,'ALPES-MARITIMES','Alpes-Maritimes',1),(8,'07',82,'07186',5,'ARDECHE','Ardèche',1),(9,'08',21,'08105',4,'ARDENNES','Ardennes',1),(10,'09',73,'09122',5,'ARIEGE','Ariège',1),(11,'10',21,'10387',5,'AUBE','Aube',1),(12,'11',91,'11069',5,'AUDE','Aude',1),(13,'12',73,'12202',5,'AVEYRON','Aveyron',1),(14,'13',93,'13055',4,'BOUCHES-DU-RHONE','Bouches-du-Rhône',1),(15,'14',25,'14118',2,'CALVADOS','Calvados',1),(16,'15',83,'15014',2,'CANTAL','Cantal',1),(17,'16',54,'16015',3,'CHARENTE','Charente',1),(18,'17',54,'17300',3,'CHARENTE-MARITIME','Charente-Maritime',1),(19,'18',24,'18033',2,'CHER','Cher',1),(20,'19',74,'19272',3,'CORREZE','Corrèze',1),(21,'2A',94,'2A004',3,'CORSE-DU-SUD','Corse-du-Sud',1),(22,'2B',94,'2B033',3,'HAUTE-CORSE','Haute-Corse',1),(23,'21',26,'21231',3,'COTE-D OR','Côte-d Or',1),(24,'22',53,'22278',4,'COTES-D ARMOR','Côtes-d Armor',1),(25,'23',74,'23096',3,'CREUSE','Creuse',1),(26,'24',72,'24322',3,'DORDOGNE','Dordogne',1),(27,'25',43,'25056',2,'DOUBS','Doubs',1),(28,'26',82,'26362',3,'DROME','Drôme',1),(29,'27',23,'27229',5,'EURE','Eure',1),(30,'28',24,'28085',1,'EURE-ET-LOIR','Eure-et-Loir',1),(31,'29',53,'29232',2,'FINISTERE','Finistère',1),(32,'30',91,'30189',2,'GARD','Gard',1),(33,'31',73,'31555',3,'HAUTE-GARONNE','Haute-Garonne',1),(34,'32',73,'32013',2,'GERS','Gers',1),(35,'33',72,'33063',3,'GIRONDE','Gironde',1),(36,'34',91,'34172',5,'HERAULT','Hérault',1),(37,'35',53,'35238',1,'ILLE-ET-VILAINE','Ille-et-Vilaine',1),(38,'36',24,'36044',5,'INDRE','Indre',1),(39,'37',24,'37261',1,'INDRE-ET-LOIRE','Indre-et-Loire',1),(40,'38',82,'38185',5,'ISERE','Isère',1),(41,'39',43,'39300',2,'JURA','Jura',1),(42,'40',72,'40192',4,'LANDES','Landes',1),(43,'41',24,'41018',0,'LOIR-ET-CHER','Loir-et-Cher',1),(44,'42',82,'42218',3,'LOIRE','Loire',1),(45,'43',83,'43157',3,'HAUTE-LOIRE','Haute-Loire',1),(46,'44',52,'44109',3,'LOIRE-ATLANTIQUE','Loire-Atlantique',1),(47,'45',24,'45234',2,'LOIRET','Loiret',1),(48,'46',73,'46042',2,'LOT','Lot',1),(49,'47',72,'47001',0,'LOT-ET-GARONNE','Lot-et-Garonne',1),(50,'48',91,'48095',3,'LOZERE','Lozère',1),(51,'49',52,'49007',0,'MAINE-ET-LOIRE','Maine-et-Loire',1),(52,'50',25,'50502',3,'MANCHE','Manche',1),(53,'51',21,'51108',3,'MARNE','Marne',1),(54,'52',21,'52121',3,'HAUTE-MARNE','Haute-Marne',1),(55,'53',52,'53130',3,'MAYENNE','Mayenne',1),(56,'54',41,'54395',0,'MEURTHE-ET-MOSELLE','Meurthe-et-Moselle',1),(57,'55',41,'55029',3,'MEUSE','Meuse',1),(58,'56',53,'56260',2,'MORBIHAN','Morbihan',1),(59,'57',41,'57463',3,'MOSELLE','Moselle',1),(60,'58',26,'58194',3,'NIEVRE','Nièvre',1),(61,'59',31,'59350',2,'NORD','Nord',1),(62,'60',22,'60057',5,'OISE','Oise',1),(63,'61',25,'61001',5,'ORNE','Orne',1),(64,'62',31,'62041',2,'PAS-DE-CALAIS','Pas-de-Calais',1),(65,'63',83,'63113',2,'PUY-DE-DOME','Puy-de-Dôme',1),(66,'64',72,'64445',4,'PYRENEES-ATLANTIQUES','Pyrénées-Atlantiques',1),(67,'65',73,'65440',4,'HAUTES-PYRENEES','Hautes-Pyrénées',1),(68,'66',91,'66136',4,'PYRENEES-ORIENTALES','Pyrénées-Orientales',1),(69,'67',42,'67482',2,'BAS-RHIN','Bas-Rhin',1),(70,'68',42,'68066',2,'HAUT-RHIN','Haut-Rhin',1),(71,'69',82,'69123',2,'RHONE','Rhône',1),(72,'70',43,'70550',3,'HAUTE-SAONE','Haute-Saône',1),(73,'71',26,'71270',0,'SAONE-ET-LOIRE','Saône-et-Loire',1),(74,'72',52,'72181',3,'SARTHE','Sarthe',1),(75,'73',82,'73065',3,'SAVOIE','Savoie',1),(76,'74',82,'74010',3,'HAUTE-SAVOIE','Haute-Savoie',1),(77,'75',11,'75056',0,'PARIS','Paris',1),(78,'76',23,'76540',3,'SEINE-MARITIME','Seine-Maritime',1),(79,'77',11,'77288',0,'SEINE-ET-MARNE','Seine-et-Marne',1),(80,'78',11,'78646',4,'YVELINES','Yvelines',1),(81,'79',54,'79191',4,'DEUX-SEVRES','Deux-Sèvres',1),(82,'80',22,'80021',3,'SOMME','Somme',1),(83,'81',73,'81004',2,'TARN','Tarn',1),(84,'82',73,'82121',0,'TARN-ET-GARONNE','Tarn-et-Garonne',1),(85,'83',93,'83137',2,'VAR','Var',1),(86,'84',93,'84007',0,'VAUCLUSE','Vaucluse',1),(87,'85',52,'85191',3,'VENDEE','Vendée',1),(88,'86',54,'86194',3,'VIENNE','Vienne',1),(89,'87',74,'87085',3,'HAUTE-VIENNE','Haute-Vienne',1),(90,'88',41,'88160',4,'VOSGES','Vosges',1),(91,'89',26,'89024',5,'YONNE','Yonne',1),(92,'90',43,'90010',0,'TERRITOIRE DE BELFORT','Territoire de Belfort',1),(93,'91',11,'91228',5,'ESSONNE','Essonne',1),(94,'92',11,'92050',4,'HAUTS-DE-SEINE','Hauts-de-Seine',1),(95,'93',11,'93008',3,'SEINE-SAINT-DENIS','Seine-Saint-Denis',1),(96,'94',11,'94028',2,'VAL-DE-MARNE','Val-de-Marne',1),(97,'95',11,'95500',2,'VAL-D OISE','Val-d Oise',1),(98,'971',1,'97105',3,'GUADELOUPE','Guadeloupe',1),(99,'972',2,'97209',3,'MARTINIQUE','Martinique',1),(100,'973',3,'97302',3,'GUYANE','Guyane',1),(101,'974',4,'97411',3,'REUNION','Réunion',1),(103,'01',201,'',1,'ANVERS','Anvers',1),(104,'02',203,'',3,'BRUXELLES-CAPITALE','Bruxelles-Capitale',1),(105,'03',202,'',2,'BRABANT-WALLON','Brabant-Wallon',1),(106,'04',201,'',1,'BRABANT-FLAMAND','Brabant-Flamand',1),(107,'05',201,'',1,'FLANDRE-OCCIDENTALE','Flandre-Occidentale',1),(108,'06',201,'',1,'FLANDRE-ORIENTALE','Flandre-Orientale',1),(109,'07',202,'',2,'HAINAUT','Hainaut',1),(110,'08',201,'',2,'LIEGE','Liège',1),(111,'09',202,'',1,'LIMBOURG','Limbourg',1),(112,'10',202,'',2,'LUXEMBOURG','Luxembourg',1),(113,'11',201,'',2,'NAMUR','Namur',1),(114,'AG',315,NULL,NULL,NULL,'AGRIGENTO',1),(115,'AL',312,NULL,NULL,NULL,'ALESSANDRIA',1),(116,'AN',310,NULL,NULL,NULL,'ANCONA',1),(117,'AO',319,NULL,NULL,NULL,'AOSTA',1),(118,'AR',316,NULL,NULL,NULL,'AREZZO',1),(119,'AP',310,NULL,NULL,NULL,'ASCOLI PICENO',1),(120,'AT',312,NULL,NULL,NULL,'ASTI',1),(121,'AV',304,NULL,NULL,NULL,'AVELLINO',1),(122,'BA',313,NULL,NULL,NULL,'BARI',1),(123,'BT',313,NULL,NULL,NULL,'BARLETTA-ANDRIA-TRANI',1),(124,'BL',320,NULL,NULL,NULL,'BELLUNO',1),(125,'BN',304,NULL,NULL,NULL,'BENEVENTO',1),(126,'BG',309,NULL,NULL,NULL,'BERGAMO',1),(127,'BI',312,NULL,NULL,NULL,'BIELLA',1),(128,'BO',305,NULL,NULL,NULL,'BOLOGNA',1),(129,'BZ',317,NULL,NULL,NULL,'BOLZANO',1),(130,'BS',309,NULL,NULL,NULL,'BRESCIA',1),(131,'BR',313,NULL,NULL,NULL,'BRINDISI',1),(132,'CA',314,NULL,NULL,NULL,'CAGLIARI',1),(133,'CL',315,NULL,NULL,NULL,'CALTANISSETTA',1),(134,'CB',311,NULL,NULL,NULL,'CAMPOBASSO',1),(135,'CI',314,NULL,NULL,NULL,'CARBONIA-IGLESIAS',1),(136,'CE',304,NULL,NULL,NULL,'CASERTA',1),(137,'CT',315,NULL,NULL,NULL,'CATANIA',1),(138,'CZ',303,NULL,NULL,NULL,'CATANZARO',1),(139,'CH',301,NULL,NULL,NULL,'CHIETI',1),(140,'CO',309,NULL,NULL,NULL,'COMO',1),(141,'CS',303,NULL,NULL,NULL,'COSENZA',1),(142,'CR',309,NULL,NULL,NULL,'CREMONA',1),(143,'KR',303,NULL,NULL,NULL,'CROTONE',1),(144,'CN',312,NULL,NULL,NULL,'CUNEO',1),(145,'EN',315,NULL,NULL,NULL,'ENNA',1),(146,'FM',310,NULL,NULL,NULL,'FERMO',1),(147,'FE',305,NULL,NULL,NULL,'FERRARA',1),(148,'FI',316,NULL,NULL,NULL,'FIRENZE',1),(149,'FG',313,NULL,NULL,NULL,'FOGGIA',1),(150,'FC',305,NULL,NULL,NULL,'FORLI-CESENA',1),(151,'FR',307,NULL,NULL,NULL,'FROSINONE',1),(152,'GE',308,NULL,NULL,NULL,'GENOVA',1),(153,'GO',306,NULL,NULL,NULL,'GORIZIA',1),(154,'GR',316,NULL,NULL,NULL,'GROSSETO',1),(155,'IM',308,NULL,NULL,NULL,'IMPERIA',1),(156,'IS',311,NULL,NULL,NULL,'ISERNIA',1),(157,'SP',308,NULL,NULL,NULL,'LA SPEZIA',1),(158,'AQ',301,NULL,NULL,NULL,'L AQUILA',1),(159,'LT',307,NULL,NULL,NULL,'LATINA',1),(160,'LE',313,NULL,NULL,NULL,'LECCE',1),(161,'LC',309,NULL,NULL,NULL,'LECCO',1),(162,'LI',314,NULL,NULL,NULL,'LIVORNO',1),(163,'LO',309,NULL,NULL,NULL,'LODI',1),(164,'LU',316,NULL,NULL,NULL,'LUCCA',1),(165,'MC',310,NULL,NULL,NULL,'MACERATA',1),(166,'MN',309,NULL,NULL,NULL,'MANTOVA',1),(167,'MS',316,NULL,NULL,NULL,'MASSA-CARRARA',1),(168,'MT',302,NULL,NULL,NULL,'MATERA',1),(169,'VS',314,NULL,NULL,NULL,'MEDIO CAMPIDANO',1),(170,'ME',315,NULL,NULL,NULL,'MESSINA',1),(171,'MI',309,NULL,NULL,NULL,'MILANO',1),(172,'MB',309,NULL,NULL,NULL,'MONZA e BRIANZA',1),(173,'MO',305,NULL,NULL,NULL,'MODENA',1),(174,'NA',304,NULL,NULL,NULL,'NAPOLI',1),(175,'NO',312,NULL,NULL,NULL,'NOVARA',1),(176,'NU',314,NULL,NULL,NULL,'NUORO',1),(177,'OG',314,NULL,NULL,NULL,'OGLIASTRA',1),(178,'OT',314,NULL,NULL,NULL,'OLBIA-TEMPIO',1),(179,'OR',314,NULL,NULL,NULL,'ORISTANO',1),(180,'PD',320,NULL,NULL,NULL,'PADOVA',1),(181,'PA',315,NULL,NULL,NULL,'PALERMO',1),(182,'PR',305,NULL,NULL,NULL,'PARMA',1),(183,'PV',309,NULL,NULL,NULL,'PAVIA',1),(184,'PG',318,NULL,NULL,NULL,'PERUGIA',1),(185,'PU',310,NULL,NULL,NULL,'PESARO e URBINO',1),(186,'PE',301,NULL,NULL,NULL,'PESCARA',1),(187,'PC',305,NULL,NULL,NULL,'PIACENZA',1),(188,'PI',316,NULL,NULL,NULL,'PISA',1),(189,'PT',316,NULL,NULL,NULL,'PISTOIA',1),(190,'PN',306,NULL,NULL,NULL,'PORDENONE',1),(191,'PZ',302,NULL,NULL,NULL,'POTENZA',1),(192,'PO',316,NULL,NULL,NULL,'PRATO',1),(193,'RG',315,NULL,NULL,NULL,'RAGUSA',1),(194,'RA',305,NULL,NULL,NULL,'RAVENNA',1),(195,'RC',303,NULL,NULL,NULL,'REGGIO CALABRIA',1),(196,'RE',305,NULL,NULL,NULL,'REGGIO NELL EMILIA',1),(197,'RI',307,NULL,NULL,NULL,'RIETI',1),(198,'RN',305,NULL,NULL,NULL,'RIMINI',1),(199,'RM',307,NULL,NULL,NULL,'ROMA',1),(200,'RO',320,NULL,NULL,NULL,'ROVIGO',1),(201,'SA',304,NULL,NULL,NULL,'SALERNO',1),(202,'SS',314,NULL,NULL,NULL,'SASSARI',1),(203,'SV',308,NULL,NULL,NULL,'SAVONA',1),(204,'SI',316,NULL,NULL,NULL,'SIENA',1),(205,'SR',315,NULL,NULL,NULL,'SIRACUSA',1),(206,'SO',309,NULL,NULL,NULL,'SONDRIO',1),(207,'TA',313,NULL,NULL,NULL,'TARANTO',1),(208,'TE',301,NULL,NULL,NULL,'TERAMO',1),(209,'TR',318,NULL,NULL,NULL,'TERNI',1),(210,'TO',312,NULL,NULL,NULL,'TORINO',1),(211,'TP',315,NULL,NULL,NULL,'TRAPANI',1),(212,'TN',317,NULL,NULL,NULL,'TRENTO',1),(213,'TV',320,NULL,NULL,NULL,'TREVISO',1),(214,'TS',306,NULL,NULL,NULL,'TRIESTE',1),(215,'UD',306,NULL,NULL,NULL,'UDINE',1),(216,'VA',309,NULL,NULL,NULL,'VARESE',1),(217,'VE',320,NULL,NULL,NULL,'VENEZIA',1),(218,'VB',312,NULL,NULL,NULL,'VERBANO-CUSIO-OSSOLA',1),(219,'VC',312,NULL,NULL,NULL,'VERCELLI',1),(220,'VR',320,NULL,NULL,NULL,'VERONA',1),(221,'VV',303,NULL,NULL,NULL,'VIBO VALENTIA',1),(222,'VI',320,NULL,NULL,NULL,'VICENZA',1),(223,'VT',307,NULL,NULL,NULL,'VITERBO',1),(224,'NSW',2801,'',1,'','New South Wales',1),(225,'VIC',2801,'',1,'','Victoria',1),(226,'QLD',2801,'',1,'','Queensland',1),(227,'SA',2801,'',1,'','South Australia',1),(228,'ACT',2801,'',1,'','Australia Capital Territory',1),(229,'TAS',2801,'',1,'','Tasmania',1),(230,'WA',2801,'',1,'','Western Australia',1),(231,'NT',2801,'',1,'','Northern Territory',1),(232,'ON',1401,'',1,'','Ontario',1),(233,'QC',1401,'',1,'','Quebec',1),(234,'NS',1401,'',1,'','Nova Scotia',1),(235,'NB',1401,'',1,'','New Brunswick',1),(236,'MB',1401,'',1,'','Manitoba',1),(237,'BC',1401,'',1,'','British Columbia',1),(238,'PE',1401,'',1,'','Prince Edward Island',1),(239,'SK',1401,'',1,'','Saskatchewan',1),(240,'AB',1401,'',1,'','Alberta',1),(241,'NL',1401,'',1,'','Newfoundland and Labrador',1),(242,'VI',419,'',19,'ALAVA','Álava',1),(243,'AB',404,'',4,'ALBACETE','Albacete',1),(244,'A',411,'',11,'ALICANTE','Alicante',1),(245,'AL',401,'',1,'ALMERIA','Almería',1),(246,'AV',403,'',3,'AVILA','Avila',1),(247,'BA',412,'',12,'BADAJOZ','Badajoz',1),(248,'PM',414,'',14,'ISLAS BALEARES','Islas Baleares',1),(249,'B',406,'',6,'BARCELONA','Barcelona',1),(250,'BU',403,'',8,'BURGOS','Burgos',1),(251,'CC',412,'',12,'CACERES','Cáceres',1),(252,'CA',401,'',1,'CADIZ','Cádiz',1),(253,'CS',411,'',11,'CASTELLON','Castellón',1),(254,'CR',404,'',4,'CIUDAD REAL','Ciudad Real',1),(255,'CO',401,'',1,'CORDOBA','Córdoba',1),(256,'C',413,'',13,'LA CORUÑA','La Coruña',1),(257,'CU',404,'',4,'CUENCA','Cuenca',1),(258,'GI',406,'',6,'GERONA','Gerona',1),(259,'GR',401,'',1,'GRANADA','Granada',1),(260,'GU',404,'',4,'GUADALAJARA','Guadalajara',1),(261,'SS',419,'',19,'GUIPUZCOA','Guipúzcoa',1),(262,'H',401,'',1,'HUELVA','Huelva',1),(263,'HU',402,'',2,'HUESCA','Huesca',1),(264,'J',401,'',1,'JAEN','Jaén',1),(265,'LE',403,'',3,'LEON','León',1),(266,'L',406,'',6,'LERIDA','Lérida',1),(267,'LO',415,'',15,'LA RIOJA','La Rioja',1),(268,'LU',413,'',13,'LUGO','Lugo',1),(269,'M',416,'',16,'MADRID','Madrid',1),(270,'MA',401,'',1,'MALAGA','Málaga',1),(271,'MU',417,'',17,'MURCIA','Murcia',1),(272,'NA',408,'',8,'NAVARRA','Navarra',1),(273,'OR',413,'',13,'ORENSE','Orense',1),(274,'O',418,'',18,'ASTURIAS','Asturias',1),(275,'P',403,'',3,'PALENCIA','Palencia',1),(276,'GC',405,'',5,'LAS PALMAS','Las Palmas',1),(277,'PO',413,'',13,'PONTEVEDRA','Pontevedra',1),(278,'SA',403,'',3,'SALAMANCA','Salamanca',1),(279,'TF',405,'',5,'STA. CRUZ DE TENERIFE','Sta. Cruz de Tenerife',1),(280,'S',410,'',10,'CANTABRIA','Cantabria',1),(281,'SG',403,'',3,'SEGOVIA','Segovia',1),(282,'SE',401,'',1,'SEVILLA','Sevilla',1),(283,'SO',403,'',3,'SORIA','Soria',1),(284,'T',406,'',6,'TARRAGONA','Tarragona',1),(285,'TE',402,'',2,'TERUEL','Teruel',1),(286,'TO',404,'',5,'TOLEDO','Toledo',1),(287,'V',411,'',11,'VALENCIA','Valencia',1),(288,'VA',403,'',3,'VALLADOLID','Valladolid',1),(289,'BI',419,'',19,'VIZCAYA','Vizcaya',1),(290,'ZA',403,'',3,'ZAMORA','Zamora',1),(291,'Z',402,'',1,'ZARAGOZA','Zaragoza',1),(292,'CE',407,'',7,'CEUTA','Ceuta',1),(293,'ML',409,'',9,'MELILLA','Melilla',1),(295,'BW',501,NULL,NULL,'BADEN-WÜRTTEMBERG','Baden-Württemberg',1),(296,'BY',501,NULL,NULL,'BAYERN','Bayern',1),(297,'BE',501,NULL,NULL,'BERLIN','Berlin',1),(298,'BB',501,NULL,NULL,'BRANDENBURG','Brandenburg',1),(299,'HB',501,NULL,NULL,'BREMEN','Bremen',1),(300,'HH',501,NULL,NULL,'HAMBURG','Hamburg',1),(301,'HE',501,NULL,NULL,'HESSEN','Hessen',1),(302,'MV',501,NULL,NULL,'MECKLENBURG-VORPOMMERN','Mecklenburg-Vorpommern',1),(303,'NI',501,NULL,NULL,'NIEDERSACHSEN','Niedersachsen',1),(304,'NW',501,NULL,NULL,'NORDRHEIN-WESTFALEN','Nordrhein-Westfalen',1),(305,'RP',501,NULL,NULL,'RHEINLAND-PFALZ','Rheinland-Pfalz',1),(306,'SL',501,NULL,NULL,'SAARLAND','Saarland',1),(307,'SN',501,NULL,NULL,'SACHSEN','Sachsen',1),(308,'ST',501,NULL,NULL,'SACHSEN-ANHALT','Sachsen-Anhalt',1),(309,'SH',501,NULL,NULL,'SCHLESWIG-HOLSTEIN','Schleswig-Holstein',1),(310,'TH',501,NULL,NULL,'THÜRINGEN','Thüringen',1),(311,'66',10201,'',0,'','Αθήνα',1),(312,'67',10205,'',0,'','Δράμα',1),(313,'01',10205,'',0,'','Έβρος',1),(314,'02',10205,'',0,'','Θάσος',1),(315,'03',10205,'',0,'','Καβάλα',1),(316,'04',10205,'',0,'','Ξάνθη',1),(317,'05',10205,'',0,'','Ροδόπη',1),(318,'06',10203,'',0,'','Ημαθία',1),(319,'07',10203,'',0,'','Θεσσαλονίκη',1),(320,'08',10203,'',0,'','Κιλκίς',1),(321,'09',10203,'',0,'','Πέλλα',1),(322,'10',10203,'',0,'','Πιερία',1),(323,'11',10203,'',0,'','Σέρρες',1),(324,'12',10203,'',0,'','Χαλκιδική',1),(325,'13',10206,'',0,'','Άρτα',1),(326,'14',10206,'',0,'','Θεσπρωτία',1),(327,'15',10206,'',0,'','Ιωάννινα',1),(328,'16',10206,'',0,'','Πρέβεζα',1),(329,'17',10213,'',0,'','Γρεβενά',1),(330,'18',10213,'',0,'','Καστοριά',1),(331,'19',10213,'',0,'','Κοζάνη',1),(332,'20',10213,'',0,'','Φλώρινα',1),(333,'21',10212,'',0,'','Καρδίτσα',1),(334,'22',10212,'',0,'','Λάρισα',1),(335,'23',10212,'',0,'','Μαγνησία',1),(336,'24',10212,'',0,'','Τρίκαλα',1),(337,'25',10212,'',0,'','Σποράδες',1),(338,'26',10212,'',0,'','Βοιωτία',1),(339,'27',10202,'',0,'','Εύβοια',1),(340,'28',10202,'',0,'','Ευρυτανία',1),(341,'29',10202,'',0,'','Φθιώτιδα',1),(342,'30',10202,'',0,'','Φωκίδα',1),(343,'31',10209,'',0,'','Αργολίδα',1),(344,'32',10209,'',0,'','Αρκαδία',1),(345,'33',10209,'',0,'','Κορινθία',1),(346,'34',10209,'',0,'','Λακωνία',1),(347,'35',10209,'',0,'','Μεσσηνία',1),(348,'36',10211,'',0,'','Αιτωλοακαρνανία',1),(349,'37',10211,'',0,'','Αχαΐα',1),(350,'38',10211,'',0,'','Ηλεία',1),(351,'39',10207,'',0,'','Ζάκυνθος',1),(352,'40',10207,'',0,'','Κέρκυρα',1),(353,'41',10207,'',0,'','Κεφαλληνία',1),(354,'42',10207,'',0,'','Ιθάκη',1),(355,'43',10207,'',0,'','Λευκάδα',1),(356,'44',10208,'',0,'','Ικαρία',1),(357,'45',10208,'',0,'','Λέσβος',1),(358,'46',10208,'',0,'','Λήμνος',1),(359,'47',10208,'',0,'','Σάμος',1),(360,'48',10208,'',0,'','Χίος',1),(361,'49',10210,'',0,'','Άνδρος',1),(362,'50',10210,'',0,'','Θήρα',1),(363,'51',10210,'',0,'','Κάλυμνος',1),(364,'52',10210,'',0,'','Κάρπαθος',1),(365,'53',10210,'',0,'','Κέα-Κύθνος',1),(366,'54',10210,'',0,'','Κω',1),(367,'55',10210,'',0,'','Μήλος',1),(368,'56',10210,'',0,'','Μύκονος',1),(369,'57',10210,'',0,'','Νάξος',1),(370,'58',10210,'',0,'','Πάρος',1),(371,'59',10210,'',0,'','Ρόδος',1),(372,'60',10210,'',0,'','Σύρος',1),(373,'61',10210,'',0,'','Τήνος',1),(374,'62',10204,'',0,'','Ηράκλειο',1),(375,'63',10204,'',0,'','Λασίθι',1),(376,'64',10204,'',0,'','Ρέθυμνο',1),(377,'65',10204,'',0,'','Χανιά',1),(378,'AG',601,NULL,NULL,'ARGOVIE','Argovie',1),(379,'AI',601,NULL,NULL,'APPENZELL RHODES INTERIEURES','Appenzell Rhodes intérieures',1),(380,'AR',601,NULL,NULL,'APPENZELL RHODES EXTERIEURES','Appenzell Rhodes extérieures',1),(381,'BE',601,NULL,NULL,'BERNE','Berne',1),(382,'BL',601,NULL,NULL,'BALE CAMPAGNE','Bâle Campagne',1),(383,'BS',601,NULL,NULL,'BALE VILLE','Bâle Ville',1),(384,'FR',601,NULL,NULL,'FRIBOURG','Fribourg',1),(385,'GE',601,NULL,NULL,'GENEVE','Genève',1),(386,'GL',601,NULL,NULL,'GLARIS','Glaris',1),(387,'GR',601,NULL,NULL,'GRISONS','Grisons',1),(388,'JU',601,NULL,NULL,'JURA','Jura',1),(389,'LU',601,NULL,NULL,'LUCERNE','Lucerne',1),(390,'NE',601,NULL,NULL,'NEUCHATEL','Neuchâtel',1),(391,'NW',601,NULL,NULL,'NIDWALD','Nidwald',1),(392,'OW',601,NULL,NULL,'OBWALD','Obwald',1),(393,'SG',601,NULL,NULL,'SAINT-GALL','Saint-Gall',1),(394,'SH',601,NULL,NULL,'SCHAFFHOUSE','Schaffhouse',1),(395,'SO',601,NULL,NULL,'SOLEURE','Soleure',1),(396,'SZ',601,NULL,NULL,'SCHWYZ','Schwyz',1),(397,'TG',601,NULL,NULL,'THURGOVIE','Thurgovie',1),(398,'TI',601,NULL,NULL,'TESSIN','Tessin',1),(399,'UR',601,NULL,NULL,'URI','Uri',1),(400,'VD',601,NULL,NULL,'VAUD','Vaud',1),(401,'VS',601,NULL,NULL,'VALAIS','Valais',1),(402,'ZG',601,NULL,NULL,'ZUG','Zug',1),(403,'ZH',601,NULL,NULL,'ZURICH','Zürich',1),(404,'701',701,NULL,0,NULL,'Bedfordshire',1),(405,'702',701,NULL,0,NULL,'Berkshire',1),(406,'703',701,NULL,0,NULL,'Bristol, City of',1),(407,'704',701,NULL,0,NULL,'Buckinghamshire',1),(408,'705',701,NULL,0,NULL,'Cambridgeshire',1),(409,'706',701,NULL,0,NULL,'Cheshire',1),(410,'707',701,NULL,0,NULL,'Cleveland',1),(411,'708',701,NULL,0,NULL,'Cornwall',1),(412,'709',701,NULL,0,NULL,'Cumberland',1),(413,'710',701,NULL,0,NULL,'Cumbria',1),(414,'711',701,NULL,0,NULL,'Derbyshire',1),(415,'712',701,NULL,0,NULL,'Devon',1),(416,'713',701,NULL,0,NULL,'Dorset',1),(417,'714',701,NULL,0,NULL,'Co. Durham',1),(418,'715',701,NULL,0,NULL,'East Riding of Yorkshire',1),(419,'716',701,NULL,0,NULL,'East Sussex',1),(420,'717',701,NULL,0,NULL,'Essex',1),(421,'718',701,NULL,0,NULL,'Gloucestershire',1),(422,'719',701,NULL,0,NULL,'Greater Manchester',1),(423,'720',701,NULL,0,NULL,'Hampshire',1),(424,'721',701,NULL,0,NULL,'Hertfordshire',1),(425,'722',701,NULL,0,NULL,'Hereford and Worcester',1),(426,'723',701,NULL,0,NULL,'Herefordshire',1),(427,'724',701,NULL,0,NULL,'Huntingdonshire',1),(428,'725',701,NULL,0,NULL,'Isle of Man',1),(429,'726',701,NULL,0,NULL,'Isle of Wight',1),(430,'727',701,NULL,0,NULL,'Jersey',1),(431,'728',701,NULL,0,NULL,'Kent',1),(432,'729',701,NULL,0,NULL,'Lancashire',1),(433,'730',701,NULL,0,NULL,'Leicestershire',1),(434,'731',701,NULL,0,NULL,'Lincolnshire',1),(435,'732',701,NULL,0,NULL,'London - City of London',1),(436,'733',701,NULL,0,NULL,'Merseyside',1),(437,'734',701,NULL,0,NULL,'Middlesex',1),(438,'735',701,NULL,0,NULL,'Norfolk',1),(439,'736',701,NULL,0,NULL,'North Yorkshire',1),(440,'737',701,NULL,0,NULL,'North Riding of Yorkshire',1),(441,'738',701,NULL,0,NULL,'Northamptonshire',1),(442,'739',701,NULL,0,NULL,'Northumberland',1),(443,'740',701,NULL,0,NULL,'Nottinghamshire',1),(444,'741',701,NULL,0,NULL,'Oxfordshire',1),(445,'742',701,NULL,0,NULL,'Rutland',1),(446,'743',701,NULL,0,NULL,'Shropshire',1),(447,'744',701,NULL,0,NULL,'Somerset',1),(448,'745',701,NULL,0,NULL,'Staffordshire',1),(449,'746',701,NULL,0,NULL,'Suffolk',1),(450,'747',701,NULL,0,NULL,'Surrey',1),(451,'748',701,NULL,0,NULL,'Sussex',1),(452,'749',701,NULL,0,NULL,'Tyne and Wear',1),(453,'750',701,NULL,0,NULL,'Warwickshire',1),(454,'751',701,NULL,0,NULL,'West Midlands',1),(455,'752',701,NULL,0,NULL,'West Sussex',1),(456,'753',701,NULL,0,NULL,'West Yorkshire',1),(457,'754',701,NULL,0,NULL,'West Riding of Yorkshire',1),(458,'755',701,NULL,0,NULL,'Wiltshire',1),(459,'756',701,NULL,0,NULL,'Worcestershire',1),(460,'757',701,NULL,0,NULL,'Yorkshire',1),(461,'758',702,NULL,0,NULL,'Anglesey',1),(462,'759',702,NULL,0,NULL,'Breconshire',1),(463,'760',702,NULL,0,NULL,'Caernarvonshire',1),(464,'761',702,NULL,0,NULL,'Cardiganshire',1),(465,'762',702,NULL,0,NULL,'Carmarthenshire',1),(466,'763',702,NULL,0,NULL,'Ceredigion',1),(467,'764',702,NULL,0,NULL,'Denbighshire',1),(468,'765',702,NULL,0,NULL,'Flintshire',1),(469,'766',702,NULL,0,NULL,'Glamorgan',1),(470,'767',702,NULL,0,NULL,'Gwent',1),(471,'768',702,NULL,0,NULL,'Gwynedd',1),(472,'769',702,NULL,0,NULL,'Merionethshire',1),(473,'770',702,NULL,0,NULL,'Monmouthshire',1),(474,'771',702,NULL,0,NULL,'Mid Glamorgan',1),(475,'772',702,NULL,0,NULL,'Montgomeryshire',1),(476,'773',702,NULL,0,NULL,'Pembrokeshire',1),(477,'774',702,NULL,0,NULL,'Powys',1),(478,'775',702,NULL,0,NULL,'Radnorshire',1),(479,'776',702,NULL,0,NULL,'South Glamorgan',1),(480,'777',703,NULL,0,NULL,'Aberdeen, City of',1),(481,'778',703,NULL,0,NULL,'Angus',1),(482,'779',703,NULL,0,NULL,'Argyll',1),(483,'780',703,NULL,0,NULL,'Ayrshire',1),(484,'781',703,NULL,0,NULL,'Banffshire',1),(485,'782',703,NULL,0,NULL,'Berwickshire',1),(486,'783',703,NULL,0,NULL,'Bute',1),(487,'784',703,NULL,0,NULL,'Caithness',1),(488,'785',703,NULL,0,NULL,'Clackmannanshire',1),(489,'786',703,NULL,0,NULL,'Dumfriesshire',1),(490,'787',703,NULL,0,NULL,'Dumbartonshire',1),(491,'788',703,NULL,0,NULL,'Dundee, City of',1),(492,'789',703,NULL,0,NULL,'East Lothian',1),(493,'790',703,NULL,0,NULL,'Fife',1),(494,'791',703,NULL,0,NULL,'Inverness',1),(495,'792',703,NULL,0,NULL,'Kincardineshire',1),(496,'793',703,NULL,0,NULL,'Kinross-shire',1),(497,'794',703,NULL,0,NULL,'Kirkcudbrightshire',1),(498,'795',703,NULL,0,NULL,'Lanarkshire',1),(499,'796',703,NULL,0,NULL,'Midlothian',1),(500,'797',703,NULL,0,NULL,'Morayshire',1),(501,'798',703,NULL,0,NULL,'Nairnshire',1),(502,'799',703,NULL,0,NULL,'Orkney',1),(503,'800',703,NULL,0,NULL,'Peebleshire',1),(504,'801',703,NULL,0,NULL,'Perthshire',1),(505,'802',703,NULL,0,NULL,'Renfrewshire',1),(506,'803',703,NULL,0,NULL,'Ross & Cromarty',1),(507,'804',703,NULL,0,NULL,'Roxburghshire',1),(508,'805',703,NULL,0,NULL,'Selkirkshire',1),(509,'806',703,NULL,0,NULL,'Shetland',1),(510,'807',703,NULL,0,NULL,'Stirlingshire',1),(511,'808',703,NULL,0,NULL,'Sutherland',1),(512,'809',703,NULL,0,NULL,'West Lothian',1),(513,'810',703,NULL,0,NULL,'Wigtownshire',1),(514,'811',704,NULL,0,NULL,'Antrim',1),(515,'812',704,NULL,0,NULL,'Armagh',1),(516,'813',704,NULL,0,NULL,'Co. Down',1),(517,'814',704,NULL,0,NULL,'Co. Fermanagh',1),(518,'815',704,NULL,0,NULL,'Co. Londonderry',1),(519,'AL',1101,'',0,'ALABAMA','Alabama',1),(520,'AK',1101,'',0,'ALASKA','Alaska',1),(521,'AZ',1101,'',0,'ARIZONA','Arizona',1),(522,'AR',1101,'',0,'ARKANSAS','Arkansas',1),(523,'CA',1101,'',0,'CALIFORNIA','California',1),(524,'CO',1101,'',0,'COLORADO','Colorado',1),(525,'CT',1101,'',0,'CONNECTICUT','Connecticut',1),(526,'DE',1101,'',0,'DELAWARE','Delaware',1),(527,'FL',1101,'',0,'FLORIDA','Florida',1),(528,'GA',1101,'',0,'GEORGIA','Georgia',1),(529,'HI',1101,'',0,'HAWAII','Hawaii',1),(530,'ID',1101,'',0,'IDAHO','Idaho',1),(531,'IL',1101,'',0,'ILLINOIS','Illinois',1),(532,'IN',1101,'',0,'INDIANA','Indiana',1),(533,'IA',1101,'',0,'IOWA','Iowa',1),(534,'KS',1101,'',0,'KANSAS','Kansas',1),(535,'KY',1101,'',0,'KENTUCKY','Kentucky',1),(536,'LA',1101,'',0,'LOUISIANA','Louisiana',1),(537,'ME',1101,'',0,'MAINE','Maine',1),(538,'MD',1101,'',0,'MARYLAND','Maryland',1),(539,'MA',1101,'',0,'MASSACHUSSETTS','Massachusetts',1),(540,'MI',1101,'',0,'MICHIGAN','Michigan',1),(541,'MN',1101,'',0,'MINNESOTA','Minnesota',1),(542,'MS',1101,'',0,'MISSISSIPPI','Mississippi',1),(543,'MO',1101,'',0,'MISSOURI','Missouri',1),(544,'MT',1101,'',0,'MONTANA','Montana',1),(545,'NE',1101,'',0,'NEBRASKA','Nebraska',1),(546,'NV',1101,'',0,'NEVADA','Nevada',1),(547,'NH',1101,'',0,'NEW HAMPSHIRE','New Hampshire',1),(548,'NJ',1101,'',0,'NEW JERSEY','New Jersey',1),(549,'NM',1101,'',0,'NEW MEXICO','New Mexico',1),(550,'NY',1101,'',0,'NEW YORK','New York',1),(551,'NC',1101,'',0,'NORTH CAROLINA','North Carolina',1),(552,'ND',1101,'',0,'NORTH DAKOTA','North Dakota',1),(553,'OH',1101,'',0,'OHIO','Ohio',1),(554,'OK',1101,'',0,'OKLAHOMA','Oklahoma',1),(555,'OR',1101,'',0,'OREGON','Oregon',1),(556,'PA',1101,'',0,'PENNSYLVANIA','Pennsylvania',1),(557,'RI',1101,'',0,'RHODE ISLAND','Rhode Island',1),(558,'SC',1101,'',0,'SOUTH CAROLINA','South Carolina',1),(559,'SD',1101,'',0,'SOUTH DAKOTA','South Dakota',1),(560,'TN',1101,'',0,'TENNESSEE','Tennessee',1),(561,'TX',1101,'',0,'TEXAS','Texas',1),(562,'UT',1101,'',0,'UTAH','Utah',1),(563,'VT',1101,'',0,'VERMONT','Vermont',1),(564,'VA',1101,'',0,'VIRGINIA','Virginia',1),(565,'WA',1101,'',0,'WASHINGTON','Washington',1),(566,'WV',1101,'',0,'WEST VIRGINIA','West Virginia',1),(567,'WI',1101,'',0,'WISCONSIN','Wisconsin',1),(568,'WY',1101,'',0,'WYOMING','Wyoming',1),(569,'GR',1701,NULL,NULL,NULL,'Groningen',1),(570,'FR',1701,NULL,NULL,NULL,'Friesland',1),(571,'DR',1701,NULL,NULL,NULL,'Drenthe',1),(572,'OV',1701,NULL,NULL,NULL,'Overijssel',1),(573,'GD',1701,NULL,NULL,NULL,'Gelderland',1),(574,'FL',1701,NULL,NULL,NULL,'Flevoland',1),(575,'UT',1701,NULL,NULL,NULL,'Utrecht',1),(576,'NH',1701,NULL,NULL,NULL,'Noord-Holland',1),(577,'ZH',1701,NULL,NULL,NULL,'Zuid-Holland',1),(578,'ZL',1701,NULL,NULL,NULL,'Zeeland',1),(579,'NB',1701,NULL,NULL,NULL,'Noord-Brabant',1),(580,'LB',1701,NULL,NULL,NULL,'Limburg',1),(581,'SS',8601,'',0,'','San Salvador',1),(582,'SA',8603,'',0,'','Santa Ana',1),(583,'AH',8603,'',0,'','Ahuachapan',1),(584,'SO',8603,'',0,'','Sonsonate',1),(585,'US',8602,'',0,'','Usulutan',1),(586,'SM',8602,'',0,'','San Miguel',1),(587,'MO',8602,'',0,'','Morazan',1),(588,'LU',8602,'',0,'','La Union',1),(589,'LL',8601,'',0,'','La Libertad',1),(590,'CH',8601,'',0,'','Chalatenango',1),(591,'CA',8601,'',0,'','Cabañas',1),(592,'LP',8601,'',0,'','La Paz',1),(593,'SV',8601,'',0,'','San Vicente',1),(594,'CU',8601,'',0,'','Cuscatlan',1),(595,'2301',2301,'',0,'CATAMARCA','Catamarca',1),(596,'2302',2301,'',0,'JUJUY','Jujuy',1),(597,'2303',2301,'',0,'TUCAMAN','Tucamán',1),(598,'2304',2301,'',0,'SANTIAGO DEL ESTERO','Santiago del Estero',1),(599,'2305',2301,'',0,'SALTA','Salta',1),(600,'2306',2302,'',0,'CHACO','Chaco',1),(601,'2307',2302,'',0,'CORRIENTES','Corrientes',1),(602,'2308',2302,'',0,'ENTRE RIOS','Entre Ríos',1),(603,'2309',2302,'',0,'FORMOSA MISIONES','Formosa Misiones',1),(604,'2310',2302,'',0,'SANTA FE','Santa Fe',1),(605,'2311',2303,'',0,'LA RIOJA','La Rioja',1),(606,'2312',2303,'',0,'MENDOZA','Mendoza',1),(607,'2313',2303,'',0,'SAN JUAN','San Juan',1),(608,'2314',2303,'',0,'SAN LUIS','San Luis',1),(609,'2315',2304,'',0,'CORDOBA','Córdoba',1),(610,'2316',2304,'',0,'BUENOS AIRES','Buenos Aires',1),(611,'2317',2304,'',0,'CABA','Caba',1),(612,'2318',2305,'',0,'LA PAMPA','La Pampa',1),(613,'2319',2305,'',0,'NEUQUEN','Neuquén',1),(614,'2320',2305,'',0,'RIO NEGRO','Río Negro',1),(615,'2321',2305,'',0,'CHUBUT','Chubut',1),(616,'2322',2305,'',0,'SANTA CRUZ','Santa Cruz',1),(617,'2323',2305,'',0,'TIERRA DEL FUEGO','Tierra del Fuego',1),(618,'2324',2305,'',0,'ISLAS MALVINAS','Islas Malvinas',1),(619,'2325',2305,'',0,'ANTARTIDA','Antártida',1),(620,'AC',5601,'ACRE',0,'AC','Acre',1),(621,'AL',5601,'ALAGOAS',0,'AL','Alagoas',1),(622,'AP',5601,'AMAPA',0,'AP','Amapá',1),(623,'AM',5601,'AMAZONAS',0,'AM','Amazonas',1),(624,'BA',5601,'BAHIA',0,'BA','Bahia',1),(625,'CE',5601,'CEARA',0,'CE','Ceará',1),(626,'ES',5601,'ESPIRITO SANTO',0,'ES','Espirito Santo',1),(627,'GO',5601,'GOIAS',0,'GO','Goiás',1),(628,'MA',5601,'MARANHAO',0,'MA','Maranhão',1),(629,'MT',5601,'MATO GROSSO',0,'MT','Mato Grosso',1),(630,'MS',5601,'MATO GROSSO DO SUL',0,'MS','Mato Grosso do Sul',1),(631,'MG',5601,'MINAS GERAIS',0,'MG','Minas Gerais',1),(632,'PA',5601,'PARA',0,'PA','Pará',1),(633,'PB',5601,'PARAIBA',0,'PB','Paraiba',1),(634,'PR',5601,'PARANA',0,'PR','Paraná',1),(635,'PE',5601,'PERNAMBUCO',0,'PE','Pernambuco',1),(636,'PI',5601,'PIAUI',0,'PI','Piauí',1),(637,'RJ',5601,'RIO DE JANEIRO',0,'RJ','Rio de Janeiro',1),(638,'RN',5601,'RIO GRANDE DO NORTE',0,'RN','Rio Grande do Norte',1),(639,'RS',5601,'RIO GRANDE DO SUL',0,'RS','Rio Grande do Sul',1),(640,'RO',5601,'RONDONIA',0,'RO','Rondônia',1),(641,'RR',5601,'RORAIMA',0,'RR','Roraima',1),(642,'SC',5601,'SANTA CATARINA',0,'SC','Santa Catarina',1),(643,'SE',5601,'SERGIPE',0,'SE','Sergipe',1),(644,'SP',5601,'SAO PAULO',0,'SP','Sao Paulo',1),(645,'TO',5601,'TOCANTINS',0,'TO','Tocantins',1),(646,'DF',5601,'DISTRITO FEDERAL',0,'DF','Distrito Federal',1),(647,'151',6715,'',0,'151','Arica',1),(648,'152',6715,'',0,'152','Parinacota',1),(649,'011',6701,'',0,'011','Iquique',1),(650,'014',6701,'',0,'014','Tamarugal',1),(651,'021',6702,'',0,'021','Antofagasa',1),(652,'022',6702,'',0,'022','El Loa',1),(653,'023',6702,'',0,'023','Tocopilla',1),(654,'031',6703,'',0,'031','Copiapó',1),(655,'032',6703,'',0,'032','Chañaral',1),(656,'033',6703,'',0,'033','Huasco',1),(657,'041',6704,'',0,'041','Elqui',1),(658,'042',6704,'',0,'042','Choapa',1),(659,'043',6704,'',0,'043','Limarí',1),(660,'051',6705,'',0,'051','Valparaíso',1),(661,'052',6705,'',0,'052','Isla de Pascua',1),(662,'053',6705,'',0,'053','Los Andes',1),(663,'054',6705,'',0,'054','Petorca',1),(664,'055',6705,'',0,'055','Quillota',1),(665,'056',6705,'',0,'056','San Antonio',1),(666,'057',6705,'',0,'057','San Felipe de Aconcagua',1),(667,'058',6705,'',0,'058','Marga Marga',1),(668,'061',6706,'',0,'061','Cachapoal',1),(669,'062',6706,'',0,'062','Cardenal Caro',1),(670,'063',6706,'',0,'063','Colchagua',1),(671,'071',6707,'',0,'071','Talca',1),(672,'072',6707,'',0,'072','Cauquenes',1),(673,'073',6707,'',0,'073','Curicó',1),(674,'074',6707,'',0,'074','Linares',1),(675,'081',6708,'',0,'081','Concepción',1),(676,'082',6708,'',0,'082','Arauco',1),(677,'083',6708,'',0,'083','Biobío',1),(678,'084',6708,'',0,'084','Ñuble',1),(679,'091',6709,'',0,'091','Cautín',1),(680,'092',6709,'',0,'092','Malleco',1),(681,'141',6714,'',0,'141','Valdivia',1),(682,'142',6714,'',0,'142','Ranco',1),(683,'101',6710,'',0,'101','Llanquihue',1),(684,'102',6710,'',0,'102','Chiloé',1),(685,'103',6710,'',0,'103','Osorno',1),(686,'104',6710,'',0,'104','Palena',1),(687,'111',6711,'',0,'111','Coihaique',1),(688,'112',6711,'',0,'112','Aisén',1),(689,'113',6711,'',0,'113','Capitán Prat',1),(690,'114',6711,'',0,'114','General Carrera',1),(691,'121',6712,'',0,'121','Magallanes',1),(692,'122',6712,'',0,'122','Antártica Chilena',1),(693,'123',6712,'',0,'123','Tierra del Fuego',1),(694,'124',6712,'',0,'124','Última Esperanza',1),(695,'131',6713,'',0,'131','Santiago',1),(696,'132',6713,'',0,'132','Cordillera',1),(697,'133',6713,'',0,'133','Chacabuco',1),(698,'134',6713,'',0,'134','Maipo',1),(699,'135',6713,'',0,'135','Melipilla',1),(700,'136',6713,'',0,'136','Talagante',1),(701,'AN',11701,NULL,0,'AN','Andaman & Nicobar',1),(702,'AP',11701,NULL,0,'AP','Andhra Pradesh',1),(703,'AR',11701,NULL,0,'AR','Arunachal Pradesh',1),(704,'AS',11701,NULL,0,'AS','Assam',1),(705,'BR',11701,NULL,0,'BR','Bihar',1),(706,'CG',11701,NULL,0,'CG','Chattisgarh',1),(707,'CH',11701,NULL,0,'CH','Chandigarh',1),(708,'DD',11701,NULL,0,'DD','Daman & Diu',1),(709,'DL',11701,NULL,0,'DL','Delhi',1),(710,'DN',11701,NULL,0,'DN','Dadra and Nagar Haveli',1),(711,'GA',11701,NULL,0,'GA','Goa',1),(712,'GJ',11701,NULL,0,'GJ','Gujarat',1),(713,'HP',11701,NULL,0,'HP','Himachal Pradesh',1),(714,'HR',11701,NULL,0,'HR','Haryana',1),(715,'JH',11701,NULL,0,'JH','Jharkhand',1),(716,'JK',11701,NULL,0,'JK','Jammu & Kashmir',1),(717,'KA',11701,NULL,0,'KA','Karnataka',1),(718,'KL',11701,NULL,0,'KL','Kerala',1),(719,'LD',11701,NULL,0,'LD','Lakshadweep',1),(720,'MH',11701,NULL,0,'MH','Maharashtra',1),(721,'ML',11701,NULL,0,'ML','Meghalaya',1),(722,'MN',11701,NULL,0,'MN','Manipur',1),(723,'MP',11701,NULL,0,'MP','Madhya Pradesh',1),(724,'MZ',11701,NULL,0,'MZ','Mizoram',1),(725,'NL',11701,NULL,0,'NL','Nagaland',1),(726,'OR',11701,NULL,0,'OR','Orissa',1),(727,'PB',11701,NULL,0,'PB','Punjab',1),(728,'PY',11701,NULL,0,'PY','Puducherry',1),(729,'RJ',11701,NULL,0,'RJ','Rajasthan',1),(730,'SK',11701,NULL,0,'SK','Sikkim',1),(731,'TN',11701,NULL,0,'TN','Tamil Nadu',1),(732,'TR',11701,NULL,0,'TR','Tripura',1),(733,'UL',11701,NULL,0,'UL','Uttarakhand',1),(734,'UP',11701,NULL,0,'UP','Uttar Pradesh',1),(735,'WB',11701,NULL,0,'WB','West Bengal',1),(736,'DIF',15401,'',0,'DIF','Distrito Federal',1),(737,'AGS',15401,'',0,'AGS','Aguascalientes',1),(738,'BCN',15401,'',0,'BCN','Baja California Norte',1),(739,'BCS',15401,'',0,'BCS','Baja California Sur',1),(740,'CAM',15401,'',0,'CAM','Campeche',1),(741,'CHP',15401,'',0,'CHP','Chiapas',1),(742,'CHI',15401,'',0,'CHI','Chihuahua',1),(743,'COA',15401,'',0,'COA','Coahuila',1),(744,'COL',15401,'',0,'COL','Colima',1),(745,'DUR',15401,'',0,'DUR','Durango',1),(746,'GTO',15401,'',0,'GTO','Guanajuato',1),(747,'GRO',15401,'',0,'GRO','Guerrero',1),(748,'HGO',15401,'',0,'HGO','Hidalgo',1),(749,'JAL',15401,'',0,'JAL','Jalisco',1),(750,'MEX',15401,'',0,'MEX','México',1),(751,'MIC',15401,'',0,'MIC','Michoacán de Ocampo',1),(752,'MOR',15401,'',0,'MOR','Morelos',1),(753,'NAY',15401,'',0,'NAY','Nayarit',1),(754,'NLE',15401,'',0,'NLE','Nuevo León',1),(755,'OAX',15401,'',0,'OAX','Oaxaca',1),(756,'PUE',15401,'',0,'PUE','Puebla',1),(757,'QRO',15401,'',0,'QRO','Querétaro',1),(758,'ROO',15401,'',0,'ROO','Quintana Roo',1),(759,'SLP',15401,'',0,'SLP','San Luis Potosí',1),(760,'SIN',15401,'',0,'SIN','Sinaloa',1),(761,'SON',15401,'',0,'SON','Sonora',1),(762,'TAB',15401,'',0,'TAB','Tabasco',1),(763,'TAM',15401,'',0,'TAM','Tamaulipas',1),(764,'TLX',15401,'',0,'TLX','Tlaxcala',1),(765,'VER',15401,'',0,'VER','Veracruz',1),(766,'YUC',15401,'',0,'YUC','Yucatán',1),(767,'ZAC',15401,'',0,'ZAC','Zacatecas',1),(768,'ANT',7001,'',0,'ANT','Antioquia',1),(769,'BOL',7001,'',0,'BOL','Bolívar',1),(770,'BOY',7001,'',0,'BOY','Boyacá',1),(771,'CAL',7001,'',0,'CAL','Caldas',1),(772,'CAU',7001,'',0,'CAU','Cauca',1),(773,'CUN',7001,'',0,'CUN','Cundinamarca',1),(774,'HUI',7001,'',0,'HUI','Huila',1),(775,'LAG',7001,'',0,'LAG','La Guajira',1),(776,'MET',7001,'',0,'MET','Meta',1),(777,'NAR',7001,'',0,'NAR','Nariño',1),(778,'NDS',7001,'',0,'NDS','Norte de Santander',1),(779,'SAN',7001,'',0,'SAN','Santander',1),(780,'SUC',7001,'',0,'SUC','Sucre',1),(781,'TOL',7001,'',0,'TOL','Tolima',1),(782,'VAC',7001,'',0,'VAC','Valle del Cauca',1),(783,'RIS',7001,'',0,'RIS','Risalda',1),(784,'ATL',7001,'',0,'ATL','Atlántico',1),(785,'COR',7001,'',0,'COR','Córdoba',1),(786,'SAP',7001,'',0,'SAP','San Andrés, Providencia y Santa Catalina',1),(787,'ARA',7001,'',0,'ARA','Arauca',1),(788,'CAS',7001,'',0,'CAS','Casanare',1),(789,'AMA',7001,'',0,'AMA','Amazonas',1),(790,'CAQ',7001,'',0,'CAQ','Caquetá',1),(791,'CHO',7001,'',0,'CHO','Chocó',1),(792,'GUA',7001,'',0,'GUA','Guainía',1),(793,'GUV',7001,'',0,'GUV','Guaviare',1),(794,'PUT',7001,'',0,'PUT','Putumayo',1),(795,'QUI',7001,'',0,'QUI','Quindío',1),(796,'VAU',7001,'',0,'VAU','Vaupés',1),(797,'BOG',7001,'',0,'BOG','Bogotá',1),(798,'VID',7001,'',0,'VID','Vichada',1),(799,'CES',7001,'',0,'CES','Cesar',1),(800,'MAG',7001,'',0,'MAG','Magdalena',1),(801,'AT',11401,'',0,'AT','Atlántida',1),(802,'CH',11401,'',0,'CH','Choluteca',1),(803,'CL',11401,'',0,'CL','Colón',1),(804,'CM',11401,'',0,'CM','Comayagua',1),(805,'CO',11401,'',0,'CO','Copán',1),(806,'CR',11401,'',0,'CR','Cortés',1),(807,'EP',11401,'',0,'EP','El Paraíso',1),(808,'FM',11401,'',0,'FM','Francisco Morazán',1),(809,'GD',11401,'',0,'GD','Gracias a Dios',1),(810,'IN',11401,'',0,'IN','Intibucá',1),(811,'IB',11401,'',0,'IB','Islas de la Bahía',1),(812,'LP',11401,'',0,'LP','La Paz',1),(813,'LM',11401,'',0,'LM','Lempira',1),(814,'OC',11401,'',0,'OC','Ocotepeque',1),(815,'OL',11401,'',0,'OL','Olancho',1),(816,'SB',11401,'',0,'SB','Santa Bárbara',1),(817,'VL',11401,'',0,'VL','Valle',1),(818,'YO',11401,'',0,'YO','Yoro',1),(819,'DC',11401,'',0,'DC','Distrito Central',1),(820,'CC',4601,'Oistins',0,'CC','Christ Church',1),(821,'SA',4601,'Greenland',0,'SA','Saint Andrew',1),(822,'SG',4601,'Bulkeley',0,'SG','Saint George',1),(823,'JA',4601,'Holetown',0,'JA','Saint James',1),(824,'SJ',4601,'Four Roads',0,'SJ','Saint John',1),(825,'SB',4601,'Bathsheba',0,'SB','Saint Joseph',1),(826,'SL',4601,'Crab Hill',0,'SL','Saint Lucy',1),(827,'SM',4601,'Bridgetown',0,'SM','Saint Michael',1),(828,'SP',4601,'Speightstown',0,'SP','Saint Peter',1),(829,'SC',4601,'Crane',0,'SC','Saint Philip',1),(830,'ST',4601,'Hillaby',0,'ST','Saint Thomas',1),(831,'VE-L',23201,'',0,'VE-L','Mérida',1),(832,'VE-T',23201,'',0,'VE-T','Trujillo',1),(833,'VE-E',23201,'',0,'VE-E','Barinas',1),(834,'VE-M',23202,'',0,'VE-M','Miranda',1),(835,'VE-W',23202,'',0,'VE-W','Vargas',1),(836,'VE-A',23202,'',0,'VE-A','Distrito Capital',1),(837,'VE-D',23203,'',0,'VE-D','Aragua',1),(838,'VE-G',23203,'',0,'VE-G','Carabobo',1),(839,'VE-I',23204,'',0,'VE-I','Falcón',1),(840,'VE-K',23204,'',0,'VE-K','Lara',1),(841,'VE-U',23204,'',0,'VE-U','Yaracuy',1),(842,'VE-F',23205,'',0,'VE-F','Bolívar',1),(843,'VE-X',23205,'',0,'VE-X','Amazonas',1),(844,'VE-Y',23205,'',0,'VE-Y','Delta Amacuro',1),(845,'VE-O',23206,'',0,'VE-O','Nueva Esparta',1),(846,'VE-Z',23206,'',0,'VE-Z','Dependencias Federales',1),(847,'VE-C',23207,'',0,'VE-C','Apure',1),(848,'VE-J',23207,'',0,'VE-J','Guárico',1),(849,'VE-H',23207,'',0,'VE-H','Cojedes',1),(850,'VE-P',23207,'',0,'VE-P','Portuguesa',1),(851,'VE-B',23208,'',0,'VE-B','Anzoátegui',1),(852,'VE-N',23208,'',0,'VE-N','Monagas',1),(853,'VE-R',23208,'',0,'VE-R','Sucre',1),(854,'VE-V',23209,'',0,'VE-V','Zulia',1),(855,'VE-S',23209,'',0,'VE-S','Táchira',1),(856,'AL01',1301,'',0,'','Wilaya d\'Adrar',1),(857,'AL02',1301,'',0,'','Wilaya de Chlef',1),(858,'AL03',1301,'',0,'','Wilaya de Laghouat',1),(859,'AL04',1301,'',0,'','Wilaya d\'Oum El Bouaghi',1),(860,'AL05',1301,'',0,'','Wilaya de Batna',1),(861,'AL06',1301,'',0,'','Wilaya de Béjaïa',1),(862,'AL07',1301,'',0,'','Wilaya de Biskra',1),(863,'AL08',1301,'',0,'','Wilaya de Béchar',1),(864,'AL09',1301,'',0,'','Wilaya de Blida',1),(865,'AL11',1301,'',0,'','Wilaya de Bouira',1),(866,'AL12',1301,'',0,'','Wilaya de Tamanrasset',1),(867,'AL13',1301,'',0,'','Wilaya de Tébessa',1),(868,'AL14',1301,'',0,'','Wilaya de Tlemcen',1),(869,'AL15',1301,'',0,'','Wilaya de Tiaret',1),(870,'AL16',1301,'',0,'','Wilaya de Tizi Ouzou',1),(871,'AL17',1301,'',0,'','Wilaya d\'Alger',1),(872,'AL18',1301,'',0,'','Wilaya de Djelfa',1),(873,'AL19',1301,'',0,'','Wilaya de Jijel',1),(874,'AL20',1301,'',0,'','Wilaya de Sétif	',1),(875,'AL21',1301,'',0,'','Wilaya de Saïda',1),(876,'AL22',1301,'',0,'','Wilaya de Skikda',1),(877,'AL23',1301,'',0,'','Wilaya de Sidi Bel Abbès',1),(878,'AL24',1301,'',0,'','Wilaya d\'Annaba',1),(879,'AL25',1301,'',0,'','Wilaya de Guelma',1),(880,'AL26',1301,'',0,'','Wilaya de Constantine',1),(881,'AL27',1301,'',0,'','Wilaya de Médéa',1),(882,'AL28',1301,'',0,'','Wilaya de Mostaganem',1),(883,'AL29',1301,'',0,'','Wilaya de M\'Sila',1),(884,'AL30',1301,'',0,'','Wilaya de Mascara',1),(885,'AL31',1301,'',0,'','Wilaya d\'Ouargla',1),(886,'AL32',1301,'',0,'','Wilaya d\'Oran',1),(887,'AL33',1301,'',0,'','Wilaya d\'El Bayadh',1),(888,'AL34',1301,'',0,'','Wilaya d\'Illizi',1),(889,'AL35',1301,'',0,'','Wilaya de Bordj Bou Arreridj',1),(890,'AL36',1301,'',0,'','Wilaya de Boumerdès',1),(891,'AL37',1301,'',0,'','Wilaya d\'El Tarf',1),(892,'AL38',1301,'',0,'','Wilaya de Tindouf',1),(893,'AL39',1301,'',0,'','Wilaya de Tissemsilt',1),(894,'AL40',1301,'',0,'','Wilaya d\'El Oued',1),(895,'AL41',1301,'',0,'','Wilaya de Khenchela',1),(896,'AL42',1301,'',0,'','Wilaya de Souk Ahras',1),(897,'AL43',1301,'',0,'','Wilaya de Tipaza',1),(898,'AL44',1301,'',0,'','Wilaya de Mila',1),(899,'AL45',1301,'',0,'','Wilaya d\'Aïn Defla',1),(900,'AL46',1301,'',0,'','Wilaya de Naâma',1),(901,'AL47',1301,'',0,'','Wilaya d\'Aïn Témouchent',1),(902,'AL48',1301,'',0,'','Wilaya de Ghardaia',1),(903,'AL49',1301,'',0,'','Wilaya de Relizane',1),(904,'MA',1209,'',0,'','Province de Benslimane',1),(905,'MA1',1209,'',0,'','Province de Berrechid',1),(906,'MA2',1209,'',0,'','Province de Khouribga',1),(907,'MA3',1209,'',0,'','Province de Settat',1),(908,'MA4',1210,'',0,'','Province d\'El Jadida',1),(909,'MA5',1210,'',0,'','Province de Safi',1),(910,'MA6',1210,'',0,'','Province de Sidi Bennour',1),(911,'MA7',1210,'',0,'','Province de Youssoufia',1),(912,'MA6B',1205,'',0,'','Préfecture de Fès',1),(913,'MA7B',1205,'',0,'','Province de Boulemane',1),(914,'MA8',1205,'',0,'','Province de Moulay Yacoub',1),(915,'MA9',1205,'',0,'','Province de Sefrou',1),(916,'MA8A',1202,'',0,'','Province de Kénitra',1),(917,'MA9A',1202,'',0,'','Province de Sidi Kacem',1),(918,'MA10',1202,'',0,'','Province de Sidi Slimane',1),(919,'MA11',1208,'',0,'','Préfecture de Casablanca',1),(920,'MA12',1208,'',0,'','Préfecture de Mohammédia',1),(921,'MA13',1208,'',0,'','Province de Médiouna',1),(922,'MA14',1208,'',0,'','Province de Nouaceur',1),(923,'MA15',1214,'',0,'','Province d\'Assa-Zag',1),(924,'MA16',1214,'',0,'','Province d\'Es-Semara',1),(925,'MA17A',1214,'',0,'','Province de Guelmim',1),(926,'MA18',1214,'',0,'','Province de Tata',1),(927,'MA19',1214,'',0,'','Province de Tan-Tan',1),(928,'MA15',1215,'',0,'','Province de Boujdour',1),(929,'MA16',1215,'',0,'','Province de Lâayoune',1),(930,'MA17',1215,'',0,'','Province de Tarfaya',1),(931,'MA18',1211,'',0,'','Préfecture de Marrakech',1),(932,'MA19',1211,'',0,'','Province d\'Al Haouz',1),(933,'MA20',1211,'',0,'','Province de Chichaoua',1),(934,'MA21',1211,'',0,'','Province d\'El Kelâa des Sraghna',1),(935,'MA22',1211,'',0,'','Province d\'Essaouira',1),(936,'MA23',1211,'',0,'','Province de Rehamna',1),(937,'MA24',1206,'',0,'','Préfecture de Meknès',1),(938,'MA25',1206,'',0,'','Province d’El Hajeb',1),(939,'MA26',1206,'',0,'','Province d\'Errachidia',1),(940,'MA27',1206,'',0,'','Province d’Ifrane',1),(941,'MA28',1206,'',0,'','Province de Khénifra',1),(942,'MA29',1206,'',0,'','Province de Midelt',1),(943,'MA30',1204,'',0,'','Préfecture d\'Oujda-Angad',1),(944,'MA31',1204,'',0,'','Province de Berkane',1),(945,'MA32',1204,'',0,'','Province de Driouch',1),(946,'MA33',1204,'',0,'','Province de Figuig',1),(947,'MA34',1204,'',0,'','Province de Jerada',1),(948,'MA35',1204,'',0,'','Province de Nadorgg',1),(949,'MA36',1204,'',0,'','Province de Taourirt',1),(950,'MA37',1216,'',0,'','Province d\'Aousserd',1),(951,'MA38',1216,'',0,'','Province d\'Oued Ed-Dahab',1),(952,'MA39',1207,'',0,'','Préfecture de Rabat',1),(953,'MA40',1207,'',0,'','Préfecture de Skhirat-Témara',1),(954,'MA41',1207,'',0,'','Préfecture de Salé',1),(955,'MA42',1207,'',0,'','Province de Khémisset',1),(956,'MA43',1213,'',0,'','Préfecture d\'Agadir Ida-Outanane',1),(957,'MA44',1213,'',0,'','Préfecture d\'Inezgane-Aït Melloul',1),(958,'MA45',1213,'',0,'','Province de Chtouka-Aït Baha',1),(959,'MA46',1213,'',0,'','Province d\'Ouarzazate',1),(960,'MA47',1213,'',0,'','Province de Sidi Ifni',1),(961,'MA48',1213,'',0,'','Province de Taroudant',1),(962,'MA49',1213,'',0,'','Province de Tinghir',1),(963,'MA50',1213,'',0,'','Province de Tiznit',1),(964,'MA51',1213,'',0,'','Province de Zagora',1),(965,'MA52',1212,'',0,'','Province d\'Azilal',1),(966,'MA53',1212,'',0,'','Province de Beni Mellal',1),(967,'MA54',1212,'',0,'','Province de Fquih Ben Salah',1),(968,'MA55',1201,'',0,'','Préfecture de M\'diq-Fnideq',1),(969,'MA56',1201,'',0,'','Préfecture de Tanger-Asilah',1),(970,'MA57',1201,'',0,'','Province de Chefchaouen',1),(971,'MA58',1201,'',0,'','Province de Fahs-Anjra',1),(972,'MA59',1201,'',0,'','Province de Larache',1),(973,'MA60',1201,'',0,'','Province d\'Ouezzane',1),(974,'MA61',1201,'',0,'','Province de Tétouan',1),(975,'MA62',1203,'',0,'','Province de Guercif',1),(976,'MA63',1203,'',0,'','Province d\'Al Hoceïma',1),(977,'MA64',1203,'',0,'','Province de Taounate',1),(978,'MA65',1203,'',0,'','Province de Taza',1),(979,'MA6A',1205,'',0,'','Préfecture de Fès',1),(980,'MA7A',1205,'',0,'','Province de Boulemane',1),(981,'MA15A',1214,'',0,'','Province d\'Assa-Zag',1),(982,'MA16A',1214,'',0,'','Province d\'Es-Semara',1),(983,'MA18A',1211,'',0,'','Préfecture de Marrakech',1),(984,'MA19A',1214,'',0,'','Province de Tan-Tan',1),(985,'MA19B',1214,'',0,'','Province de Tan-Tan',1),(986,'TN01',1001,'',0,'','Ariana',1),(987,'TN02',1001,'',0,'','Béja',1),(988,'TN03',1001,'',0,'','Ben Arous',1),(989,'TN04',1001,'',0,'','Bizerte',1),(990,'TN05',1001,'',0,'','Gabès',1),(991,'TN06',1001,'',0,'','Gafsa',1),(992,'TN07',1001,'',0,'','Jendouba',1),(993,'TN08',1001,'',0,'','Kairouan',1),(994,'TN09',1001,'',0,'','Kasserine',1),(995,'TN10',1001,'',0,'','Kébili',1),(996,'TN11',1001,'',0,'','La Manouba',1),(997,'TN12',1001,'',0,'','Le Kef',1),(998,'TN13',1001,'',0,'','Mahdia',1),(999,'TN14',1001,'',0,'','Médenine',1),(1000,'TN15',1001,'',0,'','Monastir',1),(1001,'TN16',1001,'',0,'','Nabeul',1),(1002,'TN17',1001,'',0,'','Sfax',1),(1003,'TN18',1001,'',0,'','Sidi Bouzid',1),(1004,'TN19',1001,'',0,'','Siliana',1),(1005,'TN20',1001,'',0,'','Sousse',1),(1006,'TN21',1001,'',0,'','Tataouine',1),(1007,'TN22',1001,'',0,'','Tozeur',1),(1008,'TN23',1001,'',0,'','Tunis',1),(1009,'TN24',1001,'',0,'','Zaghouan',1);

--
-- Table structure for table `llx_c_ecotaxe`
--

CREATE TABLE `llx_c_ecotaxe` (
  `rowid` int(11) NOT NULL AUTO_INCREMENT,
  `code` varchar(64) NOT NULL,
  `libelle` varchar(255) DEFAULT NULL,
  `price` double(24,8) DEFAULT NULL,
  `organization` varchar(255) DEFAULT NULL,
  `fk_pays` int(11) NOT NULL,
  `active` tinyint(4) NOT NULL DEFAULT '1',
  PRIMARY KEY (`rowid`),
  UNIQUE KEY `uk_c_ecotaxe` (`code`)
) ENGINE=InnoDB AUTO_INCREMENT=39 DEFAULT CHARSET=utf8;

--
-- Dumping data for table `llx_c_ecotaxe`
--

INSERT INTO `llx_c_ecotaxe` (`rowid`, `code`, `libelle`, `price`, `organization`, `fk_pays`, `active`) VALUES (1,'ER-A-A','Materiels electriques < 0,2kg',0.01000000,'ERP',1,1),(2,'ER-A-B','Materiels electriques >= 0,2 kg et < 0,5 kg',0.03000000,'ERP',1,1),(3,'ER-A-C','Materiels electriques >= 0,5 kg et < 1 kg',0.04000000,'ERP',1,1),(4,'ER-A-D','Materiels electriques >= 1 kg et < 2 kg',0.13000000,'ERP',1,1),(5,'ER-A-E','Materiels electriques >= 2 kg et < 4kg',0.21000000,'ERP',1,1),(6,'ER-A-F','Materiels electriques >= 4 kg et < 8 kg',0.42000000,'ERP',1,1),(7,'ER-A-G','Materiels electriques >= 8 kg et < 15 kg',0.84000000,'ERP',1,1),(8,'ER-A-H','Materiels electriques >= 15 kg et < 20 kg',1.25000000,'ERP',1,1),(9,'ER-A-I','Materiels electriques >= 20 kg et < 30 kg',1.88000000,'ERP',1,1),(10,'ER-A-J','Materiels electriques >= 30 kg',3.34000000,'ERP',1,1),(11,'ER-M-1','TV, Moniteurs < 9kg',0.84000000,'ERP',1,1),(12,'ER-M-2','TV, Moniteurs >= 9kg et < 15kg',1.67000000,'ERP',1,1),(13,'ER-M-3','TV, Moniteurs >= 15kg et < 30kg',3.34000000,'ERP',1,1),(14,'ER-M-4','TV, Moniteurs >= 30 kg',6.69000000,'ERP',1,1),(15,'EC-A-A','Materiels electriques  0,2 kg max',0.00840000,'Ecologic',1,1),(16,'EC-A-B','Materiels electriques 0,21 kg min - 0,50 kg max',0.02500000,'Ecologic',1,1),(17,'EC-A-C','Materiels electriques  0,51 kg min - 1 kg max',0.04000000,'Ecologic',1,1),(18,'EC-A-D','Materiels electriques  1,01 kg min - 2,5 kg max',0.13000000,'Ecologic',1,1),(19,'EC-A-E','Materiels electriques  2,51 kg min - 4 kg max',0.21000000,'Ecologic',1,1),(20,'EC-A-F','Materiels electriques 4,01 kg min - 8 kg max',0.42000000,'Ecologic',1,1),(21,'EC-A-G','Materiels electriques  8,01 kg min - 12 kg max',0.63000000,'Ecologic',1,1),(22,'EC-A-H','Materiels electriques 12,01 kg min - 20 kg max',1.05000000,'Ecologic',1,1),(23,'EC-A-I','Materiels electriques  20,01 kg min',1.88000000,'Ecologic',1,1),(24,'EC-M-1','TV, Moniteurs 9 kg max',0.84000000,'Ecologic',1,1),(25,'EC-M-2','TV, Moniteurs 9,01 kg min - 18 kg max',1.67000000,'Ecologic',1,1),(26,'EC-M-3','TV, Moniteurs 18,01 kg min - 36 kg max',3.34000000,'Ecologic',1,1),(27,'EC-M-4','TV, Moniteurs 36,01 kg min',6.69000000,'Ecologic',1,1),(28,'ES-M-1','TV, Moniteurs <= 20 pouces',0.84000000,'Eco-systemes',1,1),(29,'ES-M-2','TV, Moniteurs > 20 pouces et <= 32 pouces',3.34000000,'Eco-systemes',1,1),(30,'ES-M-3','TV, Moniteurs > 32 pouces et autres grands ecrans',6.69000000,'Eco-systemes',1,1),(31,'ES-A-A','Ordinateur fixe, Audio home systems (HIFI), elements hifi separes',0.84000000,'Eco-systemes',1,1),(32,'ES-A-B','Ordinateur portable, CD-RCR, VCR, lecteurs et enregistreurs DVD, instruments de musique et caisses de resonance, haut parleurs...',0.25000000,'Eco-systemes',1,1),(33,'ES-A-C','Imprimante, photocopieur, telecopieur',0.42000000,'Eco-systemes',1,1),(34,'ES-A-D','Accessoires, clavier, souris, PDA, imprimante photo, appareil photo, gps, telephone, repondeur, telephone sans fil, modem, telecommande, casque, camescope, baladeur mp3, radio portable, radio K7 et CD portable, radio reveil',0.08400000,'Eco-systemes',1,1),(35,'ES-A-E','GSM',0.00840000,'Eco-systemes',1,1),(36,'ES-A-F','Jouets et equipements de loisirs et de sports < 0,5 kg',0.04200000,'Eco-systemes',1,1),(37,'ES-A-G','Jouets et equipements de loisirs et de sports > 0,5 kg',0.17000000,'Eco-systemes',1,1),(38,'ES-A-H','Jouets et equipements de loisirs et de sports > 10 kg',1.25000000,'Eco-systemes',1,1);

--
-- Table structure for table `llx_c_effectif`
--

CREATE TABLE `llx_c_effectif` (
  `id` int(11) NOT NULL,
  `code` varchar(12) NOT NULL,
  `libelle` varchar(30) DEFAULT NULL,
  `active` tinyint(4) NOT NULL DEFAULT '1',
  `module` varchar(32) DEFAULT NULL,
  PRIMARY KEY (`id`),
  UNIQUE KEY `uk_c_effectif` (`code`)
) ENGINE=InnoDB DEFAULT CHARSET=utf8;

--
-- Dumping data for table `llx_c_effectif`
--

INSERT INTO `llx_c_effectif` (`id`, `code`, `libelle`, `active`, `module`) VALUES (0,'EF0','-',1,NULL),(1,'EF1-5','1 - 5',1,NULL),(2,'EF6-10','6 - 10',1,NULL),(3,'EF11-50','11 - 50',1,NULL),(4,'EF51-100','51 - 100',1,NULL),(5,'EF100-500','100 - 500',1,NULL),(6,'EF500-','> 500',1,NULL);

--
-- Table structure for table `llx_c_email_templates`
--

CREATE TABLE `llx_c_email_templates` (
  `rowid` int(11) NOT NULL AUTO_INCREMENT,
  `entity` int(11) NOT NULL DEFAULT '1',
  `module` varchar(32) DEFAULT NULL,
  `type_template` varchar(32) DEFAULT NULL,
  `lang` varchar(6) DEFAULT NULL,
  `private` smallint(6) NOT NULL DEFAULT '0',
  `fk_user` int(11) DEFAULT NULL,
  `datec` datetime DEFAULT NULL,
  `tms` timestamp NOT NULL DEFAULT CURRENT_TIMESTAMP ON UPDATE CURRENT_TIMESTAMP,
  `label` varchar(255) DEFAULT NULL,
  `position` smallint(6) DEFAULT NULL,
  `active` tinyint(4) NOT NULL DEFAULT '1',
  `topic` text,
  `content` text,
  PRIMARY KEY (`rowid`),
  UNIQUE KEY `uk_c_email_templates` (`entity`,`label`,`lang`),
  KEY `idx_type` (`type_template`)
) ENGINE=InnoDB DEFAULT CHARSET=utf8;

--
-- Dumping data for table `llx_c_email_templates`
--


--
-- Table structure for table `llx_c_field_list`
--

CREATE TABLE `llx_c_field_list` (
  `rowid` int(11) NOT NULL AUTO_INCREMENT,
  `tms` timestamp NOT NULL DEFAULT CURRENT_TIMESTAMP ON UPDATE CURRENT_TIMESTAMP,
  `element` varchar(64) NOT NULL,
  `entity` int(11) NOT NULL DEFAULT '1',
  `name` varchar(32) NOT NULL,
  `alias` varchar(32) NOT NULL,
  `title` varchar(32) NOT NULL,
  `align` varchar(6) DEFAULT 'left',
  `sort` tinyint(4) NOT NULL DEFAULT '1',
  `search` tinyint(4) NOT NULL DEFAULT '0',
  `enabled` varchar(255) DEFAULT '1',
  `rang` int(11) DEFAULT '0',
  PRIMARY KEY (`rowid`)
) ENGINE=InnoDB DEFAULT CHARSET=utf8;

--
-- Dumping data for table `llx_c_field_list`
--


--
-- Table structure for table `llx_c_forme_juridique`
--

CREATE TABLE `llx_c_forme_juridique` (
  `rowid` int(11) NOT NULL AUTO_INCREMENT,
  `code` int(11) NOT NULL,
  `fk_pays` int(11) NOT NULL,
  `libelle` varchar(255) DEFAULT NULL,
  `isvatexempted` tinyint(4) NOT NULL DEFAULT '0',
  `active` tinyint(4) NOT NULL DEFAULT '1',
  `module` varchar(32) DEFAULT NULL,
  PRIMARY KEY (`rowid`),
  UNIQUE KEY `uk_c_forme_juridique` (`code`)
) ENGINE=InnoDB AUTO_INCREMENT=193 DEFAULT CHARSET=utf8;

--
-- Dumping data for table `llx_c_forme_juridique`
--

INSERT INTO `llx_c_forme_juridique` (`rowid`, `code`, `fk_pays`, `libelle`, `isvatexempted`, `active`, `module`) VALUES (1,0,0,'-',0,1,NULL),(2,2301,23,'Monotributista',0,1,NULL),(3,2302,23,'Sociedad Civil',0,1,NULL),(4,2303,23,'Sociedades Comerciales',0,1,NULL),(5,2304,23,'Sociedades de Hecho',0,1,NULL),(6,2305,23,'Sociedades Irregulares',0,1,NULL),(7,2306,23,'Sociedad Colectiva',0,1,NULL),(8,2307,23,'Sociedad en Comandita Simple',0,1,NULL),(9,2308,23,'Sociedad de Capital e Industria',0,1,NULL),(10,2309,23,'Sociedad Accidental o en participación',0,1,NULL),(11,2310,23,'Sociedad de Responsabilidad Limitada',0,1,NULL),(12,2311,23,'Sociedad Anónima',0,1,NULL),(13,2312,23,'Sociedad Anónima con Participación Estatal Mayoritaria',0,1,NULL),(14,2313,23,'Sociedad en Comandita por Acciones (arts. 315 a 324, LSC)',0,1,NULL),(15,11,1,'Artisan Commerçant (EI)',0,1,NULL),(16,12,1,'Commerçant (EI)',0,1,NULL),(17,13,1,'Artisan (EI)',0,1,NULL),(18,14,1,'Officier public ou ministériel',0,1,NULL),(19,15,1,'Profession libérale (EI)',0,1,NULL),(20,16,1,'Exploitant agricole',0,1,NULL),(21,17,1,'Agent commercial',0,1,NULL),(22,18,1,'Associé Gérant de société',0,1,NULL),(23,19,1,'Personne physique',0,1,NULL),(24,21,1,'Indivision',0,1,NULL),(25,22,1,'Société créée de fait',0,1,NULL),(26,23,1,'Société en participation',0,1,NULL),(27,27,1,'Paroisse hors zone concordataire',0,1,NULL),(28,29,1,'Groupement de droit privé non doté de la personnalité morale',0,1,NULL),(29,31,1,'Personne morale de droit étranger, immatriculée au RCS',0,1,NULL),(30,32,1,'Personne morale de droit étranger, non immatriculée au RCS',0,1,NULL),(31,35,1,'Régime auto-entrepreneur',0,1,NULL),(32,41,1,'Établissement public ou régie à caractère industriel ou commercial',0,1,NULL),(33,51,1,'Société coopérative commerciale particulière',0,1,NULL),(34,52,1,'Société en nom collectif',0,1,NULL),(35,53,1,'Société en commandite',0,1,NULL),(36,54,1,'Société à responsabilité limitée (SARL)',0,1,NULL),(37,55,1,'Société anonyme à conseil d administration',0,1,NULL),(38,56,1,'Société anonyme à directoire',0,1,NULL),(39,57,1,'Société par actions simplifiée (SAS)',0,1,NULL),(40,58,1,'Entreprise Unipersonnelle à Responsabilité Limitée (EURL)',0,1,NULL),(41,59,1,'Société par actions simplifiée unipersonnelle (SASU)',0,1,NULL),(42,61,1,'Caisse d\'épargne et de prévoyance',0,1,NULL),(43,62,1,'Groupement d\'intérêt économique (GIE)',0,1,NULL),(44,63,1,'Société coopérative agricole',0,1,NULL),(45,64,1,'Société non commerciale d assurances',0,1,NULL),(46,65,1,'Société civile',0,1,NULL),(47,69,1,'Personnes de droit privé inscrites au RCS',0,1,NULL),(48,71,1,'Administration de l état',0,1,NULL),(49,72,1,'Collectivité territoriale',0,1,NULL),(50,73,1,'Établissement public administratif',0,1,NULL),(51,74,1,'Personne morale de droit public administratif',0,1,NULL),(52,81,1,'Organisme gérant régime de protection social à adhésion obligatoire',0,1,NULL),(53,82,1,'Organisme mutualiste',0,1,NULL),(54,83,1,'Comité d entreprise',0,1,NULL),(55,84,1,'Organisme professionnel',0,1,NULL),(56,85,1,'Organisme de retraite à adhésion non obligatoire',0,1,NULL),(57,91,1,'Syndicat de propriétaires',0,1,NULL),(58,92,1,'Association loi 1901 ou assimilé',0,1,NULL),(59,93,1,'Fondation',0,1,NULL),(60,99,1,'Personne morale de droit privé',0,1,NULL),(61,200,2,'Indépendant',0,1,NULL),(62,201,2,'SPRL - Société à responsabilité limitée',0,1,NULL),(63,202,2,'SA   - Société Anonyme',0,1,NULL),(64,203,2,'SCRL - Société coopérative à responsabilité limitée',0,1,NULL),(65,204,2,'ASBL - Association sans but Lucratif',0,1,NULL),(66,205,2,'SCRI - Société coopérative à responsabilité illimitée',0,1,NULL),(67,206,2,'SCS  - Société en commandite simple',0,1,NULL),(68,207,2,'SCA  - Société en commandite par action',0,1,NULL),(69,208,2,'SNC  - Société en nom collectif',0,1,NULL),(70,209,2,'GIE  - Groupement d intérêt économique',0,1,NULL),(71,210,2,'GEIE - Groupement européen d intérêt économique',0,1,NULL),(72,220,2,'Eenmanszaak',0,1,NULL),(73,221,2,'BVBA - Besloten vennootschap met beperkte aansprakelijkheid',0,1,NULL),(74,222,2,'NV   - Naamloze Vennootschap',0,1,NULL),(75,223,2,'CVBA - Coöperatieve vennootschap met beperkte aansprakelijkheid',0,1,NULL),(76,224,2,'VZW  - Vereniging zonder winstoogmerk',0,1,NULL),(77,225,2,'CVOA - Coöperatieve vennootschap met onbeperkte aansprakelijkheid ',0,1,NULL),(78,226,2,'GCV  - Gewone commanditaire vennootschap',0,1,NULL),(79,227,2,'Comm.VA - Commanditaire vennootschap op aandelen',0,1,NULL),(80,228,2,'VOF  - Vennootschap onder firma',0,1,NULL),(81,229,2,'VS0  - Vennootschap met sociaal oogmerk',0,1,NULL),(82,500,5,'GmbH - Gesellschaft mit beschränkter Haftung',0,1,NULL),(83,501,5,'AG - Aktiengesellschaft ',0,1,NULL),(84,502,5,'GmbH&Co. KG - Gesellschaft mit beschränkter Haftung & Compagnie Kommanditgesellschaft',0,1,NULL),(85,503,5,'Gewerbe - Personengesellschaft',0,1,NULL),(86,504,5,'UG - Unternehmergesellschaft -haftungsbeschränkt-',0,1,NULL),(87,505,5,'GbR - Gesellschaft des bürgerlichen Rechts',0,1,NULL),(88,506,5,'KG - Kommanditgesellschaft',0,1,NULL),(89,507,5,'Ltd. - Limited Company',0,1,NULL),(90,508,5,'OHG - Offene Handelsgesellschaft',0,1,NULL),(91,10201,102,'Ατομική επιχείρηση',0,1,NULL),(92,10202,102,'Εταιρική  επιχείρηση',0,1,NULL),(93,10203,102,'Ομόρρυθμη Εταιρεία Ο.Ε',0,1,NULL),(94,10204,102,'Ετερόρρυθμη Εταιρεία Ε.Ε',0,1,NULL),(95,10205,102,'Εταιρεία Περιορισμένης Ευθύνης Ε.Π.Ε',0,1,NULL),(96,10206,102,'Ανώνυμη Εταιρεία Α.Ε',0,1,NULL),(97,10207,102,'Ανώνυμη ναυτιλιακή εταιρεία Α.Ν.Ε',0,1,NULL),(98,10208,102,'Συνεταιρισμός',0,1,NULL),(99,10209,102,'Συμπλοιοκτησία',0,1,NULL),(100,301,3,'Società semplice',0,1,NULL),(101,302,3,'Società in nome collettivo s.n.c.',0,1,NULL),(102,303,3,'Società in accomandita semplice s.a.s.',0,1,NULL),(103,304,3,'Società per azioni s.p.a.',0,1,NULL),(104,305,3,'Società a responsabilità limitata s.r.l.',0,1,NULL),(105,306,3,'Società in accomandita per azioni s.a.p.a.',0,1,NULL),(106,307,3,'Società cooperativa a r.l.',0,1,NULL),(107,308,3,'Società consortile',0,1,NULL),(108,309,3,'Società europea',0,1,NULL),(109,310,3,'Società cooperativa europea',0,1,NULL),(110,311,3,'Società unipersonale',0,1,NULL),(111,312,3,'Società di professionisti',0,1,NULL),(112,313,3,'Società di fatto',0,1,NULL),(113,315,3,'Società apparente',0,1,NULL),(114,316,3,'Impresa individuale ',0,1,NULL),(115,317,3,'Impresa coniugale',0,1,NULL),(116,318,3,'Impresa familiare',0,1,NULL),(117,319,3,'Consorzio cooperativo',0,1,NULL),(118,320,3,'Società cooperativa sociale',0,1,NULL),(119,321,3,'Società cooperativa di consumo',0,1,NULL),(120,322,3,'Società cooperativa agricola',0,1,NULL),(121,323,3,'A.T.I. Associazione temporanea di imprese',0,1,NULL),(122,324,3,'R.T.I. Raggruppamento temporaneo di imprese',0,1,NULL),(123,325,3,'Studio associato',0,1,NULL),(124,600,6,'Raison Individuelle',0,1,NULL),(125,601,6,'Société Simple',0,1,NULL),(126,602,6,'Société en nom collectif',0,1,NULL),(127,603,6,'Société en commandite',0,1,NULL),(128,604,6,'Société anonyme (SA)',0,1,NULL),(129,605,6,'Société en commandite par actions',0,1,NULL),(130,606,6,'Société à responsabilité limitée (SARL)',0,1,NULL),(131,607,6,'Société coopérative',0,1,NULL),(132,608,6,'Association',0,1,NULL),(133,609,6,'Fondation',0,1,NULL),(134,700,7,'Sole Trader',0,1,NULL),(135,701,7,'Partnership',0,1,NULL),(136,702,7,'Private Limited Company by shares (LTD)',0,1,NULL),(137,703,7,'Public Limited Company',0,1,NULL),(138,704,7,'Workers Cooperative',0,1,NULL),(139,705,7,'Limited Liability Partnership',0,1,NULL),(140,706,7,'Franchise',0,1,NULL),(141,1000,10,'Société à responsabilité limitée (SARL)',0,1,NULL),(142,1001,10,'Société en Nom Collectif (SNC)',0,1,NULL),(143,1002,10,'Société en Commandite Simple (SCS)',0,1,NULL),(144,1003,10,'société en participation',0,1,NULL),(145,1004,10,'Société Anonyme (SA)',0,1,NULL),(146,1005,10,'Société Unipersonnelle à Responsabilité Limitée (SUARL)',0,1,NULL),(147,1006,10,'Groupement d\'intérêt économique (GEI)',0,1,NULL),(148,1007,10,'Groupe de sociétés',0,1,NULL),(149,1701,17,'Eenmanszaak',0,1,NULL),(150,1702,17,'Maatschap',0,1,NULL),(151,1703,17,'Vennootschap onder firma',0,1,NULL),(152,1704,17,'Commanditaire vennootschap',0,1,NULL),(153,1705,17,'Besloten vennootschap (BV)',0,1,NULL),(154,1706,17,'Naamloze Vennootschap (NV)',0,1,NULL),(155,1707,17,'Vereniging',0,1,NULL),(156,1708,17,'Stichting',0,1,NULL),(157,1709,17,'Coöperatie met beperkte aansprakelijkheid (BA)',0,1,NULL),(158,1710,17,'Coöperatie met uitgesloten aansprakelijkheid (UA)',0,1,NULL),(159,1711,17,'Coöperatie met wettelijke aansprakelijkheid (WA)',0,1,NULL),(160,1712,17,'Onderlinge waarborgmaatschappij',0,1,NULL),(161,401,4,'Empresario Individual',0,1,NULL),(162,402,4,'Comunidad de Bienes',0,1,NULL),(163,403,4,'Sociedad Civil',0,1,NULL),(164,404,4,'Sociedad Colectiva',0,1,NULL),(165,405,4,'Sociedad Limitada',0,1,NULL),(166,406,4,'Sociedad Anónima',0,1,NULL),(167,407,4,'Sociedad Comanditaria por Acciones',0,1,NULL),(168,408,4,'Sociedad Comanditaria Simple',0,1,NULL),(169,409,4,'Sociedad Laboral',0,1,NULL),(170,410,4,'Sociedad Cooperativa',0,1,NULL),(171,411,4,'Sociedad de Garantía Recíproca',0,1,NULL),(172,412,4,'Entidad de Capital-Riesgo',0,1,NULL),(173,413,4,'Agrupación de Interés Económico',0,1,NULL),(174,414,4,'Sociedad de Inversión Mobiliaria',0,1,NULL),(175,415,4,'Agrupación sin Ánimo de Lucro',0,1,NULL),(176,15201,152,'Mauritius Private Company Limited By Shares',0,1,NULL),(177,15202,152,'Mauritius Company Limited By Guarantee',0,1,NULL),(178,15203,152,'Mauritius Public Company Limited By Shares',0,1,NULL),(179,15204,152,'Mauritius Foreign Company',0,1,NULL),(180,15205,152,'Mauritius GBC1 (Offshore Company)',0,1,NULL),(181,15206,152,'Mauritius GBC2 (International Company)',0,1,NULL),(182,15207,152,'Mauritius General Partnership',0,1,NULL),(183,15208,152,'Mauritius Limited Partnership',0,1,NULL),(184,15209,152,'Mauritius Sole Proprietorship',0,1,NULL),(185,15210,152,'Mauritius Trusts',0,1,NULL),(186,15401,154,'Sociedad en nombre colectivo',0,1,NULL),(187,15402,154,'Sociedad en comandita simple',0,1,NULL),(188,15403,154,'Sociedad de responsabilidad limitada',0,1,NULL),(189,15404,154,'Sociedad anónima',0,1,NULL),(190,15405,154,'Sociedad en comandita por acciones',0,1,NULL),(191,15406,154,'Sociedad cooperativa',0,1,NULL),(192,60,1,'Entreprise Individuelle à Responsabilité Limitée (EIRL)',0,1,NULL);

--
-- Table structure for table `llx_c_holiday_types`
--

CREATE TABLE `llx_c_holiday_types` (
  `rowid` int(11) NOT NULL AUTO_INCREMENT,
  `code` varchar(16) NOT NULL,
  `label` varchar(255) NOT NULL,
  `affect` int(11) NOT NULL,
  `delay` int(11) NOT NULL,
  `newByMonth` double(8,5) NOT NULL DEFAULT '0.00000',
  `fk_country` int(11) DEFAULT NULL,
  `active` int(11) DEFAULT '1',
  PRIMARY KEY (`rowid`),
  UNIQUE KEY `uk_c_holiday_types` (`code`)
) ENGINE=InnoDB AUTO_INCREMENT=5 DEFAULT CHARSET=utf8;

--
-- Dumping data for table `llx_c_holiday_types`
--

INSERT INTO `llx_c_holiday_types` (`rowid`, `code`, `label`, `affect`, `delay`, `newByMonth`, `fk_country`, `active`) VALUES (1,'LEAVE_PAID','Paid vacation',1,7,0.00000,NULL,1),(2,'LEAVE_SICK','Sick leave',0,0,0.00000,NULL,1),(3,'LEAVE_OTHER','Other leave',0,0,0.00000,NULL,1),(4,'LEAVE_RTT','RTT',1,7,0.83000,1,1);

--
-- Table structure for table `llx_c_incoterms`
--

CREATE TABLE `llx_c_incoterms` (
  `rowid` int(11) NOT NULL AUTO_INCREMENT,
  `code` varchar(3) NOT NULL,
  `libelle` varchar(255) NOT NULL,
  `active` tinyint(4) NOT NULL DEFAULT '1',
  PRIMARY KEY (`rowid`),
  UNIQUE KEY `uk_c_incoterms` (`code`)
) ENGINE=InnoDB AUTO_INCREMENT=12 DEFAULT CHARSET=utf8;

--
-- Dumping data for table `llx_c_incoterms`
--

INSERT INTO `llx_c_incoterms` (`rowid`, `code`, `libelle`, `active`) VALUES (1,'EXW','Ex Works, au départ non chargé, non dédouané sortie d\'usine (uniquement adapté aux flux domestiques, nationaux)',1),(2,'FCA','Free Carrier, marchandises dédouanées et chargées dans le pays de départ, chez le vendeur ou chez le commissionnaire de transport de l\'acheteur',1),(3,'FAS','Free Alongside Ship, sur le quai du port de départ',1),(4,'FOB','Free On Board, chargé sur le bateau, les frais de chargement dans celui-ci étant fonction du liner term indiqué par la compagnie maritime (à la charge du vendeur)',1),(5,'CFR','Cost and Freight, chargé dans le bateau, livraison au port de départ, frais payés jusqu\'au port d\'arrivée, sans assurance pour le transport, non déchargé du navire à destination (les frais de déchargement sont inclus ou non au port d\'arrivée)',1),(6,'CIF','Cost, Insurance and Freight, chargé sur le bateau, frais jusqu\'au port d\'arrivée, avec l\'assurance marchandise transportée souscrite par le vendeur pour le compte de l\'acheteur',1),(7,'CPT','Carriage Paid To, livraison au premier transporteur, frais jusqu\'au déchargement du mode de transport, sans assurance pour le transport',1),(8,'CIP','Carriage and Insurance Paid to, idem CPT, avec assurance marchandise transportée souscrite par le vendeur pour le compte de l\'acheteur',1),(9,'DAT','Delivered At Terminal, marchandises (déchargées) livrées sur quai, dans un terminal maritime, fluvial, aérien, routier ou ferroviaire désigné (dédouanement import, et post-acheminement payés par l\'acheteur)',1),(10,'DAP','Delivered At Place, marchandises (non déchargées) mises à disposition de l\'acheteur dans le pays d\'importation au lieu précisé dans le contrat (déchargement, dédouanement import payé par l\'acheteur)',1),(11,'DDP','Delivered Duty Paid, marchandises (non déchargées) livrées à destination finale, dédouanement import et taxes à la charge du vendeur ; l\'acheteur prend en charge uniquement le déchargement (si exclusion des taxes type TVA, le préciser clairement)',1);

--
-- Table structure for table `llx_c_input_method`
--

CREATE TABLE `llx_c_input_method` (
  `rowid` int(11) NOT NULL AUTO_INCREMENT,
  `code` varchar(30) DEFAULT NULL,
  `libelle` varchar(60) DEFAULT NULL,
  `active` tinyint(4) NOT NULL DEFAULT '1',
  `module` varchar(32) DEFAULT NULL,
  PRIMARY KEY (`rowid`),
  UNIQUE KEY `uk_c_input_method` (`code`)
) ENGINE=InnoDB AUTO_INCREMENT=6 DEFAULT CHARSET=utf8;

--
-- Dumping data for table `llx_c_input_method`
--

INSERT INTO `llx_c_input_method` (`rowid`, `code`, `libelle`, `active`, `module`) VALUES (1,'OrderByMail','Courrier',1,NULL),(2,'OrderByFax','Fax',1,NULL),(3,'OrderByEMail','EMail',1,NULL),(4,'OrderByPhone','Téléphone',1,NULL),(5,'OrderByWWW','En ligne',1,NULL);

--
-- Table structure for table `llx_c_input_reason`
--

CREATE TABLE `llx_c_input_reason` (
  `rowid` int(11) NOT NULL AUTO_INCREMENT,
  `code` varchar(30) DEFAULT NULL,
  `label` varchar(60) DEFAULT NULL,
  `active` tinyint(4) NOT NULL DEFAULT '1',
  `module` varchar(32) DEFAULT NULL,
  PRIMARY KEY (`rowid`),
  UNIQUE KEY `uk_c_input_reason` (`code`)
) ENGINE=InnoDB AUTO_INCREMENT=12 DEFAULT CHARSET=utf8;

--
-- Dumping data for table `llx_c_input_reason`
--

INSERT INTO `llx_c_input_reason` (`rowid`, `code`, `label`, `active`, `module`) VALUES (1,'SRC_INTE','Web site',1,NULL),(2,'SRC_CAMP_MAIL','Mailing campaign',1,NULL),(3,'SRC_CAMP_PHO','Phone campaign',1,NULL),(4,'SRC_CAMP_FAX','Fax campaign',1,NULL),(5,'SRC_COMM','Commercial contact',1,NULL),(6,'SRC_SHOP','Shop contact',1,NULL),(7,'SRC_CAMP_EMAIL','EMailing campaign',1,NULL),(8,'SRC_WOM','Word of mouth',1,NULL),(9,'SRC_PARTNER','Partner',1,NULL),(10,'SRC_EMPLOYEE','Employee',1,NULL),(11,'SRC_SPONSORING','Sponsorship',1,NULL);

--
-- Table structure for table `llx_c_lead_status`
--

CREATE TABLE `llx_c_lead_status` (
  `rowid` int(11) NOT NULL AUTO_INCREMENT,
  `code` varchar(10) DEFAULT NULL,
  `label` varchar(50) DEFAULT NULL,
  `position` int(11) DEFAULT NULL,
  `percent` double(5,2) DEFAULT NULL,
  `active` tinyint(4) NOT NULL DEFAULT '1',
  PRIMARY KEY (`rowid`)
) ENGINE=InnoDB AUTO_INCREMENT=8 DEFAULT CHARSET=utf8;

--
-- Dumping data for table `llx_c_lead_status`
--

INSERT INTO `llx_c_lead_status` (`rowid`, `code`, `label`, `position`, `percent`, `active`) VALUES (1,'PROSP','Prospection',10,0.00,1),(2,'QUAL','Qualification',20,20.00,1),(3,'PROPO','Proposal',30,40.00,1),(4,'NEGO','Negotiation',40,60.00,1),(5,'PENDING','Pending',50,50.00,0),(6,'WIN','Won',60,100.00,1),(7,'LOST','Lost',70,0.00,1);

--
-- Table structure for table `llx_c_paiement`
--

CREATE TABLE `llx_c_paiement` (
  `id` int(11) NOT NULL,
  `code` varchar(6) NOT NULL,
  `libelle` varchar(62) DEFAULT NULL,
  `type` smallint(6) DEFAULT NULL,
  `active` tinyint(4) NOT NULL DEFAULT '1',
  `accountancy_code` varchar(32) DEFAULT NULL,
  `module` varchar(32) DEFAULT NULL,
  PRIMARY KEY (`id`),
  UNIQUE KEY `uk_c_paiement` (`code`)
) ENGINE=InnoDB DEFAULT CHARSET=utf8;

--
-- Dumping data for table `llx_c_paiement`
--

INSERT INTO `llx_c_paiement` (`id`, `code`, `libelle`, `type`, `active`, `accountancy_code`, `module`) VALUES (0,'','-',3,1,NULL,NULL),(1,'TIP','TIP',2,1,NULL,NULL),(2,'VIR','Virement',2,1,NULL,NULL),(3,'PRE','Prélèvement',2,1,NULL,NULL),(4,'LIQ','Espèces',2,1,NULL,NULL),(6,'CB','Carte Bancaire',2,1,NULL,NULL),(7,'CHQ','Chèque',2,1,NULL,NULL),(50,'VAD','Paiement en ligne',2,0,NULL,NULL),(51,'TRA','Traite',2,0,NULL,NULL),(52,'LCR','LCR',2,0,NULL,NULL),(53,'FAC','Factor',2,0,NULL,NULL),(54,'PRO','Proforma',2,0,NULL,NULL);

--
-- Table structure for table `llx_c_paper_format`
--

CREATE TABLE `llx_c_paper_format` (
  `rowid` int(11) NOT NULL AUTO_INCREMENT,
  `code` varchar(16) NOT NULL,
  `label` varchar(50) NOT NULL,
  `width` float(6,2) DEFAULT '0.00',
  `height` float(6,2) DEFAULT '0.00',
  `unit` varchar(5) NOT NULL,
  `active` tinyint(4) NOT NULL DEFAULT '1',
  `module` varchar(32) DEFAULT NULL,
  PRIMARY KEY (`rowid`)
) ENGINE=InnoDB AUTO_INCREMENT=226 DEFAULT CHARSET=utf8;

--
-- Dumping data for table `llx_c_paper_format`
--

INSERT INTO `llx_c_paper_format` (`rowid`, `code`, `label`, `width`, `height`, `unit`, `active`, `module`) VALUES (1,'EU4A0','Format 4A0',1682.00,2378.00,'mm',1,NULL),(2,'EU2A0','Format 2A0',1189.00,1682.00,'mm',1,NULL),(3,'EUA0','Format A0',840.00,1189.00,'mm',1,NULL),(4,'EUA1','Format A1',594.00,840.00,'mm',1,NULL),(5,'EUA2','Format A2',420.00,594.00,'mm',1,NULL),(6,'EUA3','Format A3',297.00,420.00,'mm',1,NULL),(7,'EUA4','Format A4',210.00,297.00,'mm',1,NULL),(8,'EUA5','Format A5',148.00,210.00,'mm',1,NULL),(9,'EUA6','Format A6',105.00,148.00,'mm',1,NULL),(100,'USLetter','Format Letter (A)',216.00,279.00,'mm',1,NULL),(105,'USLegal','Format Legal',216.00,356.00,'mm',1,NULL),(110,'USExecutive','Format Executive',190.00,254.00,'mm',1,NULL),(115,'USLedger','Format Ledger/Tabloid (B)',279.00,432.00,'mm',1,NULL),(200,'CAP1','Format Canadian P1',560.00,860.00,'mm',1,NULL),(205,'CAP2','Format Canadian P2',430.00,560.00,'mm',1,NULL),(210,'CAP3','Format Canadian P3',280.00,430.00,'mm',1,NULL),(215,'CAP4','Format Canadian P4',215.00,280.00,'mm',1,NULL),(220,'CAP5','Format Canadian P5',140.00,215.00,'mm',1,NULL),(225,'CAP6','Format Canadian P6',107.00,140.00,'mm',1,NULL);

--
-- Table structure for table `llx_c_payment_term`
--

CREATE TABLE `llx_c_payment_term` (
  `rowid` int(11) NOT NULL,
  `code` varchar(16) DEFAULT NULL,
  `sortorder` smallint(6) DEFAULT NULL,
  `active` tinyint(4) DEFAULT '1',
  `libelle` varchar(255) DEFAULT NULL,
  `libelle_facture` text,
  `fdm` tinyint(4) DEFAULT NULL,
  `nbjour` smallint(6) DEFAULT NULL,
  `decalage` smallint(6) DEFAULT NULL,
  `module` varchar(32) DEFAULT NULL,
  PRIMARY KEY (`rowid`)
) ENGINE=InnoDB DEFAULT CHARSET=utf8;

--
-- Dumping data for table `llx_c_payment_term`
--

INSERT INTO `llx_c_payment_term` (`rowid`, `code`, `sortorder`, `active`, `libelle`, `libelle_facture`, `fdm`, `nbjour`, `decalage`, `module`) VALUES (1,'RECEP',1,1,'A réception de facture','Réception de facture',0,0,NULL,NULL),(2,'30D',2,1,'30 jours','Réglement à 30 jours',0,30,NULL,NULL),(3,'30DENDMONTH',3,1,'30 jours fin de mois','Réglement à 30 jours fin de mois',1,30,NULL,NULL),(4,'60D',5,1,'60 jours','Réglement à 60 jours',0,60,NULL,NULL),(5,'60DENDMONTH',6,1,'60 jours fin de mois','Réglement à 60 jours fin de mois',1,60,NULL,NULL),(6,'PT_ORDER',9,1,'A réception de commande','A réception de commande',0,0,NULL,NULL),(7,'PT_DELIVERY',7,1,'Livraison','Règlement à la livraison',0,0,NULL,NULL),(8,'PT_5050',8,1,'50 et 50','Règlement 50% à la commande, 50% à la livraison',0,0,NULL,NULL),(9,'30DENDMONTH10',4,1,'30 jours fin de mois le 10','Règlement à 30 jours fin de mois le 10',1,30,10,NULL);

--
-- Table structure for table `llx_c_price_expression`
--

CREATE TABLE `llx_c_price_expression` (
  `rowid` int(11) NOT NULL AUTO_INCREMENT,
  `title` varchar(20) NOT NULL,
  `expression` varchar(80) NOT NULL,
  PRIMARY KEY (`rowid`)
) ENGINE=InnoDB DEFAULT CHARSET=utf8;

--
-- Dumping data for table `llx_c_price_expression`
--


--
-- Table structure for table `llx_c_price_global_variable`
--

CREATE TABLE `llx_c_price_global_variable` (
  `rowid` int(11) NOT NULL AUTO_INCREMENT,
  `code` varchar(20) NOT NULL,
  `description` text,
  `value` double(24,8) DEFAULT '0.00000000',
  PRIMARY KEY (`rowid`)
) ENGINE=InnoDB DEFAULT CHARSET=utf8;

--
-- Dumping data for table `llx_c_price_global_variable`
--


--
-- Table structure for table `llx_c_price_global_variable_updater`
--

CREATE TABLE `llx_c_price_global_variable_updater` (
  `rowid` int(11) NOT NULL AUTO_INCREMENT,
  `type` int(11) NOT NULL,
  `description` text,
  `parameters` text,
  `fk_variable` int(11) NOT NULL,
  `update_interval` int(11) DEFAULT '0',
  `next_update` int(11) DEFAULT '0',
  `last_status` text,
  PRIMARY KEY (`rowid`)
) ENGINE=InnoDB DEFAULT CHARSET=utf8;

--
-- Dumping data for table `llx_c_price_global_variable_updater`
--


--
-- Table structure for table `llx_c_propalst`
--

CREATE TABLE `llx_c_propalst` (
  `id` smallint(6) NOT NULL,
  `code` varchar(12) NOT NULL,
  `label` varchar(30) DEFAULT NULL,
  `active` tinyint(4) NOT NULL DEFAULT '1',
  PRIMARY KEY (`id`),
  UNIQUE KEY `uk_c_propalst` (`code`)
) ENGINE=InnoDB DEFAULT CHARSET=utf8;

--
-- Dumping data for table `llx_c_propalst`
--

INSERT INTO `llx_c_propalst` (`id`, `code`, `label`, `active`) VALUES (0,'PR_DRAFT','Brouillon',1),(1,'PR_OPEN','Ouverte',1),(2,'PR_SIGNED','Signée',1),(3,'PR_NOTSIGNED','Non Signée',1),(4,'PR_FAC','Facturée',1);

--
-- Table structure for table `llx_c_prospectlevel`
--

CREATE TABLE `llx_c_prospectlevel` (
  `code` varchar(12) NOT NULL,
  `label` varchar(30) DEFAULT NULL,
  `sortorder` smallint(6) DEFAULT NULL,
  `active` smallint(6) NOT NULL DEFAULT '1',
  `module` varchar(32) DEFAULT NULL,
  PRIMARY KEY (`code`)
) ENGINE=InnoDB DEFAULT CHARSET=utf8;

--
-- Dumping data for table `llx_c_prospectlevel`
--

INSERT INTO `llx_c_prospectlevel` (`code`, `label`, `sortorder`, `active`, `module`) VALUES ('PL_HIGH','High',4,1,NULL),('PL_LOW','Low',2,1,NULL),('PL_MEDIUM','Medium',3,1,NULL),('PL_NONE','None',1,1,NULL);

--
-- Table structure for table `llx_c_regions`
--

CREATE TABLE `llx_c_regions` (
  `rowid` int(11) NOT NULL AUTO_INCREMENT,
  `code_region` int(11) NOT NULL,
  `fk_pays` int(11) NOT NULL,
  `cheflieu` varchar(50) DEFAULT NULL,
  `tncc` int(11) DEFAULT NULL,
  `nom` varchar(50) DEFAULT NULL,
  `active` tinyint(4) NOT NULL DEFAULT '1',
  PRIMARY KEY (`rowid`),
  UNIQUE KEY `code_region` (`code_region`),
  UNIQUE KEY `uk_code_region` (`code_region`),
  KEY `idx_c_regions_fk_pays` (`fk_pays`),
  CONSTRAINT `fk_c_regions_fk_pays` FOREIGN KEY (`fk_pays`) REFERENCES `llx_c_country` (`rowid`)
) ENGINE=InnoDB AUTO_INCREMENT=23210 DEFAULT CHARSET=utf8;

--
-- Dumping data for table `llx_c_regions`
--

INSERT INTO `llx_c_regions` (`rowid`, `code_region`, `fk_pays`, `cheflieu`, `tncc`, `nom`, `active`) VALUES (1,0,0,'0',0,'-',1),(101,1,1,'97105',3,'Guadeloupe',1),(102,2,1,'97209',3,'Martinique',1),(103,3,1,'97302',3,'Guyane',1),(104,4,1,'97411',3,'Réunion',1),(105,11,1,'75056',1,'Île-de-France',1),(106,21,1,'51108',0,'Champagne-Ardenne',1),(107,22,1,'80021',0,'Picardie',1),(108,23,1,'76540',0,'Haute-Normandie',1),(109,24,1,'45234',2,'Centre',1),(110,25,1,'14118',0,'Basse-Normandie',1),(111,26,1,'21231',0,'Bourgogne',1),(112,31,1,'59350',2,'Nord-Pas-de-Calais',1),(113,41,1,'57463',0,'Lorraine',1),(114,42,1,'67482',1,'Alsace',1),(115,43,1,'25056',0,'Franche-Comté',1),(116,52,1,'44109',4,'Pays de la Loire',1),(117,53,1,'35238',0,'Bretagne',1),(118,54,1,'86194',2,'Poitou-Charentes',1),(119,72,1,'33063',1,'Aquitaine',1),(120,73,1,'31555',0,'Midi-Pyrénées',1),(121,74,1,'87085',2,'Limousin',1),(122,82,1,'69123',2,'Rhône-Alpes',1),(123,83,1,'63113',1,'Auvergne',1),(124,91,1,'34172',2,'Languedoc-Roussillon',1),(125,93,1,'13055',0,'Provence-Alpes-Côte d\'Azur',1),(126,94,1,'2A004',0,'Corse',1),(201,201,2,'',1,'Flandre',1),(202,202,2,'',2,'Wallonie',1),(203,203,2,'',3,'Bruxelles-Capitale',1),(301,301,3,NULL,1,'Abruzzo',1),(302,302,3,NULL,1,'Basilicata',1),(303,303,3,NULL,1,'Calabria',1),(304,304,3,NULL,1,'Campania',1),(305,305,3,NULL,1,'Emilia-Romagna',1),(306,306,3,NULL,1,'Friuli-Venezia Giulia',1),(307,307,3,NULL,1,'Lazio',1),(308,308,3,NULL,1,'Liguria',1),(309,309,3,NULL,1,'Lombardia',1),(310,310,3,NULL,1,'Marche',1),(311,311,3,NULL,1,'Molise',1),(312,312,3,NULL,1,'Piemonte',1),(313,313,3,NULL,1,'Puglia',1),(314,314,3,NULL,1,'Sardegna',1),(315,315,3,NULL,1,'Sicilia',1),(316,316,3,NULL,1,'Toscana',1),(317,317,3,NULL,1,'Trentino-Alto Adige',1),(318,318,3,NULL,1,'Umbria',1),(319,319,3,NULL,1,'Valle d Aosta',1),(320,320,3,NULL,1,'Veneto',1),(401,401,4,'',0,'Andalucia',1),(402,402,4,'',0,'Aragón',1),(403,403,4,'',0,'Castilla y León',1),(404,404,4,'',0,'Castilla la Mancha',1),(405,405,4,'',0,'Canarias',1),(406,406,4,'',0,'Cataluña',1),(407,407,4,'',0,'Comunidad de Ceuta',1),(408,408,4,'',0,'Comunidad Foral de Navarra',1),(409,409,4,'',0,'Comunidad de Melilla',1),(410,410,4,'',0,'Cantabria',1),(411,411,4,'',0,'Comunidad Valenciana',1),(412,412,4,'',0,'Extemadura',1),(413,413,4,'',0,'Galicia',1),(414,414,4,'',0,'Islas Baleares',1),(415,415,4,'',0,'La Rioja',1),(416,416,4,'',0,'Comunidad de Madrid',1),(417,417,4,'',0,'Región de Murcia',1),(418,418,4,'',0,'Principado de Asturias',1),(419,419,4,'',0,'Pais Vasco',1),(501,501,5,'',0,'Deutschland',1),(601,601,6,'',1,'Cantons',1),(701,701,7,'',0,'England',1),(702,702,7,'',0,'Wales',1),(703,703,7,'',0,'Scotland',1),(704,704,7,'',0,'Northern Ireland',1),(1001,1001,10,'',0,'Ariana',1),(1002,1002,10,'',0,'Béja',1),(1003,1003,10,'',0,'Ben Arous',1),(1004,1004,10,'',0,'Bizerte',1),(1005,1005,10,'',0,'Gabès',1),(1006,1006,10,'',0,'Gafsa',1),(1007,1007,10,'',0,'Jendouba',1),(1008,1008,10,'',0,'Kairouan',1),(1009,1009,10,'',0,'Kasserine',1),(1010,1010,10,'',0,'Kébili',1),(1011,1011,10,'',0,'La Manouba',1),(1012,1012,10,'',0,'Le Kef',1),(1013,1013,10,'',0,'Mahdia',1),(1014,1014,10,'',0,'Médenine',1),(1015,1015,10,'',0,'Monastir',1),(1016,1016,10,'',0,'Nabeul',1),(1017,1017,10,'',0,'Sfax',1),(1018,1018,10,'',0,'Sidi Bouzid',1),(1019,1019,10,'',0,'Siliana',1),(1020,1020,10,'',0,'Sousse',1),(1021,1021,10,'',0,'Tataouine',1),(1022,1022,10,'',0,'Tozeur',1),(1023,1023,10,'',0,'Tunis',1),(1024,1024,10,'',0,'Zaghouan',1),(1101,1101,11,'',0,'United-States',1),(1201,1201,12,'',0,'Tanger-Tétouan',1),(1202,1202,12,'',0,'Gharb-Chrarda-Beni Hssen',1),(1203,1203,12,'',0,'Taza-Al Hoceima-Taounate',1),(1204,1204,12,'',0,'L\'Oriental',1),(1205,1205,12,'',0,'Fès-Boulemane',1),(1206,1206,12,'',0,'Meknès-Tafialet',1),(1207,1207,12,'',0,'Rabat-Salé-Zemour-Zaër',1),(1208,1208,12,'',0,'Grand Cassablanca',1),(1209,1209,12,'',0,'Chaouia-Ouardigha',1),(1210,1210,12,'',0,'Doukahla-Adba',1),(1211,1211,12,'',0,'Marrakech-Tensift-Al Haouz',1),(1212,1212,12,'',0,'Tadla-Azilal',1),(1213,1213,12,'',0,'Sous-Massa-Drâa',1),(1214,1214,12,'',0,'Guelmim-Es Smara',1),(1215,1215,12,'',0,'Laâyoune-Boujdour-Sakia el Hamra',1),(1216,1216,12,'',0,'Oued Ed-Dahab Lagouira',1),(1301,1301,13,'',0,'Algerie',1),(1401,1401,14,'',0,'Canada',1),(1701,1701,17,'',0,'Provincies van Nederland ',1),(2301,2301,23,'',0,'Norte',1),(2302,2302,23,'',0,'Litoral',1),(2303,2303,23,'',0,'Cuyana',1),(2304,2304,23,'',0,'Central',1),(2305,2305,23,'',0,'Patagonia',1),(2801,2801,28,'',0,'Australia',1),(4601,4601,46,'',0,'Barbados',1),(5601,5601,56,'',0,'Brasil',1),(6701,6701,67,NULL,NULL,'Tarapacá',1),(6702,6702,67,NULL,NULL,'Antofagasta',1),(6703,6703,67,NULL,NULL,'Atacama',1),(6704,6704,67,NULL,NULL,'Coquimbo',1),(6705,6705,67,NULL,NULL,'Valparaíso',1),(6706,6706,67,NULL,NULL,'General Bernardo O Higgins',1),(6707,6707,67,NULL,NULL,'Maule',1),(6708,6708,67,NULL,NULL,'Biobío',1),(6709,6709,67,NULL,NULL,'Raucanía',1),(6710,6710,67,NULL,NULL,'Los Lagos',1),(6711,6711,67,NULL,NULL,'Aysén General Carlos Ibáñez del Campo',1),(6712,6712,67,NULL,NULL,'Magallanes y Antártica Chilena',1),(6713,6713,67,NULL,NULL,'Metropolitana de Santiago',1),(6714,6714,67,NULL,NULL,'Los Ríos',1),(6715,6715,67,NULL,NULL,'Arica y Parinacota',1),(7001,7001,70,'',0,'Colombie',1),(8601,8601,86,NULL,NULL,'Central',1),(8602,8602,86,NULL,NULL,'Oriental',1),(8603,8603,86,NULL,NULL,'Occidental',1),(10201,10201,102,NULL,NULL,'Αττική',1),(10202,10202,102,NULL,NULL,'Στερεά Ελλάδα',1),(10203,10203,102,NULL,NULL,'Κεντρική Μακεδονία',1),(10204,10204,102,NULL,NULL,'Κρήτη',1),(10205,10205,102,NULL,NULL,'Ανατολική Μακεδονία και Θράκη',1),(10206,10206,102,NULL,NULL,'Ήπειρος',1),(10207,10207,102,NULL,NULL,'Ιόνια νησιά',1),(10208,10208,102,NULL,NULL,'Βόρειο Αιγαίο',1),(10209,10209,102,NULL,NULL,'Πελοπόννησος',1),(10210,10210,102,NULL,NULL,'Νότιο Αιγαίο',1),(10211,10211,102,NULL,NULL,'Δυτική Ελλάδα',1),(10212,10212,102,NULL,NULL,'Θεσσαλία',1),(10213,10213,102,NULL,NULL,'Δυτική Μακεδονία',1),(11401,11401,114,'',0,'Honduras',1),(11701,11701,117,'',0,'India',1),(15201,15201,152,'',0,'Rivière Noire',1),(15202,15202,152,'',0,'Flacq',1),(15203,15203,152,'',0,'Grand Port',1),(15204,15204,152,'',0,'Moka',1),(15205,15205,152,'',0,'Pamplemousses',1),(15206,15206,152,'',0,'Plaines Wilhems',1),(15207,15207,152,'',0,'Port-Louis',1),(15208,15208,152,'',0,'Rivière du Rempart',1),(15209,15209,152,'',0,'Savanne',1),(15210,15210,152,'',0,'Rodrigues',1),(15211,15211,152,'',0,'Les îles Agaléga',1),(15212,15212,152,'',0,'Les écueils des Cargados Carajos',1),(15401,15401,154,'',0,'Mexique',1),(23201,23201,232,'',0,'Los Andes',1),(23202,23202,232,'',0,'Capital',1),(23203,23203,232,'',0,'Central',1),(23204,23204,232,'',0,'Cento Occidental',1),(23205,23205,232,'',0,'Guayana',1),(23206,23206,232,'',0,'Insular',1),(23207,23207,232,'',0,'Los Llanos',1),(23208,23208,232,'',0,'Nor-Oriental',1),(23209,23209,232,'',0,'Zuliana',1);

--
-- Table structure for table `llx_c_revenuestamp`
--

CREATE TABLE `llx_c_revenuestamp` (
  `rowid` int(11) NOT NULL AUTO_INCREMENT,
  `fk_pays` int(11) NOT NULL,
  `taux` double NOT NULL,
  `note` varchar(128) DEFAULT NULL,
  `active` tinyint(4) NOT NULL DEFAULT '1',
  `accountancy_code_sell` varchar(32) DEFAULT NULL,
  `accountancy_code_buy` varchar(32) DEFAULT NULL,
  PRIMARY KEY (`rowid`)
) ENGINE=InnoDB AUTO_INCREMENT=102 DEFAULT CHARSET=utf8;

--
-- Dumping data for table `llx_c_revenuestamp`
--

INSERT INTO `llx_c_revenuestamp` (`rowid`, `fk_pays`, `taux`, `note`, `active`, `accountancy_code_sell`, `accountancy_code_buy`) VALUES (101,10,0.4,'Revenue stamp tunisia',1,NULL,NULL);

--
-- Table structure for table `llx_c_shipment_mode`
--

CREATE TABLE `llx_c_shipment_mode` (
  `rowid` int(11) NOT NULL AUTO_INCREMENT,
  `tms` timestamp NOT NULL DEFAULT CURRENT_TIMESTAMP ON UPDATE CURRENT_TIMESTAMP,
  `code` varchar(30) NOT NULL,
  `libelle` varchar(50) NOT NULL,
  `description` text,
  `tracking` varchar(255) NOT NULL,
  `active` tinyint(4) DEFAULT '0',
  `module` varchar(32) DEFAULT NULL,
  PRIMARY KEY (`rowid`)
) ENGINE=InnoDB AUTO_INCREMENT=9 DEFAULT CHARSET=utf8;

--
-- Dumping data for table `llx_c_shipment_mode`
--

INSERT INTO `llx_c_shipment_mode` (`rowid`, `tms`, `code`, `libelle`, `description`, `tracking`, `active`, `module`) VALUES (1,'2014-09-30 19:46:31','CATCH','Catch','Catch by client','',1,NULL),(2,'2014-09-30 19:46:31','TRANS','Transporter','Generic transporter','',1,NULL),(3,'2014-09-30 19:46:31','COLSUI','Colissimo Suivi','Colissimo Suivi','',0,NULL),(4,'2014-09-30 19:46:31','LETTREMAX','Lettre Max','Courrier Suivi et Lettre Max','',0,NULL),(5,'2014-09-30 19:46:31','UPS','UPS','United Parcel Service','http://wwwapps.ups.com/etracking/tracking.cgi?InquiryNumber2=&InquiryNumber3=&tracknums_displayed=3&loc=fr_FR&TypeOfInquiryNumber=T&HTMLVersion=4.0&InquiryNumber22=&InquiryNumber32=&track=Track&Suivi.x=64&Suivi.y=7&Suivi=Valider&InquiryNumber1={TRACKID}',0,NULL),(6,'2014-09-30 19:46:31','KIALA','KIALA','Relais Kiala','http://www.kiala.fr/tnt/delivery/{TRACKID}',0,NULL),(7,'2014-09-30 19:46:31','GLS','GLS','General Logistics Systems','http://www.gls-group.eu/276-I-PORTAL-WEB/content/GLS/FR01/FR/5004.htm?txtAction=71000&txtRefNo={TRACKID}',0,NULL),(8,'2014-09-30 19:46:31','CHRONO','Chronopost','Chronopost','http://www.chronopost.fr/expedier/inputLTNumbersNoJahia.do?listeNumeros={TRACKID}',0,NULL);

--
-- Table structure for table `llx_c_stcomm`
--

CREATE TABLE `llx_c_stcomm` (
  `id` int(11) NOT NULL,
  `code` varchar(12) NOT NULL,
  `libelle` varchar(30) DEFAULT NULL,
  `active` tinyint(4) NOT NULL DEFAULT '1',
  `picto` varchar(128) DEFAULT NULL,
  PRIMARY KEY (`id`),
  UNIQUE KEY `uk_c_stcomm` (`code`)
) ENGINE=InnoDB DEFAULT CHARSET=utf8;

--
-- Dumping data for table `llx_c_stcomm`
--

INSERT INTO `llx_c_stcomm` (`id`, `code`, `libelle`, `active`, `picto`) VALUES (-1,'ST_NO','Ne pas contacter',1,NULL),(0,'ST_NEVER','Jamais contacté',1,NULL),(1,'ST_TODO','A contacter',1,NULL),(2,'ST_PEND','Contact en cours',1,NULL),(3,'ST_DONE','Contactée',1,NULL);

--
-- Table structure for table `llx_c_tva`
--

CREATE TABLE `llx_c_tva` (
  `rowid` int(11) NOT NULL AUTO_INCREMENT,
  `fk_pays` int(11) NOT NULL,
  `taux` double NOT NULL,
  `localtax1` varchar(20) DEFAULT NULL,
  `localtax1_type` varchar(10) NOT NULL DEFAULT '0',
  `localtax2` varchar(20) DEFAULT NULL,
  `localtax2_type` varchar(10) NOT NULL DEFAULT '0',
  `recuperableonly` int(11) NOT NULL DEFAULT '0',
  `note` varchar(128) DEFAULT NULL,
  `active` tinyint(4) NOT NULL DEFAULT '1',
  `accountancy_code_sell` varchar(32) DEFAULT NULL,
  `accountancy_code_buy` varchar(32) DEFAULT NULL,
  PRIMARY KEY (`rowid`),
  UNIQUE KEY `uk_c_tva_id` (`fk_pays`,`taux`,`recuperableonly`)
) ENGINE=InnoDB AUTO_INCREMENT=2469 DEFAULT CHARSET=utf8;

--
-- Dumping data for table `llx_c_tva`
--

INSERT INTO `llx_c_tva` (`rowid`, `fk_pays`, `taux`, `localtax1`, `localtax1_type`, `localtax2`, `localtax2_type`, `recuperableonly`, `note`, `active`, `accountancy_code_sell`, `accountancy_code_buy`) VALUES (11,1,20,'0','0','0','0',0,'VAT standard rate (France hors DOM-TOM)',1,NULL,NULL),(12,1,8.5,'0','0','0','0',0,'VAT standard rate (DOM sauf Guyane et Saint-Martin)',0,NULL,NULL),(13,1,8.5,'0','0','0','0',1,'VAT standard rate (DOM sauf Guyane et Saint-Martin), non perçu par le vendeur mais récupérable par acheteur',0,NULL,NULL),(14,1,5.5,'0','0','0','0',0,'VAT reduced rate (France hors DOM-TOM)',1,NULL,NULL),(15,1,0,'0','0','0','0',0,'VAT Rate 0 ou non applicable',1,NULL,NULL),(16,1,2.1,'0','0','0','0',0,'VAT super-reduced rate',1,NULL,NULL),(17,1,10,'0','0','0','0',0,'VAT reduced rate',1,NULL,NULL),(21,2,21,'0','0','0','0',0,'VAT standard rate',1,NULL,NULL),(22,2,6,'0','0','0','0',0,'VAT reduced rate',1,NULL,NULL),(23,2,0,'0','0','0','0',0,'VAT Rate 0 ou non applicable',1,NULL,NULL),(24,2,12,'0','0','0','0',0,'VAT reduced rate',1,NULL,NULL),(31,3,21,'0','0','0','0',0,'VAT standard rate',1,NULL,NULL),(32,3,10,'0','0','0','0',0,'VAT reduced rate',1,NULL,NULL),(33,3,4,'0','0','0','0',0,'VAT super-reduced rate',1,NULL,NULL),(34,3,0,'0','0','0','0',0,'VAT Rate 0',1,NULL,NULL),(41,4,21,'5.2','3','-21','1',0,'VAT standard rate',1,NULL,NULL),(42,4,10,'1.4','3','-21','1',0,'VAT reduced rate',1,NULL,NULL),(43,4,4,'0.5','3','-21','1',0,'VAT super-reduced rate',1,NULL,NULL),(44,4,0,'0','3','-21','1',0,'VAT Rate 0',1,NULL,NULL),(51,5,19,'0','0','0','0',0,'allgemeine Ust.',1,NULL,NULL),(52,5,7,'0','0','0','0',0,'ermäßigte USt.',1,NULL,NULL),(53,5,0,'0','0','0','0',0,'keine USt.',1,NULL,NULL),(54,5,5.5,'0','0','0','0',0,'USt. Forst',0,NULL,NULL),(55,5,10.7,'0','0','0','0',0,'USt. Landwirtschaft',0,NULL,NULL),(61,6,8,'0','0','0','0',0,'VAT standard rate',1,NULL,NULL),(62,6,3.8,'0','0','0','0',0,'VAT reduced rate',1,NULL,NULL),(63,6,2.5,'0','0','0','0',0,'VAT super-reduced rate',1,NULL,NULL),(64,6,0,'0','0','0','0',0,'VAT Rate 0',1,NULL,NULL),(71,7,20,'0','0','0','0',0,'VAT standard rate',1,NULL,NULL),(72,7,17.5,'0','0','0','0',0,'VAT standard rate before 2011',1,NULL,NULL),(73,7,5,'0','0','0','0',0,'VAT reduced rate',1,NULL,NULL),(74,7,0,'0','0','0','0',0,'VAT Rate 0',1,NULL,NULL),(91,9,17,'0','0','0','0',0,'VAT standard rate',1,NULL,NULL),(92,9,13,'0','0','0','0',0,'VAT reduced rate 0',1,NULL,NULL),(93,9,3,'0','0','0','0',0,'VAT super reduced rate 0',1,NULL,NULL),(94,9,0,'0','0','0','0',0,'VAT Rate 0',1,NULL,NULL),(101,10,6,'1','4','0','0',0,'VAT 6%',1,NULL,NULL),(102,10,12,'1','4','0','0',0,'VAT 12%',1,NULL,NULL),(103,10,18,'1','4','0','0',0,'VAT 18%',1,NULL,NULL),(104,10,7.5,'1','4','0','0',0,'VAT 6% Majoré à 25% (7.5%)',1,NULL,NULL),(105,10,15,'1','4','0','0',0,'VAT 12% Majoré à 25% (15%)',1,NULL,NULL),(106,10,22.5,'1','4','0','0',0,'VAT 18% Majoré à 25% (22.5%)',1,NULL,NULL),(107,10,0,'1','4','0','0',0,'VAT Rate 0',1,NULL,NULL),(111,11,0,'0','0','0','0',0,'No Sales Tax',1,NULL,NULL),(112,11,4,'0','0','0','0',0,'Sales Tax 4%',1,NULL,NULL),(113,11,6,'0','0','0','0',0,'Sales Tax 6%',1,NULL,NULL),(121,12,20,'0','0','0','0',0,'VAT standard rate',1,NULL,NULL),(122,12,14,'0','0','0','0',0,'VAT reduced rate',1,NULL,NULL),(123,12,10,'0','0','0','0',0,'VAT reduced rate',1,NULL,NULL),(124,12,7,'0','0','0','0',0,'VAT super-reduced rate',1,NULL,NULL),(125,12,0,'0','0','0','0',0,'VAT Rate 0',1,NULL,NULL),(141,14,7,'0','0','0','0',0,'VAT standard rate',1,NULL,NULL),(142,14,0,'0','0','0','0',0,'VAT Rate 0',1,NULL,NULL),(143,14,5,'9.975','1','0','0',0,'TPS and TVQ rate',1,NULL,NULL),(171,17,19,'0','0','0','0',0,'Algemeen BTW tarief',1,NULL,NULL),(172,17,6,'0','0','0','0',0,'Verlaagd BTW tarief',1,NULL,NULL),(173,17,0,'0','0','0','0',0,'0 BTW tarief',1,NULL,NULL),(174,17,21,'0','0','0','0',0,'Algemeen BTW tarief (vanaf 1 oktober 2012)',0,NULL,NULL),(201,20,25,'0','0','0','0',0,'VAT standard rate',1,NULL,NULL),(202,20,12,'0','0','0','0',0,'VAT reduced rate',1,NULL,NULL),(203,20,6,'0','0','0','0',0,'VAT super-reduced rate',1,NULL,NULL),(204,20,0,'0','0','0','0',0,'VAT Rate 0',1,NULL,NULL),(211,21,0,'0','0','0','0',0,'IVA Rate 0',1,NULL,NULL),(212,21,18,'7.5','2','0','0',0,'IVA standard rate',1,NULL,NULL),(231,23,21,'0','0','0','0',0,'IVA standard rate',1,NULL,NULL),(232,23,10.5,'0','0','0','0',0,'IVA reduced rate',1,NULL,NULL),(233,23,0,'0','0','0','0',0,'IVA Rate 0',1,NULL,NULL),(241,24,19.25,'0','0','0','0',0,'VAT standard rate',1,NULL,NULL),(242,24,0,'0','0','0','0',0,'VAT Rate 0',1,NULL,NULL),(251,25,23,'0','0','0','0',0,'VAT standard rate',1,NULL,NULL),(252,25,13,'0','0','0','0',0,'VAT reduced rate',1,NULL,NULL),(253,25,0,'0','0','0','0',0,'VAT Rate 0',1,NULL,NULL),(254,25,6,'0','0','0','0',0,'VAT reduced rate',1,NULL,NULL),(261,26,0,'0','0','0','0',0,'VAT Rate 0',1,NULL,NULL),(271,27,19.6,'0','0','0','0',0,'VAT standard rate (France hors DOM-TOM)',1,NULL,NULL),(272,27,8.5,'0','0','0','0',0,'VAT standard rate (DOM sauf Guyane et Saint-Martin)',0,NULL,NULL),(273,27,8.5,'0','0','0','0',1,'VAT standard rate (DOM sauf Guyane et Saint-Martin), non perçu par le vendeur mais récupérable par acheteur',0,NULL,NULL),(274,27,5.5,'0','0','0','0',0,'VAT reduced rate (France hors DOM-TOM)',0,NULL,NULL),(275,27,0,'0','0','0','0',0,'VAT Rate 0 ou non applicable',1,NULL,NULL),(276,27,2.1,'0','0','0','0',0,'VAT super-reduced rate',1,NULL,NULL),(277,27,7,'0','0','0','0',0,'VAT reduced rate',1,NULL,NULL),(281,28,10,'0','0','0','0',0,'VAT standard rate',1,NULL,NULL),(282,28,0,'0','0','0','0',0,'VAT Rate 0',1,NULL,NULL),(411,41,20,'0','0','0','0',0,'VAT standard rate',1,NULL,NULL),(412,41,10,'0','0','0','0',0,'VAT reduced rate',1,NULL,NULL),(413,41,0,'0','0','0','0',0,'VAT Rate 0',1,NULL,NULL),(461,46,0,'0','0','0','0',0,'No VAT',1,NULL,NULL),(462,46,15,'0','0','0','0',0,'VAT 15%',1,NULL,NULL),(463,46,7.5,'0','0','0','0',0,'VAT 7.5%',1,NULL,NULL),(561,56,0,'0','0','0','0',0,'VAT reduced rate',1,NULL,NULL),(591,59,20,'0','0','0','0',0,'VAT standard rate',1,NULL,NULL),(592,59,7,'0','0','0','0',0,'VAT reduced rate',1,NULL,NULL),(593,59,0,'0','0','0','0',0,'VAT Rate 0',1,NULL,NULL),(671,67,19,'0','0','0','0',0,'VAT standard rate',1,NULL,NULL),(672,67,0,'0','0','0','0',0,'VAT Rate 0',1,NULL,NULL),(801,80,25,'0','0','0','0',0,'VAT standard rate',1,NULL,NULL),(802,80,0,'0','0','0','0',0,'VAT Rate 0',1,NULL,NULL),(861,86,13,'0','0','0','0',0,'IVA 13',1,NULL,NULL),(862,86,0,'0','0','0','0',0,'SIN IVA',1,NULL,NULL),(1141,114,0,'0','0','0','0',0,'No ISV',1,NULL,NULL),(1142,114,12,'0','0','0','0',0,'ISV 12%',1,NULL,NULL),(1161,116,25.5,'0','0','0','0',0,'VAT standard rate',1,NULL,NULL),(1162,116,7,'0','0','0','0',0,'VAT reduced rate',1,NULL,NULL),(1163,116,0,'0','0','0','0',0,'VAT rate 0',1,NULL,NULL),(1171,117,12.5,'0','0','0','0',0,'VAT standard rate',1,NULL,NULL),(1172,117,4,'0','0','0','0',0,'VAT reduced rate',1,NULL,NULL),(1173,117,1,'0','0','0','0',0,'VAT super-reduced rate',1,NULL,NULL),(1174,117,0,'0','0','0','0',0,'VAT Rate 0',1,NULL,NULL),(1231,123,0,'0','0','0','0',0,'VAT Rate 0',1,NULL,NULL),(1232,123,5,'0','0','0','0',0,'VAT Rate 5',1,NULL,NULL),(1401,140,15,'0','0','0','0',0,'VAT standard rate',1,NULL,NULL),(1402,140,12,'0','0','0','0',0,'VAT reduced rate',1,NULL,NULL),(1403,140,6,'0','0','0','0',0,'VAT reduced rate',1,NULL,NULL),(1404,140,3,'0','0','0','0',0,'VAT super-reduced rate',1,NULL,NULL),(1405,140,0,'0','0','0','0',0,'VAT Rate 0',1,NULL,NULL),(1511,151,0,'0','0','0','0',0,'VAT Rate 0',1,NULL,NULL),(1512,151,14,'0','0','0','0',0,'VAT Rate 14',1,NULL,NULL),(1521,152,0,'0','0','0','0',0,'VAT Rate 0',1,NULL,NULL),(1522,152,15,'0','0','0','0',0,'VAT Rate 15',1,NULL,NULL),(1541,154,0,'0','0','0','0',0,'No VAT',1,NULL,NULL),(1542,154,16,'0','0','0','0',0,'VAT 16%',1,NULL,NULL),(1543,154,10,'0','0','0','0',0,'VAT Frontero',1,NULL,NULL),(1662,166,15,'0','0','0','0',0,'VAT standard rate',1,NULL,NULL),(1663,166,0,'0','0','0','0',0,'VAT Rate 0',1,NULL,NULL),(1692,169,5,'0','0','0','0',0,'VAT standard rate',1,NULL,NULL),(1693,169,0,'0','0','0','0',0,'VAT Rate 0',1,NULL,NULL),(1731,173,25,'0','0','0','0',0,'VAT standard rate',1,NULL,NULL),(1732,173,14,'0','0','0','0',0,'VAT reduced rate',1,NULL,NULL),(1733,173,8,'0','0','0','0',0,'VAT reduced rate',1,NULL,NULL),(1734,173,0,'0','0','0','0',0,'VAT Rate 0',1,NULL,NULL),(1841,181,18,'0','0','0','0',0,'VAT standard rate',1,NULL,NULL),(1842,184,7,'0','0','0','0',0,'VAT reduced rate',1,NULL,NULL),(1843,181,0,'0','0','0','0',0,'VAT Rate 0',1,NULL,NULL),(1844,184,0,'0','0','0','0',0,'VAT Rate 0',1,NULL,NULL),(1881,188,24,'0','0','0','0',0,'VAT standard rate',1,NULL,NULL),(1882,188,9,'0','0','0','0',0,'VAT reduced rate',1,NULL,NULL),(1883,188,0,'0','0','0','0',0,'VAT Rate 0',1,NULL,NULL),(1884,188,5,'0','0','0','0',0,'VAT reduced rate',1,NULL,NULL),(1931,193,0,'0','0','0','0',0,'No VAT in SPM',1,NULL,NULL),(2011,201,19,'0','0','0','0',0,'VAT standard rate',1,NULL,NULL),(2012,201,10,'0','0','0','0',0,'VAT reduced rate',1,NULL,NULL),(2013,201,0,'0','0','0','0',0,'VAT Rate 0',1,NULL,NULL),(2021,202,22,'0','0','0','0',0,'VAT standard rate',1,NULL,NULL),(2022,202,9.5,'0','0','0','0',0,'VAT reduced rate',1,NULL,NULL),(2023,202,0,'0','0','0','0',0,'VAT Rate 0',1,NULL,NULL),(2051,205,0,'0','0','0','0',0,'No VAT',1,NULL,NULL),(2052,205,14,'0','0','0','0',0,'VAT 14%',1,NULL,NULL),(2131,213,5,NULL,'0',NULL,'0',0,'VAT 5%',1,NULL,NULL),(2261,226,20,'0','0','0','0',0,'VAT standart rate',1,NULL,NULL),(2262,226,0,'0','0','0','0',0,'VAT Rate 0',1,NULL,NULL),(2321,232,0,'0','0','0','0',0,'No VAT',1,NULL,NULL),(2322,232,12,'0','0','0','0',0,'VAT 12%',1,NULL,NULL),(2323,232,8,'0','0','0','0',0,'VAT 8%',1,NULL,NULL),(2461,246,0,'0','0','0','0',0,'VAT Rate 0',1,NULL,NULL),(2462,102,23,'0','0','0','0',0,'Κανονικός Φ.Π.Α.',1,NULL,NULL),(2463,102,0,'0','0','0','0',0,'Μηδενικό Φ.Π.Α.',1,NULL,NULL),(2464,102,13,'0','0','0','0',0,'Μειωμένος Φ.Π.Α.',1,NULL,NULL),(2465,102,6.5,'0','0','0','0',0,'Υπερμειωμένος Φ.Π.Α.',1,NULL,NULL),(2466,102,16,'0','0','0','0',0,'Νήσων κανονικός Φ.Π.Α.',1,NULL,NULL),(2467,102,9,'0','0','0','0',0,'Νήσων μειωμένος Φ.Π.Α.',1,NULL,NULL),(2468,102,5,'0','0','0','0',0,'Νήσων υπερμειωμένος Φ.Π.Α.',1,NULL,NULL);

--
-- Table structure for table `llx_c_type_contact`
--

CREATE TABLE `llx_c_type_contact` (
  `rowid` int(11) NOT NULL,
  `element` varchar(30) NOT NULL,
  `source` varchar(8) NOT NULL DEFAULT 'external',
  `code` varchar(32) NOT NULL,
  `libelle` varchar(64) NOT NULL,
  `active` tinyint(4) NOT NULL DEFAULT '1',
  `module` varchar(32) DEFAULT NULL,
  PRIMARY KEY (`rowid`),
  UNIQUE KEY `uk_c_type_contact_id` (`element`,`source`,`code`)
) ENGINE=InnoDB DEFAULT CHARSET=utf8;

--
-- Dumping data for table `llx_c_type_contact`
--

INSERT INTO `llx_c_type_contact` (`rowid`, `element`, `source`, `code`, `libelle`, `active`, `module`) VALUES (10,'contrat','internal','SALESREPSIGN','Commercial signataire du contrat',1,NULL),(11,'contrat','internal','SALESREPFOLL','Commercial suivi du contrat',1,NULL),(20,'contrat','external','BILLING','Contact client facturation contrat',1,NULL),(21,'contrat','external','CUSTOMER','Contact client suivi contrat',1,NULL),(22,'contrat','external','SALESREPSIGN','Contact client signataire contrat',1,NULL),(31,'propal','internal','SALESREPFOLL','Commercial à l\'origine de la propale',1,NULL),(40,'propal','external','BILLING','Contact client facturation propale',1,NULL),(41,'propal','external','CUSTOMER','Contact client suivi propale',1,NULL),(50,'facture','internal','SALESREPFOLL','Responsable suivi du paiement',1,NULL),(60,'facture','external','BILLING','Contact client facturation',1,NULL),(61,'facture','external','SHIPPING','Contact client livraison',1,NULL),(62,'facture','external','SERVICE','Contact client prestation',1,NULL),(70,'invoice_supplier','internal','SALESREPFOLL','Responsable suivi du paiement',1,NULL),(71,'invoice_supplier','external','BILLING','Contact fournisseur facturation',1,NULL),(72,'invoice_supplier','external','SHIPPING','Contact fournisseur livraison',1,NULL),(73,'invoice_supplier','external','SERVICE','Contact fournisseur prestation',1,NULL),(80,'agenda','internal','ACTOR','Responsable',1,NULL),(81,'agenda','internal','GUEST','Guest',1,NULL),(85,'agenda','external','ACTOR','Responsable',1,NULL),(86,'agenda','external','GUEST','Guest',1,NULL),(91,'commande','internal','SALESREPFOLL','Responsable suivi de la commande',1,NULL),(100,'commande','external','BILLING','Contact client facturation commande',1,NULL),(101,'commande','external','CUSTOMER','Contact client suivi commande',1,NULL),(102,'commande','external','SHIPPING','Contact client livraison commande',1,NULL),(120,'fichinter','internal','INTERREPFOLL','Responsable suivi de l\'intervention',1,NULL),(121,'fichinter','internal','INTERVENING','Intervenant',1,NULL),(130,'fichinter','external','BILLING','Contact client facturation intervention',1,NULL),(131,'fichinter','external','CUSTOMER','Contact client suivi de l\'intervention',1,NULL),(140,'order_supplier','internal','SALESREPFOLL','Responsable suivi de la commande',1,NULL),(141,'order_supplier','internal','SHIPPING','Responsable réception de la commande',1,NULL),(142,'order_supplier','external','BILLING','Contact fournisseur facturation commande',1,NULL),(143,'order_supplier','external','CUSTOMER','Contact fournisseur suivi commande',1,NULL),(145,'order_supplier','external','SHIPPING','Contact fournisseur livraison commande',1,NULL),(160,'project','internal','PROJECTLEADER','Chef de Projet',1,NULL),(161,'project','internal','PROJECTCONTRIBUTOR','Intervenant',1,NULL),(170,'project','external','PROJECTLEADER','Chef de Projet',1,NULL),(171,'project','external','PROJECTCONTRIBUTOR','Intervenant',1,NULL),(180,'project_task','internal','TASKEXECUTIVE','Responsable',1,NULL),(181,'project_task','internal','TASKCONTRIBUTOR','Intervenant',1,NULL),(190,'project_task','external','TASKEXECUTIVE','Responsable',1,NULL),(191,'project_task','external','TASKCONTRIBUTOR','Intervenant',1,NULL);

--
-- Table structure for table `llx_c_type_fees`
--

CREATE TABLE `llx_c_type_fees` (
  `id` int(11) NOT NULL AUTO_INCREMENT,
  `code` varchar(12) NOT NULL,
  `label` varchar(30) DEFAULT NULL,
  `accountancy_code` varchar(32) DEFAULT NULL,
  `active` tinyint(4) NOT NULL DEFAULT '1',
  `module` varchar(32) DEFAULT NULL,
  PRIMARY KEY (`id`),
  UNIQUE KEY `uk_c_type_fees` (`code`)
) ENGINE=InnoDB AUTO_INCREMENT=4 DEFAULT CHARSET=utf8;

--
-- Dumping data for table `llx_c_type_fees`
--

INSERT INTO `llx_c_type_fees` (`id`, `code`, `label`, `accountancy_code`, `active`, `module`) VALUES (1,'TF_OTHER','Other',NULL,1,NULL),(2,'TF_TRIP','Trip',NULL,1,NULL),(3,'TF_LUNCH','Lunch',NULL,1,NULL);

--
-- Table structure for table `llx_c_type_resource`
--

CREATE TABLE `llx_c_type_resource` (
  `rowid` int(11) NOT NULL,
  `code` varchar(32) NOT NULL,
  `libelle` varchar(64) NOT NULL,
  `active` tinyint(4) NOT NULL DEFAULT '1',
  PRIMARY KEY (`rowid`)
) ENGINE=InnoDB DEFAULT CHARSET=utf8;

--
-- Dumping data for table `llx_c_type_resource`
--


--
-- Table structure for table `llx_c_typent`
--

CREATE TABLE `llx_c_typent` (
  `id` int(11) NOT NULL,
  `code` varchar(12) NOT NULL,
  `libelle` varchar(30) DEFAULT NULL,
  `fk_country` int(11) DEFAULT NULL,
  `active` tinyint(4) NOT NULL DEFAULT '1',
  `module` varchar(32) DEFAULT NULL,
  PRIMARY KEY (`id`),
  UNIQUE KEY `uk_c_typent` (`code`)
) ENGINE=InnoDB DEFAULT CHARSET=utf8;

--
-- Dumping data for table `llx_c_typent`
--

INSERT INTO `llx_c_typent` (`id`, `code`, `libelle`, `fk_country`, `active`, `module`) VALUES (0,'TE_UNKNOWN','-',NULL,1,NULL),(1,'TE_STARTUP','Start-up',NULL,0,NULL),(2,'TE_GROUP','Grand groupe',NULL,1,NULL),(3,'TE_MEDIUM','PME/PMI',NULL,1,NULL),(4,'TE_SMALL','TPE',NULL,1,NULL),(5,'TE_ADMIN','Administration',NULL,1,NULL),(6,'TE_WHOLE','Grossiste',NULL,0,NULL),(7,'TE_RETAIL','Revendeur',NULL,0,NULL),(8,'TE_PRIVATE','Particulier',NULL,1,NULL),(100,'TE_OTHER','Autres',NULL,1,NULL);

--
-- Table structure for table `llx_c_ultimatepdf_line`
--

CREATE TABLE `llx_c_ultimatepdf_line` (
  `rowid` int(11) NOT NULL AUTO_INCREMENT,
  `entity` int(11) NOT NULL DEFAULT '1',
  `code` varchar(30) NOT NULL,
  `label` varchar(128) NOT NULL,
  `description` varchar(255) NOT NULL,
  `active` tinyint(4) NOT NULL DEFAULT '1',
  PRIMARY KEY (`rowid`),
  UNIQUE KEY `uk_c_ultimatepdf_line` (`code`,`entity`)
) ENGINE=InnoDB AUTO_INCREMENT=2 DEFAULT CHARSET=utf8;

--
-- Dumping data for table `llx_c_ultimatepdf_line`
--

INSERT INTO `llx_c_ultimatepdf_line` (`rowid`, `entity`, `code`, `label`, `description`, `active`) VALUES (1,1,'TEXTE1','Garantie 2 ans pièces et main d\'œuvre, retour en atelier (Hors filtre et pièce d\'usure)','texte de garantie',1);

--
-- Table structure for table `llx_c_units`
--

CREATE TABLE `llx_c_units` (
  `rowid` int(11) NOT NULL AUTO_INCREMENT,
  `code` varchar(3) DEFAULT NULL,
  `label` varchar(50) DEFAULT NULL,
  `short_label` varchar(5) DEFAULT NULL,
  `active` tinyint(4) NOT NULL DEFAULT '1',
  PRIMARY KEY (`rowid`),
  UNIQUE KEY `uk_c_units_code` (`code`)
) ENGINE=InnoDB AUTO_INCREMENT=13 DEFAULT CHARSET=utf8;

--
-- Dumping data for table `llx_c_units`
--

INSERT INTO `llx_c_units` (`rowid`, `code`, `label`, `short_label`, `active`) VALUES (1,'P','piece','p',1),(2,'SET','set','se',1),(3,'S','second','s',1),(4,'H','hour','h',1),(5,'D','day','d',1),(6,'KG','kilogram','kg',1),(7,'G','gram','g',1),(8,'M','meter','m',1),(9,'LM','linear meter','lm',1),(10,'M2','square meter','m2',1),(11,'M3','cubic meter','m3',1),(12,'L','liter','l',1);

--
-- Table structure for table `llx_c_ziptown`
--

CREATE TABLE `llx_c_ziptown` (
  `rowid` int(11) NOT NULL AUTO_INCREMENT,
  `code` varchar(5) DEFAULT NULL,
  `fk_county` int(11) DEFAULT NULL,
  `fk_pays` int(11) NOT NULL DEFAULT '0',
  `zip` varchar(10) NOT NULL,
  `town` varchar(255) NOT NULL,
  `active` tinyint(4) NOT NULL DEFAULT '1',
  PRIMARY KEY (`rowid`),
  UNIQUE KEY `uk_ziptown_fk_pays` (`zip`,`town`,`fk_pays`),
  KEY `idx_c_ziptown_fk_county` (`fk_county`),
  KEY `idx_c_ziptown_fk_pays` (`fk_pays`),
  KEY `idx_c_ziptown_zip` (`zip`),
  CONSTRAINT `fk_c_ziptown_fk_county` FOREIGN KEY (`fk_county`) REFERENCES `llx_c_departements` (`rowid`),
  CONSTRAINT `fk_c_ziptown_fk_pays` FOREIGN KEY (`fk_pays`) REFERENCES `llx_c_country` (`rowid`)
) ENGINE=InnoDB DEFAULT CHARSET=utf8;

--
-- Dumping data for table `llx_c_ziptown`
--


--
-- Table structure for table `llx_categorie`
--

CREATE TABLE `llx_categorie` (
  `rowid` int(11) NOT NULL AUTO_INCREMENT,
  `entity` int(11) NOT NULL DEFAULT '1',
  `fk_parent` int(11) NOT NULL DEFAULT '0',
  `label` varchar(255) NOT NULL,
  `type` tinyint(4) NOT NULL DEFAULT '1',
  `description` text,
  `fk_soc` int(11) DEFAULT NULL,
  `visible` tinyint(4) NOT NULL DEFAULT '1',
  `import_key` varchar(14) DEFAULT NULL,
  PRIMARY KEY (`rowid`),
  UNIQUE KEY `uk_categorie_ref` (`entity`,`fk_parent`,`label`,`type`),
  KEY `idx_categorie_type` (`type`),
  KEY `idx_categorie_label` (`label`)
) ENGINE=InnoDB DEFAULT CHARSET=utf8;

--
-- Dumping data for table `llx_categorie`
--


--
-- Table structure for table `llx_categorie_contact`
--

CREATE TABLE `llx_categorie_contact` (
  `fk_categorie` int(11) NOT NULL,
  `fk_socpeople` int(11) NOT NULL,
  `import_key` varchar(14) DEFAULT NULL,
  PRIMARY KEY (`fk_categorie`,`fk_socpeople`),
  KEY `idx_categorie_contact_fk_categorie` (`fk_categorie`),
  KEY `idx_categorie_contact_fk_socpeople` (`fk_socpeople`),
  CONSTRAINT `fk_categorie_contact_categorie_rowid` FOREIGN KEY (`fk_categorie`) REFERENCES `llx_categorie` (`rowid`),
  CONSTRAINT `fk_categorie_contact_fk_socpeople` FOREIGN KEY (`fk_socpeople`) REFERENCES `llx_socpeople` (`rowid`)
) ENGINE=InnoDB DEFAULT CHARSET=utf8;

--
-- Dumping data for table `llx_categorie_contact`
--


--
-- Table structure for table `llx_categorie_fournisseur`
--

CREATE TABLE `llx_categorie_fournisseur` (
  `fk_categorie` int(11) NOT NULL,
  `fk_soc` int(11) NOT NULL,
  `import_key` varchar(14) DEFAULT NULL,
  PRIMARY KEY (`fk_categorie`,`fk_soc`),
  KEY `idx_categorie_fournisseur_fk_categorie` (`fk_categorie`),
  KEY `idx_categorie_fournisseur_fk_societe` (`fk_soc`),
  CONSTRAINT `fk_categorie_fournisseur_categorie_rowid` FOREIGN KEY (`fk_categorie`) REFERENCES `llx_categorie` (`rowid`),
  CONSTRAINT `fk_categorie_fournisseur_fk_soc` FOREIGN KEY (`fk_soc`) REFERENCES `llx_societe` (`rowid`)
) ENGINE=InnoDB DEFAULT CHARSET=utf8;

--
-- Dumping data for table `llx_categorie_fournisseur`
--


--
-- Table structure for table `llx_categorie_lang`
--

CREATE TABLE `llx_categorie_lang` (
  `rowid` int(11) NOT NULL AUTO_INCREMENT,
  `fk_category` int(11) NOT NULL DEFAULT '0',
  `lang` varchar(5) NOT NULL DEFAULT '0',
  `label` varchar(255) NOT NULL,
  `description` text,
  PRIMARY KEY (`rowid`),
  UNIQUE KEY `uk_category_lang` (`fk_category`,`lang`),
  CONSTRAINT `fk_category_lang_fk_category` FOREIGN KEY (`fk_category`) REFERENCES `llx_categorie` (`rowid`)
) ENGINE=InnoDB DEFAULT CHARSET=utf8;

--
-- Dumping data for table `llx_categorie_lang`
--


--
-- Table structure for table `llx_categorie_member`
--

CREATE TABLE `llx_categorie_member` (
  `fk_categorie` int(11) NOT NULL,
  `fk_member` int(11) NOT NULL,
  PRIMARY KEY (`fk_categorie`,`fk_member`),
  KEY `idx_categorie_member_fk_categorie` (`fk_categorie`),
  KEY `idx_categorie_member_fk_member` (`fk_member`),
  CONSTRAINT `fk_categorie_member_categorie_rowid` FOREIGN KEY (`fk_categorie`) REFERENCES `llx_categorie` (`rowid`),
  CONSTRAINT `fk_categorie_member_member_rowid` FOREIGN KEY (`fk_member`) REFERENCES `llx_adherent` (`rowid`)
) ENGINE=InnoDB DEFAULT CHARSET=utf8;

--
-- Dumping data for table `llx_categorie_member`
--


--
-- Table structure for table `llx_categorie_product`
--

CREATE TABLE `llx_categorie_product` (
  `fk_categorie` int(11) NOT NULL,
  `fk_product` int(11) NOT NULL,
  `import_key` varchar(14) DEFAULT NULL,
  PRIMARY KEY (`fk_categorie`,`fk_product`),
  KEY `idx_categorie_product_fk_categorie` (`fk_categorie`),
  KEY `idx_categorie_product_fk_product` (`fk_product`),
  CONSTRAINT `fk_categorie_product_categorie_rowid` FOREIGN KEY (`fk_categorie`) REFERENCES `llx_categorie` (`rowid`),
  CONSTRAINT `fk_categorie_product_product_rowid` FOREIGN KEY (`fk_product`) REFERENCES `llx_product` (`rowid`)
) ENGINE=InnoDB DEFAULT CHARSET=utf8;

--
-- Dumping data for table `llx_categorie_product`
--


--
-- Table structure for table `llx_categorie_societe`
--

CREATE TABLE `llx_categorie_societe` (
  `fk_categorie` int(11) NOT NULL,
  `fk_soc` int(11) NOT NULL,
  `import_key` varchar(14) DEFAULT NULL,
  PRIMARY KEY (`fk_categorie`,`fk_soc`),
  KEY `idx_categorie_societe_fk_categorie` (`fk_categorie`),
  KEY `idx_categorie_societe_fk_societe` (`fk_soc`),
  CONSTRAINT `fk_categorie_societe_categorie_rowid` FOREIGN KEY (`fk_categorie`) REFERENCES `llx_categorie` (`rowid`),
  CONSTRAINT `fk_categorie_societe_fk_soc` FOREIGN KEY (`fk_soc`) REFERENCES `llx_societe` (`rowid`)
) ENGINE=InnoDB DEFAULT CHARSET=utf8;

--
-- Dumping data for table `llx_categorie_societe`
--


--
-- Table structure for table `llx_categories_extrafields`
--

CREATE TABLE `llx_categories_extrafields` (
  `rowid` int(11) NOT NULL AUTO_INCREMENT,
  `tms` timestamp NOT NULL DEFAULT CURRENT_TIMESTAMP ON UPDATE CURRENT_TIMESTAMP,
  `fk_object` int(11) NOT NULL,
  `import_key` varchar(14) DEFAULT NULL,
  PRIMARY KEY (`rowid`),
  KEY `idx_categories_extrafields` (`fk_object`)
) ENGINE=InnoDB DEFAULT CHARSET=utf8;

--
-- Dumping data for table `llx_categories_extrafields`
--


--
-- Table structure for table `llx_chargesociales`
--

CREATE TABLE `llx_chargesociales` (
  `rowid` int(11) NOT NULL AUTO_INCREMENT,
  `date_ech` datetime NOT NULL,
  `libelle` varchar(80) NOT NULL,
  `entity` int(11) NOT NULL DEFAULT '1',
  `tms` timestamp NOT NULL DEFAULT CURRENT_TIMESTAMP ON UPDATE CURRENT_TIMESTAMP,
  `date_creation` datetime DEFAULT NULL,
  `date_valid` datetime DEFAULT NULL,
  `fk_type` int(11) NOT NULL,
  `amount` double NOT NULL DEFAULT '0',
  `paye` smallint(6) NOT NULL DEFAULT '0',
  `periode` date DEFAULT NULL,
  PRIMARY KEY (`rowid`)
) ENGINE=InnoDB DEFAULT CHARSET=utf8;

--
-- Dumping data for table `llx_chargesociales`
--


--
-- Table structure for table `llx_commande`
--

CREATE TABLE `llx_commande` (
  `rowid` int(11) NOT NULL AUTO_INCREMENT,
  `ref` varchar(30) NOT NULL,
  `entity` int(11) NOT NULL DEFAULT '1',
  `ref_ext` varchar(255) DEFAULT NULL,
  `ref_int` varchar(255) DEFAULT NULL,
  `ref_client` varchar(255) DEFAULT NULL,
  `fk_soc` int(11) NOT NULL,
  `fk_projet` int(11) DEFAULT NULL,
  `tms` timestamp NOT NULL DEFAULT CURRENT_TIMESTAMP ON UPDATE CURRENT_TIMESTAMP,
  `date_creation` datetime DEFAULT NULL,
  `date_valid` datetime DEFAULT NULL,
  `date_cloture` datetime DEFAULT NULL,
  `date_commande` date DEFAULT NULL,
  `fk_user_author` int(11) DEFAULT NULL,
  `fk_user_modif` int(11) DEFAULT NULL,
  `fk_user_valid` int(11) DEFAULT NULL,
  `fk_user_cloture` int(11) DEFAULT NULL,
  `source` smallint(6) DEFAULT NULL,
  `fk_statut` smallint(6) DEFAULT '0',
  `amount_ht` double DEFAULT '0',
  `remise_percent` double DEFAULT '0',
  `remise_absolue` double DEFAULT '0',
  `remise` double DEFAULT '0',
  `tva` double(24,8) DEFAULT '0.00000000',
  `localtax1` double(24,8) DEFAULT '0.00000000',
  `localtax2` double(24,8) DEFAULT '0.00000000',
  `total_ht` double(24,8) DEFAULT '0.00000000',
  `total_ttc` double(24,8) DEFAULT '0.00000000',
  `note_private` text,
  `note_public` text,
  `model_pdf` varchar(255) DEFAULT NULL,
  `facture` tinyint(4) DEFAULT '0',
  `fk_account` int(11) DEFAULT NULL,
  `fk_currency` varchar(3) DEFAULT NULL,
  `fk_cond_reglement` int(11) DEFAULT NULL,
  `fk_mode_reglement` int(11) DEFAULT NULL,
  `date_livraison` date DEFAULT NULL,
  `fk_shipping_method` int(11) DEFAULT NULL,
  `fk_availability` int(11) DEFAULT NULL,
  `fk_input_reason` int(11) DEFAULT NULL,
  `fk_delivery_address` int(11) DEFAULT NULL,
  `import_key` varchar(14) DEFAULT NULL,
  `extraparams` varchar(255) DEFAULT NULL,
  `fk_incoterms` int(11) DEFAULT NULL,
  `location_incoterms` varchar(255) DEFAULT NULL,
  PRIMARY KEY (`rowid`),
  UNIQUE KEY `uk_commande_ref` (`ref`,`entity`),
  KEY `idx_commande_fk_soc` (`fk_soc`),
  KEY `idx_commande_fk_user_author` (`fk_user_author`),
  KEY `idx_commande_fk_user_valid` (`fk_user_valid`),
  KEY `idx_commande_fk_user_cloture` (`fk_user_cloture`),
  KEY `idx_commande_fk_projet` (`fk_projet`),
  KEY `idx_commande_fk_account` (`fk_account`),
  KEY `idx_commande_fk_currency` (`fk_currency`),
  CONSTRAINT `fk_commande_fk_projet` FOREIGN KEY (`fk_projet`) REFERENCES `llx_projet` (`rowid`),
  CONSTRAINT `fk_commande_fk_soc` FOREIGN KEY (`fk_soc`) REFERENCES `llx_societe` (`rowid`),
  CONSTRAINT `fk_commande_fk_user_author` FOREIGN KEY (`fk_user_author`) REFERENCES `llx_user` (`rowid`),
  CONSTRAINT `fk_commande_fk_user_cloture` FOREIGN KEY (`fk_user_cloture`) REFERENCES `llx_user` (`rowid`),
  CONSTRAINT `fk_commande_fk_user_valid` FOREIGN KEY (`fk_user_valid`) REFERENCES `llx_user` (`rowid`)
) ENGINE=InnoDB AUTO_INCREMENT=36 DEFAULT CHARSET=utf8;

--
-- Dumping data for table `llx_commande`
--

INSERT INTO `llx_commande` (`rowid`, `ref`, `entity`, `ref_ext`, `ref_int`, `ref_client`, `fk_soc`, `fk_projet`, `tms`, `date_creation`, `date_valid`, `date_cloture`, `date_commande`, `fk_user_author`, `fk_user_modif`, `fk_user_valid`, `fk_user_cloture`, `source`, `fk_statut`, `amount_ht`, `remise_percent`, `remise_absolue`, `remise`, `tva`, `localtax1`, `localtax2`, `total_ht`, `total_ttc`, `note_private`, `note_public`, `model_pdf`, `facture`, `fk_account`, `fk_currency`, `fk_cond_reglement`, `fk_mode_reglement`, `date_livraison`, `fk_shipping_method`, `fk_availability`, `fk_input_reason`, `fk_delivery_address`, `import_key`, `extraparams`, `fk_incoterms`, `location_incoterms`) VALUES (1,'CC1511-0001',1,NULL,NULL,'Convention de recrutement 2015-11',5,NULL,'2016-01-18 19:17:00','2016-01-15 14:14:19','2016-01-18 20:17:00',NULL,'2015-11-18',4,NULL,1,NULL,NULL,1,0,0,NULL,0,600.00000000,0.00000000,0.00000000,3000.00000000,3600.00000000,'','','einstein',0,NULL,NULL,2,2,NULL,NULL,NULL,NULL,NULL,NULL,NULL,0,''),(2,'CC1510-0001',1,NULL,NULL,'PA1509-001',5,NULL,'2016-06-24 13:02:17','2016-01-15 14:25:54','2016-01-29 14:15:30',NULL,'2015-10-01',4,NULL,4,NULL,NULL,1,0,0,NULL,0,6720.00000000,0.00000000,0.00000000,33600.00000000,40320.00000000,'','','einstein',1,NULL,NULL,9,2,NULL,NULL,0,NULL,NULL,NULL,NULL,0,''),(3,'CC1601-0003',1,NULL,NULL,'PA16001-001',5,NULL,'2016-06-24 13:02:17','2016-01-15 14:45:19','2016-01-29 14:20:41',NULL,'2016-01-04',4,NULL,4,NULL,NULL,1,0,0,NULL,0,0.00000000,0.00000000,0.00000000,16800.00000000,16800.00000000,'','','einstein',1,NULL,NULL,9,2,NULL,NULL,NULL,NULL,NULL,NULL,NULL,0,''),(4,'CC1601-0002',1,NULL,NULL,'PA16001-002 ISO 9001',5,NULL,'2016-06-24 13:02:17','2016-01-15 14:46:32','2016-01-29 14:07:21',NULL,'2016-01-05',4,NULL,4,NULL,NULL,1,0,0,NULL,0,3360.00000000,0.00000000,0.00000000,16800.00000000,20160.00000000,'','','einstein',1,NULL,NULL,9,2,NULL,NULL,NULL,NULL,NULL,NULL,NULL,0,''),(5,'CC1601-0001',1,NULL,NULL,'DI 1511169516',2,NULL,'2016-06-24 12:56:26','2016-01-29 13:29:15','2016-01-29 15:46:38',NULL,'2016-01-29',4,NULL,4,NULL,NULL,1,0,0,NULL,0,3440.00000000,0.00000000,0.00000000,17200.00000000,20640.00000000,'','','einstein',1,NULL,NULL,2,2,NULL,NULL,NULL,NULL,NULL,NULL,NULL,0,''),(6,'(PROV6)',1,NULL,NULL,'na',1,NULL,'2016-02-19 11:01:04','2016-02-19 12:01:04',NULL,NULL,'2016-02-19',1,NULL,NULL,NULL,NULL,0,0,0,NULL,0,812.00000000,0.00000000,0.00000000,4060.00000000,4872.00000000,'','','',0,NULL,NULL,1,2,NULL,NULL,4,8,NULL,NULL,NULL,0,''),(7,'CC1603-0001',1,NULL,NULL,NULL,5,NULL,'2016-03-04 17:51:57','2016-03-04 18:46:27','2016-03-04 18:51:57',NULL,'2016-03-14',4,NULL,4,NULL,NULL,1,0,0,NULL,0,3584.00000000,0.00000000,0.00000000,17920.00000000,21504.00000000,'','','einstein',0,NULL,NULL,9,2,NULL,NULL,NULL,NULL,NULL,NULL,NULL,0,''),(8,'CC1603-0003',1,NULL,NULL,'CDC prestation recrutements ',5,NULL,'2016-06-24 13:20:34','2016-03-29 21:12:09','2016-04-10 18:23:52',NULL,'2016-03-29',4,NULL,4,NULL,NULL,1,0,0,NULL,0,3276.00000000,0.00000000,0.00000000,16380.00000000,19656.00000000,'','Aide &agrave; l&#39;organisation du recrutement','',1,NULL,NULL,9,2,NULL,NULL,NULL,NULL,NULL,NULL,NULL,0,''),(9,'CC1603-0002',1,NULL,NULL,'Chargée de recrutement',5,NULL,'2016-03-29 19:14:45','2016-03-29 21:14:30','2016-03-29 21:14:45',NULL,'2016-03-29',4,NULL,4,NULL,NULL,1,0,0,NULL,0,1120.00000000,0.00000000,0.00000000,5600.00000000,6720.00000000,'','Aide &agrave; l&#39;organisation du recrutement','einstein',0,NULL,NULL,9,2,NULL,NULL,NULL,NULL,NULL,NULL,NULL,0,''),(10,'CC1604-0001',1,NULL,NULL,'Admin Stéphanie',5,NULL,'2016-06-24 13:23:15','2016-05-12 16:05:01','2016-05-12 16:06:28',NULL,'2016-04-30',4,NULL,4,NULL,NULL,1,0,0,NULL,0,260.00000000,0.00000000,0.00000000,1300.00000000,1560.00000000,'','','einstein',1,NULL,NULL,9,2,'2016-04-30',NULL,NULL,NULL,NULL,NULL,NULL,0,''),(11,'(PROV11)',1,NULL,NULL,'Consultant gestion',5,NULL,'2016-05-27 14:35:06','2016-05-27 16:35:06',NULL,NULL,'2016-05-27',4,NULL,NULL,NULL,NULL,0,0,0,NULL,0,3416.00000000,0.00000000,0.00000000,17080.00000000,20496.00000000,'','','',0,NULL,NULL,9,2,NULL,NULL,NULL,NULL,NULL,NULL,NULL,0,''),(12,'CC1605-0001',1,NULL,NULL,'Consultant gestion',5,NULL,'2016-05-27 14:36:37','2016-05-27 16:36:20','2016-05-27 16:36:37',NULL,'2016-05-27',4,NULL,4,NULL,NULL,1,0,0,NULL,0,3416.00000000,0.00000000,0.00000000,17080.00000000,20496.00000000,'','','einstein',0,NULL,NULL,9,2,NULL,NULL,NULL,NULL,NULL,NULL,NULL,0,''),(13,'CC1604-0002',1,NULL,NULL,'CDC presta sécurité',5,NULL,'2016-06-21 12:17:15','2016-05-27 16:49:20','2016-05-27 16:50:54',NULL,'2016-04-01',4,NULL,4,NULL,NULL,1,0,0,NULL,0,9482.00000000,0.00000000,0.00000000,47410.00000000,56892.00000000,'','','einstein',1,NULL,NULL,9,NULL,NULL,NULL,NULL,NULL,NULL,NULL,NULL,0,''),(14,'CC1604-0003',1,NULL,NULL,'CDC équipe admin mp_C_v2',5,NULL,'2016-07-29 12:22:21','2016-05-27 16:57:01','2016-05-27 16:58:23',NULL,'2016-04-01',4,NULL,4,NULL,NULL,1,0,0,NULL,0,1092.00000000,0.00000000,0.00000000,5460.00000000,6552.00000000,'','','einstein',1,NULL,NULL,9,NULL,NULL,NULL,NULL,NULL,NULL,NULL,NULL,0,''),(15,'CC1604-0004',1,NULL,NULL,'CDC équipe admin C_V2',5,NULL,'2016-07-29 12:22:21','2016-05-27 17:02:16','2016-05-27 17:05:29',NULL,'2016-04-01',4,NULL,4,NULL,NULL,1,0,0,NULL,0,4704.00000000,0.00000000,0.00000000,23520.00000000,28224.00000000,'','','einstein',1,NULL,NULL,9,2,NULL,NULL,NULL,NULL,NULL,NULL,NULL,0,''),(16,'CC1604-0005',1,NULL,NULL,'CDC prestation d\'étude domaine admin : chef de mission',5,NULL,'2016-07-29 12:22:21','2016-05-27 17:09:16','2016-05-27 17:15:13',NULL,'2016-04-01',4,NULL,4,NULL,NULL,1,0,0,NULL,0,9480.00000000,0.00000000,0.00000000,47400.00000000,56880.00000000,'','','einstein',1,NULL,NULL,9,2,NULL,NULL,NULL,NULL,NULL,NULL,NULL,0,''),(17,'CC1605-0002',1,NULL,NULL,'Contrat de mission 201-602-01',7,NULL,'2016-07-01 09:38:58','2016-05-30 10:18:52','2016-05-30 10:21:13',NULL,'2016-05-09',4,NULL,4,NULL,NULL,1,0,0,NULL,0,1300.00000000,0.00000000,0.00000000,6500.00000000,7800.00000000,'','','einstein',1,NULL,NULL,2,2,NULL,NULL,NULL,NULL,NULL,NULL,NULL,0,''),(18,'CC1607-0001',1,NULL,NULL,'BPA-1607-001',5,NULL,'2016-07-12 07:27:02','2016-07-12 09:25:38','2016-07-12 09:27:02',NULL,'2016-07-12',4,NULL,4,NULL,NULL,1,0,0,NULL,0,2030.00000000,0.00000000,0.00000000,10150.00000000,12180.00000000,'','','einstein',0,NULL,NULL,9,2,NULL,NULL,NULL,NULL,NULL,NULL,NULL,0,''),(20,'CC1611-0001',1,NULL,NULL,'BPA-1611-01',5,NULL,'2016-11-18 14:38:35','2016-11-18 15:38:02','2016-11-18 15:38:34',NULL,'2016-11-18',4,NULL,4,NULL,NULL,1,0,0,NULL,0,52.00000000,0.00000000,0.00000000,260.00000000,312.00000000,'','','einstein',0,NULL,NULL,9,2,NULL,NULL,NULL,NULL,NULL,NULL,NULL,0,''),(21,'CC1611-0002',1,NULL,NULL,'PA1611-002',8,NULL,'2017-03-03 14:38:07','2016-11-18 15:39:04','2016-11-18 15:40:45',NULL,'2016-11-18',4,NULL,4,NULL,NULL,1,0,0,NULL,0,15000.00000000,0.00000000,0.00000000,75000.00000000,90000.00000000,'','','einstein',1,NULL,NULL,9,2,NULL,NULL,NULL,NULL,NULL,NULL,NULL,0,''),(22,'CC1601-0004',1,NULL,NULL,'DI161206 2259',2,NULL,'2017-03-03 14:40:51','2016-12-07 15:03:40','2016-12-07 15:05:22',NULL,'2016-01-29',4,NULL,4,NULL,NULL,1,0,0,NULL,0,2800.00000000,0.00000000,0.00000000,14000.00000000,16800.00000000,'','','einstein',1,NULL,NULL,2,2,NULL,NULL,NULL,NULL,NULL,NULL,NULL,0,''),(23,'CC1701-0001',1,NULL,NULL,'PA1701-001',5,NULL,'2017-05-18 08:51:08','2017-01-26 13:45:22','2017-01-26 13:47:26',NULL,'2017-01-31',4,NULL,4,NULL,NULL,1,0,0,NULL,0,1276.00000000,0.00000000,0.00000000,6380.00000000,7656.00000000,'','','einstein',1,NULL,NULL,9,2,NULL,NULL,NULL,NULL,NULL,NULL,NULL,0,''),(24,'CC1701-0002',1,NULL,NULL,'PA1701-002',5,NULL,'2017-03-15 07:57:12','2017-01-26 13:48:59','2017-01-26 13:52:23',NULL,'2017-01-31',4,NULL,4,NULL,NULL,1,0,0,NULL,0,2020.00000000,0.00000000,0.00000000,10100.00000000,12120.00000000,'','','einstein',1,NULL,NULL,9,2,NULL,NULL,NULL,NULL,NULL,NULL,NULL,0,''),(25,'CC1704-0001',1,NULL,NULL,'PA1703-003',8,NULL,'2017-06-16 08:25:43','2017-04-26 15:44:23','2017-04-26 15:48:04',NULL,'2017-04-18',4,NULL,4,NULL,NULL,1,0,0,NULL,0,17432.00000000,0.00000000,0.00000000,87160.00000000,104592.00000000,'','','einstein',1,NULL,NULL,9,2,NULL,NULL,NULL,NULL,NULL,NULL,NULL,0,''),(26,'CC1704-0002',1,NULL,NULL,'Galien',8,NULL,'2017-06-16 08:25:43','2017-04-26 15:49:19','2017-05-02 16:09:28',NULL,'2017-04-18',4,NULL,4,NULL,NULL,1,0,0,NULL,0,5728.00000000,0.00000000,0.00000000,28640.00000000,34368.00000000,'','','einstein',1,NULL,NULL,9,2,NULL,NULL,NULL,NULL,NULL,NULL,NULL,0,''),(27,'CC1704-0003',1,NULL,NULL,'Quinoa',9,NULL,'2017-07-25 06:49:14','2017-04-26 15:55:55','2017-04-26 15:57:16',NULL,'2017-04-26',4,NULL,4,NULL,NULL,1,0,0,NULL,0,2560.20000000,0.00000000,0.00000000,12801.00000000,15361.20000000,'','','einstein',1,NULL,NULL,9,2,NULL,NULL,NULL,NULL,NULL,NULL,NULL,0,''),(28,'CC1704-0004',1,NULL,NULL,'Holweg',9,NULL,'2017-07-25 06:49:14','2017-04-26 15:57:28','2017-06-02 10:31:29',NULL,'2017-04-26',4,NULL,4,NULL,NULL,1,0,0,NULL,0,4000.20000000,0.00000000,0.00000000,20001.00000000,24001.20000000,'','','einstein',1,NULL,NULL,9,2,NULL,NULL,NULL,NULL,NULL,NULL,NULL,0,''),(29,'CC1704-0005',1,NULL,NULL,'Dalloyau',9,NULL,'2017-07-25 06:49:14','2017-04-26 15:58:33','2017-04-26 15:59:09',NULL,'2017-04-26',4,NULL,4,NULL,NULL,1,0,0,NULL,0,1920.20000000,0.00000000,0.00000000,9601.00000000,11521.20000000,'','','einstein',1,NULL,NULL,9,2,NULL,NULL,NULL,NULL,NULL,NULL,NULL,0,''),(30,'CC1704-0006',1,NULL,NULL,'PA1704-001',10,NULL,'2017-07-07 07:54:02','2017-04-26 16:18:25','2017-04-26 16:20:18',NULL,'2017-04-26',4,NULL,4,NULL,NULL,1,0,0,NULL,0,646.00000000,0.00000000,0.00000000,3230.00000000,3876.00000000,'','','einstein',1,NULL,NULL,9,2,NULL,NULL,NULL,NULL,NULL,NULL,NULL,0,''),(31,'CC1705-0001',1,NULL,NULL,'Profils',12,NULL,'2017-09-29 12:59:42','2017-06-02 11:27:42','2017-06-02 11:29:27',NULL,'2017-05-31',4,NULL,4,NULL,NULL,1,0,0,NULL,0,260.00000000,0.00000000,0.00000000,1300.00000000,1560.00000000,'','','einstein',1,NULL,NULL,9,2,NULL,NULL,NULL,NULL,NULL,NULL,NULL,0,''),(32,'CC1706-0001',1,NULL,NULL,'528041 IHFB',9,NULL,'2017-09-29 13:08:16','2017-06-23 11:40:52','2017-06-23 11:43:43',NULL,'2017-06-23',4,NULL,4,NULL,NULL,1,0,0,NULL,0,1600.20000000,0.00000000,0.00000000,8001.00000000,9601.20000000,'','','einstein',1,NULL,NULL,9,2,NULL,NULL,NULL,NULL,NULL,NULL,NULL,0,''),(33,'CC1706-0002',1,NULL,NULL,'DURALEX',9,NULL,'2017-09-29 13:08:16','2017-06-23 11:43:54','2017-06-23 11:48:45',NULL,'2017-06-23',4,NULL,4,NULL,NULL,1,0,0,NULL,0,1920.20000000,0.00000000,0.00000000,9601.00000000,11521.20000000,'','','einstein',1,NULL,NULL,9,2,NULL,NULL,NULL,NULL,NULL,NULL,NULL,0,''),(34,'CC1804-0001',1,NULL,NULL,'PA1804-001',5,NULL,'2018-07-25 07:30:53','2018-04-30 10:25:27','2018-04-30 10:26:15',NULL,'2018-04-30',4,NULL,4,NULL,NULL,1,0,0,NULL,0,62.00000000,0.00000000,0.00000000,310.00000000,372.00000000,'','','einstein',1,NULL,NULL,9,2,'2018-04-30',NULL,NULL,NULL,NULL,NULL,NULL,0,''),(35,'CC1804-0002',1,NULL,NULL,'PA1804-002',5,NULL,'2018-07-25 07:30:53','2018-04-30 10:29:10','2018-04-30 10:29:49',NULL,'2018-04-30',4,NULL,4,NULL,NULL,1,0,0,NULL,0,64.00000000,0.00000000,0.00000000,320.00000000,384.00000000,'','','einstein',1,NULL,NULL,9,2,'2018-04-30',NULL,NULL,NULL,NULL,NULL,NULL,0,'');

--
-- Table structure for table `llx_commande_extrafields`
--

CREATE TABLE `llx_commande_extrafields` (
  `rowid` int(11) NOT NULL AUTO_INCREMENT,
  `tms` timestamp NOT NULL DEFAULT CURRENT_TIMESTAMP ON UPDATE CURRENT_TIMESTAMP,
  `fk_object` int(11) NOT NULL,
  `import_key` varchar(14) DEFAULT NULL,
  `newline` text,
  PRIMARY KEY (`rowid`),
  KEY `idx_commande_extrafields` (`fk_object`)
) ENGINE=InnoDB AUTO_INCREMENT=36 DEFAULT CHARSET=utf8;

--
-- Dumping data for table `llx_commande_extrafields`
--

INSERT INTO `llx_commande_extrafields` (`rowid`, `tms`, `fk_object`, `import_key`, `newline`) VALUES (1,'2016-01-15 13:14:19',1,NULL,'0'),(2,'2016-01-15 13:25:54',2,NULL,'0'),(3,'2016-01-15 13:45:19',3,NULL,'0'),(4,'2016-01-15 13:46:32',4,NULL,'0'),(5,'2016-01-29 12:29:15',5,NULL,'0'),(6,'2016-02-19 11:01:04',6,NULL,'0'),(7,'2016-03-04 17:46:27',7,NULL,'0'),(8,'2016-03-29 19:12:09',8,NULL,'0'),(9,'2016-03-29 19:14:30',9,NULL,'0'),(10,'2016-05-12 14:05:02',10,NULL,'0'),(11,'2016-05-27 14:35:06',11,NULL,'0'),(12,'2016-05-27 14:36:20',12,NULL,'0'),(13,'2016-05-27 14:49:20',13,NULL,'0'),(14,'2016-05-27 14:57:01',14,NULL,'0'),(15,'2016-05-27 15:02:16',15,NULL,'0'),(16,'2016-05-27 15:09:16',16,NULL,'0'),(17,'2016-05-30 08:18:52',17,NULL,'0'),(18,'2016-07-12 07:25:38',18,NULL,'0'),(20,'2016-11-18 14:38:02',20,NULL,'0'),(21,'2016-11-18 14:39:04',21,NULL,'0'),(22,'2016-12-07 14:03:40',22,NULL,'0'),(23,'2017-01-26 12:45:22',23,NULL,'0'),(24,'2017-01-26 12:48:59',24,NULL,'0'),(25,'2017-04-26 13:44:23',25,NULL,'0'),(26,'2017-04-26 13:49:19',26,NULL,'0'),(27,'2017-04-26 13:55:55',27,NULL,'0'),(28,'2017-04-26 13:57:28',28,NULL,'0'),(29,'2017-04-26 13:58:33',29,NULL,'0'),(30,'2017-04-26 14:18:25',30,NULL,'0'),(31,'2017-06-02 09:27:42',31,NULL,'0'),(32,'2017-06-23 09:40:52',32,NULL,'0'),(33,'2017-06-23 09:43:54',33,NULL,'0'),(34,'2018-04-30 08:25:27',34,NULL,'0'),(35,'2018-04-30 08:29:10',35,NULL,'0');

--
-- Table structure for table `llx_commande_fournisseur`
--

CREATE TABLE `llx_commande_fournisseur` (
  `rowid` int(11) NOT NULL AUTO_INCREMENT,
  `ref` varchar(255) DEFAULT NULL,
  `entity` int(11) NOT NULL DEFAULT '1',
  `ref_ext` varchar(255) DEFAULT NULL,
  `ref_supplier` varchar(255) DEFAULT NULL,
  `fk_soc` int(11) NOT NULL,
  `fk_projet` int(11) DEFAULT '0',
  `tms` timestamp NOT NULL DEFAULT CURRENT_TIMESTAMP ON UPDATE CURRENT_TIMESTAMP,
  `date_creation` datetime DEFAULT NULL,
  `date_valid` datetime DEFAULT NULL,
  `date_approve` datetime DEFAULT NULL,
  `date_approve2` datetime DEFAULT NULL,
  `date_commande` date DEFAULT NULL,
  `fk_user_author` int(11) DEFAULT NULL,
  `fk_user_modif` int(11) DEFAULT NULL,
  `fk_user_valid` int(11) DEFAULT NULL,
  `fk_user_approve` int(11) DEFAULT NULL,
  `fk_user_approve2` int(11) DEFAULT NULL,
  `source` smallint(6) NOT NULL,
  `fk_statut` smallint(6) DEFAULT '0',
  `amount_ht` double DEFAULT '0',
  `remise_percent` double DEFAULT '0',
  `remise` double DEFAULT '0',
  `tva` double(24,8) DEFAULT '0.00000000',
  `localtax1` double(24,8) DEFAULT '0.00000000',
  `localtax2` double(24,8) DEFAULT '0.00000000',
  `total_ht` double(24,8) DEFAULT '0.00000000',
  `total_ttc` double(24,8) DEFAULT '0.00000000',
  `note_private` text,
  `note_public` text,
  `model_pdf` varchar(255) DEFAULT NULL,
  `date_livraison` datetime DEFAULT NULL,
  `fk_account` int(11) DEFAULT NULL,
  `fk_cond_reglement` int(11) DEFAULT NULL,
  `fk_mode_reglement` int(11) DEFAULT NULL,
  `fk_input_method` int(11) DEFAULT '0',
  `import_key` varchar(14) DEFAULT NULL,
  `extraparams` varchar(255) DEFAULT NULL,
  `fk_incoterms` int(11) DEFAULT NULL,
  `location_incoterms` varchar(255) DEFAULT NULL,
  PRIMARY KEY (`rowid`),
  UNIQUE KEY `uk_commande_fournisseur_ref` (`ref`,`fk_soc`,`entity`),
  KEY `idx_commande_fournisseur_fk_soc` (`fk_soc`),
  CONSTRAINT `fk_commande_fournisseur_fk_soc` FOREIGN KEY (`fk_soc`) REFERENCES `llx_societe` (`rowid`)
) ENGINE=InnoDB DEFAULT CHARSET=utf8;

--
-- Dumping data for table `llx_commande_fournisseur`
--


--
-- Table structure for table `llx_commande_fournisseur_dispatch`
--

CREATE TABLE `llx_commande_fournisseur_dispatch` (
  `rowid` int(11) NOT NULL AUTO_INCREMENT,
  `fk_commande` int(11) DEFAULT NULL,
  `fk_product` int(11) DEFAULT NULL,
  `fk_commandefourndet` int(11) NOT NULL DEFAULT '0',
  `qty` float DEFAULT NULL,
  `fk_entrepot` int(11) DEFAULT NULL,
  `fk_user` int(11) DEFAULT NULL,
  `datec` datetime DEFAULT NULL,
  `comment` varchar(255) DEFAULT NULL,
  `status` int(11) DEFAULT NULL,
  `tms` timestamp NOT NULL DEFAULT CURRENT_TIMESTAMP ON UPDATE CURRENT_TIMESTAMP,
  `batch` varchar(30) DEFAULT NULL,
  `eatby` date DEFAULT NULL,
  `sellby` date DEFAULT NULL,
  PRIMARY KEY (`rowid`),
  KEY `idx_commande_fournisseur_dispatch_fk_commande` (`fk_commande`)
) ENGINE=InnoDB DEFAULT CHARSET=utf8;

--
-- Dumping data for table `llx_commande_fournisseur_dispatch`
--


--
-- Table structure for table `llx_commande_fournisseur_extrafields`
--

CREATE TABLE `llx_commande_fournisseur_extrafields` (
  `rowid` int(11) NOT NULL AUTO_INCREMENT,
  `tms` timestamp NOT NULL DEFAULT CURRENT_TIMESTAMP ON UPDATE CURRENT_TIMESTAMP,
  `fk_object` int(11) NOT NULL,
  `import_key` varchar(14) DEFAULT NULL,
  PRIMARY KEY (`rowid`),
  KEY `idx_commande_fournisseur_extrafields` (`fk_object`)
) ENGINE=InnoDB DEFAULT CHARSET=utf8;

--
-- Dumping data for table `llx_commande_fournisseur_extrafields`
--


--
-- Table structure for table `llx_commande_fournisseur_log`
--

CREATE TABLE `llx_commande_fournisseur_log` (
  `rowid` int(11) NOT NULL AUTO_INCREMENT,
  `tms` timestamp NOT NULL DEFAULT CURRENT_TIMESTAMP ON UPDATE CURRENT_TIMESTAMP,
  `datelog` datetime NOT NULL,
  `fk_commande` int(11) NOT NULL,
  `fk_statut` smallint(6) NOT NULL,
  `fk_user` int(11) NOT NULL,
  `comment` varchar(255) DEFAULT NULL,
  PRIMARY KEY (`rowid`)
) ENGINE=InnoDB DEFAULT CHARSET=utf8;

--
-- Dumping data for table `llx_commande_fournisseur_log`
--


--
-- Table structure for table `llx_commande_fournisseurdet`
--

CREATE TABLE `llx_commande_fournisseurdet` (
  `rowid` int(11) NOT NULL AUTO_INCREMENT,
  `fk_commande` int(11) NOT NULL,
  `fk_parent_line` int(11) DEFAULT NULL,
  `fk_product` int(11) DEFAULT NULL,
  `ref` varchar(50) DEFAULT NULL,
  `label` varchar(255) DEFAULT NULL,
  `description` text,
  `tva_tx` double(6,3) DEFAULT '0.000',
  `localtax1_tx` double(6,3) DEFAULT '0.000',
  `localtax1_type` varchar(10) DEFAULT NULL,
  `localtax2_tx` double(6,3) DEFAULT '0.000',
  `localtax2_type` varchar(10) DEFAULT NULL,
  `qty` double DEFAULT NULL,
  `remise_percent` double DEFAULT '0',
  `remise` double DEFAULT '0',
  `subprice` double(24,8) DEFAULT '0.00000000',
  `total_ht` double(24,8) DEFAULT '0.00000000',
  `total_tva` double(24,8) DEFAULT '0.00000000',
  `total_localtax1` double(24,8) DEFAULT '0.00000000',
  `total_localtax2` double(24,8) DEFAULT '0.00000000',
  `total_ttc` double(24,8) DEFAULT '0.00000000',
  `product_type` int(11) DEFAULT '0',
  `date_start` datetime DEFAULT NULL,
  `date_end` datetime DEFAULT NULL,
  `info_bits` int(11) DEFAULT '0',
  `import_key` varchar(14) DEFAULT NULL,
  `special_code` int(11) DEFAULT '0',
  `rang` int(11) DEFAULT '0',
  `fk_unit` int(11) DEFAULT NULL,
  PRIMARY KEY (`rowid`),
  KEY `fk_commande_fournisseurdet_fk_unit` (`fk_unit`),
  CONSTRAINT `fk_commande_fournisseurdet_fk_unit` FOREIGN KEY (`fk_unit`) REFERENCES `llx_c_units` (`rowid`)
) ENGINE=InnoDB DEFAULT CHARSET=utf8;

--
-- Dumping data for table `llx_commande_fournisseurdet`
--


--
-- Table structure for table `llx_commande_fournisseurdet_extrafields`
--

CREATE TABLE `llx_commande_fournisseurdet_extrafields` (
  `rowid` int(11) NOT NULL AUTO_INCREMENT,
  `tms` timestamp NOT NULL DEFAULT CURRENT_TIMESTAMP ON UPDATE CURRENT_TIMESTAMP,
  `fk_object` int(11) NOT NULL,
  `import_key` varchar(14) DEFAULT NULL,
  PRIMARY KEY (`rowid`),
  KEY `idx_commande_fournisseurdet_extrafields` (`fk_object`)
) ENGINE=InnoDB DEFAULT CHARSET=utf8;

--
-- Dumping data for table `llx_commande_fournisseurdet_extrafields`
--


--
-- Table structure for table `llx_commandedet`
--

CREATE TABLE `llx_commandedet` (
  `rowid` int(11) NOT NULL AUTO_INCREMENT,
  `fk_commande` int(11) NOT NULL,
  `fk_parent_line` int(11) DEFAULT NULL,
  `fk_product` int(11) DEFAULT NULL,
  `label` varchar(255) DEFAULT NULL,
  `description` text,
  `tva_tx` double(6,3) DEFAULT NULL,
  `localtax1_tx` double(6,3) DEFAULT '0.000',
  `localtax1_type` varchar(10) DEFAULT NULL,
  `localtax2_tx` double(6,3) DEFAULT '0.000',
  `localtax2_type` varchar(10) DEFAULT NULL,
  `qty` double DEFAULT NULL,
  `remise_percent` double DEFAULT '0',
  `remise` double DEFAULT '0',
  `fk_remise_except` int(11) DEFAULT NULL,
  `price` double DEFAULT NULL,
  `subprice` double(24,8) DEFAULT '0.00000000',
  `total_ht` double(24,8) DEFAULT '0.00000000',
  `total_tva` double(24,8) DEFAULT '0.00000000',
  `total_localtax1` double(24,8) DEFAULT '0.00000000',
  `total_localtax2` double(24,8) DEFAULT '0.00000000',
  `total_ttc` double(24,8) DEFAULT '0.00000000',
  `product_type` int(11) DEFAULT '0',
  `date_start` datetime DEFAULT NULL,
  `date_end` datetime DEFAULT NULL,
  `info_bits` int(11) DEFAULT '0',
  `buy_price_ht` double(24,8) DEFAULT '0.00000000',
  `fk_product_fournisseur_price` int(11) DEFAULT NULL,
  `special_code` int(10) unsigned DEFAULT '0',
  `rang` int(11) DEFAULT '0',
  `import_key` varchar(14) DEFAULT NULL,
  `fk_unit` int(11) DEFAULT NULL,
  PRIMARY KEY (`rowid`),
  KEY `idx_commandedet_fk_commande` (`fk_commande`),
  KEY `idx_commandedet_fk_product` (`fk_product`),
  KEY `fk_commandedet_fk_unit` (`fk_unit`),
  CONSTRAINT `fk_commandedet_fk_commande` FOREIGN KEY (`fk_commande`) REFERENCES `llx_commande` (`rowid`),
  CONSTRAINT `fk_commandedet_fk_unit` FOREIGN KEY (`fk_unit`) REFERENCES `llx_c_units` (`rowid`)
) ENGINE=InnoDB AUTO_INCREMENT=56 DEFAULT CHARSET=utf8;

--
-- Dumping data for table `llx_commandedet`
--

INSERT INTO `llx_commandedet` (`rowid`, `fk_commande`, `fk_parent_line`, `fk_product`, `label`, `description`, `tva_tx`, `localtax1_tx`, `localtax1_type`, `localtax2_tx`, `localtax2_type`, `qty`, `remise_percent`, `remise`, `fk_remise_except`, `price`, `subprice`, `total_ht`, `total_tva`, `total_localtax1`, `total_localtax2`, `total_ttc`, `product_type`, `date_start`, `date_end`, `info_bits`, `buy_price_ht`, `fk_product_fournisseur_price`, `special_code`, `rang`, `import_key`, `fk_unit`) VALUES (1,1,NULL,NULL,NULL,'Recrutements',20.000,0.000,'0',0.000,'0',1,0,0,NULL,3000,3000.00000000,3000.00000000,600.00000000,0.00000000,0.00000000,3600.00000000,1,NULL,NULL,0,0.00000000,NULL,0,1,NULL,NULL),(2,2,NULL,4,NULL,'Prestations administratives',20.000,0.000,'0',0.000,'0',120,0,0,NULL,280,280.00000000,33600.00000000,6720.00000000,0.00000000,0.00000000,40320.00000000,1,NULL,NULL,0,0.00000000,NULL,0,1,NULL,NULL),(3,3,NULL,4,NULL,'Prestation d&rsquo;&eacute;tudes dans le domaine administratif',0.000,0.000,'0',0.000,'0',60,0,0,NULL,280,280.00000000,16800.00000000,0.00000000,0.00000000,0.00000000,16800.00000000,1,NULL,NULL,0,280.00000000,NULL,0,1,NULL,NULL),(6,4,NULL,NULL,NULL,'Prestation d&rsquo;&eacute;tudes dans la r&eacute;alisation &agrave; la certification ISO 9001',20.000,0.000,'0',0.000,'0',60,0,0,NULL,280,280.00000000,16800.00000000,3360.00000000,0.00000000,0.00000000,20160.00000000,1,NULL,NULL,0,0.00000000,NULL,0,2,NULL,NULL),(7,5,NULL,NULL,NULL,'Direction de projet IT et AMOA projet ORKIDEE-M3',20.000,0.000,'0',0.000,'0',20,0,0,NULL,860,860.00000000,17200.00000000,3440.00000000,0.00000000,0.00000000,20640.00000000,1,NULL,NULL,0,0.00000000,NULL,0,2,NULL,NULL),(8,6,NULL,1,NULL,'Assistance à la conduite de projet\r\nAssistance au cadrage du besoin et à l\'installation de la solution ERP retenue',20.000,0.000,'0',0.000,'0',7,0,0,NULL,580,580.00000000,4060.00000000,812.00000000,0.00000000,0.00000000,4872.00000000,1,NULL,NULL,0,400.00000000,NULL,0,1,NULL,NULL),(9,7,NULL,NULL,NULL,'Prestations de recrutement Mars 2016',20.000,0.000,'0',0.000,'0',13,0,0,NULL,280,280.00000000,3640.00000000,728.00000000,0.00000000,0.00000000,4368.00000000,1,NULL,NULL,0,0.00000000,NULL,0,1,NULL,NULL),(10,7,NULL,NULL,NULL,'Prestations de recrutements Avril 2016',20.000,0.000,'0',0.000,'0',21,0,0,NULL,280,280.00000000,5880.00000000,1176.00000000,0.00000000,0.00000000,7056.00000000,1,NULL,NULL,0,0.00000000,NULL,0,2,NULL,NULL),(11,7,NULL,NULL,NULL,'Prestations de recrutements Mai 2016',20.000,0.000,'0',0.000,'0',20,0,0,NULL,280,280.00000000,5600.00000000,1120.00000000,0.00000000,0.00000000,6720.00000000,1,NULL,NULL,0,0.00000000,NULL,0,3,NULL,NULL),(12,7,NULL,NULL,NULL,'Prestations de recrutements Juin 2016',20.000,0.000,'0',0.000,'0',10,0,0,NULL,280,280.00000000,2800.00000000,560.00000000,0.00000000,0.00000000,3360.00000000,1,NULL,NULL,0,0.00000000,NULL,0,4,NULL,NULL),(13,8,NULL,NULL,NULL,'Prestation recrutement mars 2016 &agrave; juin 2016',20.000,0.000,'0',0.000,'0',1,0,0,NULL,16380,16380.00000000,16380.00000000,3276.00000000,0.00000000,0.00000000,19656.00000000,1,NULL,NULL,0,0.00000000,NULL,0,1,NULL,NULL),(14,9,NULL,NULL,NULL,'Aide au recrutement',20.000,0.000,'0',0.000,'0',20,0,0,NULL,280,280.00000000,5600.00000000,1120.00000000,0.00000000,0.00000000,6720.00000000,1,NULL,NULL,0,0.00000000,NULL,0,1,NULL,NULL),(15,10,NULL,NULL,NULL,'Prestation administrative - Avril 2016 (10 jours dont 5 pris en charge par NEXiiUM)',20.000,0.000,'0',0.000,'0',5,0,0,NULL,260,260.00000000,1300.00000000,260.00000000,0.00000000,0.00000000,1560.00000000,1,NULL,NULL,0,0.00000000,NULL,0,1,NULL,NULL),(16,11,NULL,NULL,NULL,'Etude, mise en place des outils et des tableaux de bords de gestion',20.000,0.000,'0',0.000,'0',61,0,0,NULL,280,280.00000000,17080.00000000,3416.00000000,0.00000000,0.00000000,20496.00000000,1,NULL,NULL,0,0.00000000,NULL,0,1,NULL,NULL),(17,12,NULL,NULL,NULL,'Etude, mise en place des outils et des tableaux de bords de gestion',20.000,0.000,'0',0.000,'0',61,0,0,NULL,280,280.00000000,17080.00000000,3416.00000000,0.00000000,0.00000000,20496.00000000,1,NULL,NULL,0,0.00000000,NULL,0,1,NULL,NULL),(18,13,NULL,NULL,NULL,'Prestation d&#39;&eacute;tudes pour le suivi et l&#39;aide &agrave; la mise en place du MASE et du CEFRI',20.000,0.000,'0',0.000,'0',1,0,0,NULL,47410,47410.00000000,47410.00000000,9482.00000000,0.00000000,0.00000000,56892.00000000,1,NULL,NULL,0,0.00000000,NULL,0,1,NULL,NULL),(19,14,NULL,NULL,NULL,'Prestation d&#39;&eacute;tude dans le domaine administratif',20.000,0.000,'0',0.000,'0',1,0,0,NULL,5460,5460.00000000,5460.00000000,1092.00000000,0.00000000,0.00000000,6552.00000000,1,NULL,NULL,0,0.00000000,NULL,0,1,NULL,NULL),(20,15,NULL,NULL,NULL,'Prestation d&#39;&eacute;tude dans le domaine administratif',20.000,0.000,'0',0.000,'0',1,0,0,NULL,23520,23520.00000000,23520.00000000,4704.00000000,0.00000000,0.00000000,28224.00000000,1,NULL,NULL,0,0.00000000,NULL,0,1,NULL,NULL),(21,16,NULL,NULL,NULL,'Prestation d&#39;&eacute;tude dans le domaine administratif : Chef de Mission',20.000,0.000,'0',0.000,'0',1,0,0,NULL,47400,47400.00000000,47400.00000000,9480.00000000,0.00000000,0.00000000,56880.00000000,1,NULL,NULL,0,0.00000000,NULL,0,1,NULL,NULL),(22,17,NULL,NULL,NULL,'Prestation de recrutement - consultant Syst&egrave;me d&#39;Information Laboratoires et Qualit&eacute;',20.000,0.000,'0',0.000,'0',1,0,0,NULL,6500,6500.00000000,6500.00000000,1300.00000000,0.00000000,0.00000000,7800.00000000,1,NULL,NULL,0,0.00000000,NULL,0,1,NULL,NULL),(23,18,NULL,NULL,NULL,'Prestations s&eacute;curit&eacute;',20.000,0.000,'0',0.000,'0',35,0,0,NULL,290,290.00000000,10150.00000000,2030.00000000,0.00000000,0.00000000,12180.00000000,1,NULL,NULL,0,0.00000000,NULL,0,1,NULL,NULL),(26,20,NULL,NULL,NULL,'GUIOT',20.000,0.000,'0',0.000,'0',1,0,0,NULL,260,260.00000000,260.00000000,52.00000000,0.00000000,0.00000000,312.00000000,1,NULL,NULL,0,0.00000000,NULL,0,1,NULL,NULL),(27,21,NULL,NULL,NULL,'Prise en main environnement',20.000,0.000,'0',0.000,'0',20,0,0,NULL,400,400.00000000,8000.00000000,1600.00000000,0.00000000,0.00000000,9600.00000000,1,NULL,NULL,0,0.00000000,NULL,0,1,NULL,NULL),(28,21,NULL,NULL,NULL,'Prestation d&rsquo;assistance et support sur la solution LSM et de l&rsquo;environnement technique li&eacute;',20.000,0.000,'0',0.000,'0',134,0,0,NULL,500,500.00000000,67000.00000000,13400.00000000,0.00000000,0.00000000,80400.00000000,1,NULL,NULL,0,0.00000000,NULL,0,2,NULL,NULL),(29,22,NULL,NULL,NULL,'Support M3 - DAF',20.000,0.000,'0',0.000,'0',20,0,0,NULL,700,700.00000000,14000.00000000,2800.00000000,0.00000000,0.00000000,16800.00000000,1,NULL,NULL,0,0.00000000,NULL,0,2,NULL,NULL),(30,23,NULL,NULL,NULL,'Prestations d&#39;&eacute;tudes pour le suivi et l&#39;aide &agrave; la mise en place du MASE et du CEFRI (s&eacute;curit&eacute;)',20.000,0.000,'0',0.000,'0',22,0,0,NULL,290,290.00000000,6380.00000000,1276.00000000,0.00000000,0.00000000,7656.00000000,1,NULL,NULL,0,0.00000000,NULL,0,1,NULL,NULL),(31,24,NULL,NULL,NULL,'Prestation d&#39;&eacute;tudes dans le domaine administratif - CCC',20.000,0.000,'0',0.000,'0',20,0,0,NULL,265,265.00000000,5300.00000000,1060.00000000,0.00000000,0.00000000,6360.00000000,1,NULL,NULL,0,0.00000000,NULL,0,1,NULL,NULL),(32,24,NULL,NULL,NULL,'Prestation d&#39;&eacute;tudes dans le domaine administratif - AGT',20.000,0.000,'0',0.000,'0',20,0,0,NULL,240,240.00000000,4800.00000000,960.00000000,0.00000000,0.00000000,5760.00000000,1,NULL,NULL,0,0.00000000,NULL,0,2,NULL,NULL),(33,25,NULL,NULL,NULL,'Prestation d&rsquo;administration, d&rsquo;assistance et support sur la solution MES et de l&rsquo;environnement technique li&eacute;',20.000,0.000,'0',0.000,'0',220,0,0,NULL,380,380.00000000,83600.00000000,16720.00000000,0.00000000,0.00000000,100320.00000000,1,NULL,NULL,0,0.00000000,NULL,0,1,NULL,NULL),(34,25,NULL,NULL,NULL,'Frais de d&eacute;placement DARDILY : 45&euro; HT/ jour sur site + frais de d&eacute;placement factur&eacute;s en sus sur la base de frais r&eacute;els sur justificatifs',20.000,0.000,'0',0.000,'0',60,0,0,NULL,45,45.00000000,2700.00000000,540.00000000,0.00000000,0.00000000,3240.00000000,1,NULL,NULL,0,0.00000000,NULL,0,2,NULL,NULL),(35,25,NULL,NULL,NULL,'Montant des astreintes en compl&eacute;ment&nbsp;: forfait de 860&euro; HT par semaine d&rsquo;astreinte<br />\r\n&nbsp;',20.000,0.000,'0',0.000,'0',1,0,0,NULL,860,860.00000000,860.00000000,172.00000000,0.00000000,0.00000000,1032.00000000,1,NULL,NULL,0,0.00000000,NULL,0,3,NULL,NULL),(36,26,NULL,NULL,NULL,'Direction mission projet s&eacute;rialisation GALIEN-LPS / MACORS',20.000,0.000,'0',0.000,'0',35,0,0,NULL,800,800.00000000,28000.00000000,5600.00000000,0.00000000,0.00000000,33600.00000000,1,NULL,NULL,0,0.00000000,NULL,0,1,NULL,NULL),(37,26,NULL,NULL,NULL,'Forfait journalier de frais&nbsp;: forfait vie&nbsp; 130 &euro; /j d&eacute;placement',20.000,0.000,'0',0.000,'0',1,0,0,NULL,130,130.00000000,130.00000000,26.00000000,0.00000000,0.00000000,156.00000000,1,NULL,NULL,0,0.00000000,NULL,0,2,NULL,NULL),(38,26,NULL,NULL,NULL,'D&eacute;placement transport&nbsp;:&nbsp; AUXERRE et NEVERS et 280 &euro; pour SENS<br />\r\n&nbsp;',20.000,0.000,'0',0.000,'0',1,0,0,NULL,230,230.00000000,230.00000000,46.00000000,0.00000000,0.00000000,276.00000000,1,NULL,NULL,0,0.00000000,NULL,0,3,NULL,NULL),(39,26,NULL,NULL,NULL,'D&eacute;placement transport&nbsp;:&nbsp; SENS',20.000,0.000,'0',0.000,'0',1,0,0,NULL,280,280.00000000,280.00000000,56.00000000,0.00000000,0.00000000,336.00000000,1,NULL,NULL,0,0.00000000,NULL,0,4,NULL,NULL),(40,27,NULL,NULL,NULL,'Direction de projet',20.000,0.000,'0',0.000,'0',16,0,0,NULL,800,800.00000000,12800.00000000,2560.00000000,0.00000000,0.00000000,15360.00000000,0,NULL,NULL,0,0.00000000,NULL,0,1,NULL,NULL),(41,27,NULL,NULL,NULL,'Frais',20.000,0.000,'0',0.000,'0',1,0,0,NULL,1,1.00000000,1.00000000,0.20000000,0.00000000,0.00000000,1.20000000,1,NULL,NULL,0,0.00000000,NULL,0,2,NULL,NULL),(42,28,NULL,NULL,NULL,'Direction de projet',20.000,0.000,'0',0.000,'0',25,0,0,NULL,800,800.00000000,20000.00000000,4000.00000000,0.00000000,0.00000000,24000.00000000,0,NULL,NULL,0,0.00000000,NULL,0,1,NULL,NULL),(43,28,NULL,NULL,NULL,'Frais',20.000,0.000,'0',0.000,'0',1,0,0,NULL,1,1.00000000,1.00000000,0.20000000,0.00000000,0.00000000,1.20000000,1,NULL,NULL,0,0.00000000,NULL,0,2,NULL,NULL),(44,29,NULL,NULL,NULL,'Direction de projet',20.000,0.000,'0',0.000,'0',12,0,0,NULL,800,800.00000000,9600.00000000,1920.00000000,0.00000000,0.00000000,11520.00000000,0,NULL,NULL,0,0.00000000,NULL,0,1,NULL,NULL),(45,29,NULL,NULL,NULL,'Frais',20.000,0.000,'0',0.000,'0',1,0,0,NULL,1,1.00000000,1.00000000,0.20000000,0.00000000,0.00000000,1.20000000,1,NULL,NULL,0,0.00000000,NULL,0,2,NULL,NULL),(46,30,NULL,NULL,NULL,'Prestation d&rsquo;accompagnement strat&eacute;gique DSI/DG',20.000,0.000,'0',0.000,'0',2.5,0,0,NULL,1100,1100.00000000,2750.00000000,550.00000000,0.00000000,0.00000000,3300.00000000,1,NULL,NULL,0,0.00000000,NULL,0,1,NULL,NULL),(47,30,NULL,NULL,NULL,'Forfait journalier de d&eacute;placement',20.000,0.000,'0',0.000,'0',1,0,0,NULL,480,480.00000000,480.00000000,96.00000000,0.00000000,0.00000000,576.00000000,1,NULL,NULL,0,0.00000000,NULL,0,2,NULL,NULL),(48,31,NULL,NULL,NULL,'Pr&eacute;sentation candidat qualifi&eacute;',20.000,0.000,'0',0.000,'0',1,0,0,NULL,1000,1000.00000000,1000.00000000,200.00000000,0.00000000,0.00000000,1200.00000000,1,NULL,NULL,0,0.00000000,NULL,0,1,NULL,NULL),(49,31,NULL,NULL,NULL,'Pr&eacute;sentation candidat bref',20.000,0.000,'0',0.000,'0',1,0,0,NULL,300,300.00000000,300.00000000,60.00000000,0.00000000,0.00000000,360.00000000,1,NULL,NULL,0,0.00000000,NULL,0,2,NULL,NULL),(50,32,NULL,NULL,NULL,'Direction de projet',20.000,0.000,'0',0.000,'0',10,0,0,NULL,800,800.00000000,8000.00000000,1600.00000000,0.00000000,0.00000000,9600.00000000,1,NULL,NULL,0,0.00000000,NULL,0,1,NULL,NULL),(51,32,NULL,NULL,NULL,'Forfait de d&eacute;placement - Levallois Perret',20.000,0.000,'0',0.000,'0',1,0,0,NULL,1,1.00000000,1.00000000,0.20000000,0.00000000,0.00000000,1.20000000,1,NULL,NULL,0,0.00000000,NULL,0,2,NULL,NULL),(52,33,NULL,NULL,NULL,'Direction de projet',20.000,0.000,'0',0.000,'0',12,0,0,NULL,800,800.00000000,9600.00000000,1920.00000000,0.00000000,0.00000000,11520.00000000,1,NULL,NULL,0,0.00000000,NULL,0,1,NULL,NULL),(53,33,NULL,NULL,NULL,'Forfait de d&eacute;placement - La Chapelle St Mesmin',20.000,0.000,'0',0.000,'0',1,0,0,NULL,1,1.00000000,1.00000000,0.20000000,0.00000000,0.00000000,1.20000000,1,NULL,NULL,0,0.00000000,NULL,0,2,NULL,NULL),(54,34,NULL,NULL,NULL,'Prestations d&rsquo;&eacute;tudes pour le suivi logistique et qualit&eacute;',20.000,0.000,'0',0.000,'0',1,0,0,NULL,310,310.00000000,310.00000000,62.00000000,0.00000000,0.00000000,372.00000000,1,NULL,NULL,0,0.00000000,NULL,0,1,NULL,NULL),(55,35,NULL,NULL,NULL,'Prestations d&rsquo;&eacute;tudes pour le business d&eacute;veloppement',20.000,0.000,'0',0.000,'0',1,0,0,NULL,320,320.00000000,320.00000000,64.00000000,0.00000000,0.00000000,384.00000000,1,NULL,NULL,0,0.00000000,NULL,0,1,NULL,NULL);

--
-- Table structure for table `llx_commandedet_extrafields`
--

CREATE TABLE `llx_commandedet_extrafields` (
  `rowid` int(11) NOT NULL AUTO_INCREMENT,
  `tms` timestamp NOT NULL DEFAULT CURRENT_TIMESTAMP ON UPDATE CURRENT_TIMESTAMP,
  `fk_object` int(11) NOT NULL,
  `import_key` varchar(14) DEFAULT NULL,
  PRIMARY KEY (`rowid`),
  KEY `idx_commandedet_extrafields` (`fk_object`)
) ENGINE=InnoDB DEFAULT CHARSET=utf8;

--
-- Dumping data for table `llx_commandedet_extrafields`
--


--
-- Table structure for table `llx_const`
--

CREATE TABLE `llx_const` (
  `rowid` int(11) NOT NULL AUTO_INCREMENT,
  `name` varchar(255) NOT NULL,
  `entity` int(11) NOT NULL DEFAULT '1',
  `value` text NOT NULL,
  `type` varchar(6) DEFAULT NULL,
  `visible` tinyint(4) NOT NULL DEFAULT '1',
  `note` text,
  `tms` timestamp NOT NULL DEFAULT CURRENT_TIMESTAMP ON UPDATE CURRENT_TIMESTAMP,
  PRIMARY KEY (`rowid`),
  UNIQUE KEY `uk_const` (`name`,`entity`)
) ENGINE=InnoDB AUTO_INCREMENT=618 DEFAULT CHARSET=utf8;

--
-- Dumping data for table `llx_const`
--

INSERT INTO `llx_const` (`rowid`, `name`, `entity`, `value`, `type`, `visible`, `note`, `tms`) VALUES (2,'MAIN_FEATURES_LEVEL',0,'0','chaine',1,'Level of features to show (0=stable only, 1=stable+experimental, 2=stable+experimental+development','2014-09-30 19:46:31'),(3,'MAILING_LIMIT_SENDBYWEB',0,'25','chaine',1,'Number of targets to defined packet size when sending mass email','2014-09-30 19:46:31'),(6,'SYSLOG_LEVEL',0,'7','chaine',0,'Level of debug info to show','2014-09-30 19:46:31'),(9,'MAIN_UPLOAD_DOC',0,'2048','chaine',0,'Max size for file upload (0 means no upload allowed)','2014-09-30 19:46:31'),(12,'MAIN_SIZE_LISTE_LIMIT',0,'25','chaine',0,'Longueur maximum des listes','2014-09-30 19:46:31'),(13,'MAIN_SHOW_WORKBOARD',0,'1','yesno',0,'Affichage tableau de bord de travail Dolibarr','2014-09-30 19:46:31'),(18,'MAIN_DELAY_ACTIONS_TODO',1,'7','chaine',0,'Tolérance de retard avant alerte (en jours) sur actions planifiées non réalisées','2014-09-30 19:46:31'),(19,'MAIN_DELAY_ORDERS_TO_PROCESS',1,'2','chaine',0,'Tolérance de retard avant alerte (en jours) sur commandes clients non traitées','2014-09-30 19:46:31'),(20,'MAIN_DELAY_SUPPLIER_ORDERS_TO_PROCESS',1,'7','chaine',0,'Tolérance de retard avant alerte (en jours) sur commandes fournisseurs non traitées','2014-09-30 19:46:31'),(21,'MAIN_DELAY_PROPALS_TO_CLOSE',1,'31','chaine',0,'Tolérance de retard avant alerte (en jours) sur propales à cloturer','2014-09-30 19:46:31'),(22,'MAIN_DELAY_PROPALS_TO_BILL',1,'7','chaine',0,'Tolérance de retard avant alerte (en jours) sur propales non facturées','2014-09-30 19:46:31'),(23,'MAIN_DELAY_CUSTOMER_BILLS_UNPAYED',1,'31','chaine',0,'Tolérance de retard avant alerte (en jours) sur factures client impayées','2014-09-30 19:46:31'),(24,'MAIN_DELAY_SUPPLIER_BILLS_TO_PAY',1,'2','chaine',0,'Tolérance de retard avant alerte (en jours) sur factures fournisseur impayées','2014-09-30 19:46:31'),(25,'MAIN_DELAY_NOT_ACTIVATED_SERVICES',1,'0','chaine',0,'Tolérance de retard avant alerte (en jours) sur services à activer','2014-09-30 19:46:31'),(26,'MAIN_DELAY_RUNNING_SERVICES',1,'0','chaine',0,'Tolérance de retard avant alerte (en jours) sur services expirés','2014-09-30 19:46:31'),(27,'MAIN_DELAY_MEMBERS',1,'31','chaine',0,'Tolérance de retard avant alerte (en jours) sur cotisations adhérent en retard','2014-09-30 19:46:31'),(28,'MAIN_DELAY_TRANSACTIONS_TO_CONCILIATE',1,'62','chaine',0,'Tolérance de retard avant alerte (en jours) sur rapprochements bancaires à faire','2014-09-30 19:46:31'),(29,'MAIN_FIX_FOR_BUGGED_MTA',1,'1','chaine',1,'Set constant to fix email ending from PHP with some linux ike system','2014-09-30 19:46:31'),(30,'MAILING_EMAIL_FROM',1,'dolibarr@domain.com','chaine',0,'EMail emmetteur pour les envois d emailings','2014-09-30 19:46:31'),(32,'MAIN_VERSION_LAST_INSTALL',0,'3.6.0','chaine',0,'Dolibarr version when install','2014-09-30 19:47:10'),(93,'COMPANY_ADDON_PDF_ODT_PATH',1,'DOL_DATA_ROOT/doctemplates/thirdparties','chaine',0,NULL,'2014-10-01 15:07:41'),(94,'SOCIETE_ADD_REF_IN_LIST',1,'','yesno',0,'Display customer ref into select list','2014-10-01 15:07:41'),(96,'PROPALE_ADDON_PDF',1,'azur','chaine',0,'Nom du gestionnaire de generation des propales en PDF','2014-10-01 15:07:47'),(98,'PROPALE_VALIDITY_DURATION',1,'15','chaine',0,'Duration of validity of business proposals','2014-10-01 15:07:47'),(99,'PROPALE_ADDON_PDF_ODT_PATH',1,'DOL_DATA_ROOT/doctemplates/proposals','chaine',0,NULL,'2014-10-01 15:07:47'),(102,'COMMANDE_ADDON_PDF',1,'einstein','chaine',0,'Name of PDF model of order','2014-10-01 15:07:51'),(104,'COMMANDE_ADDON_PDF_ODT_PATH',1,'DOL_DATA_ROOT/doctemplates/orders','chaine',0,NULL,'2014-10-01 15:07:51'),(106,'MAIN_MODULE_CONTRAT',1,'1',NULL,0,NULL,'2014-10-01 15:07:58'),(107,'CONTRACT_ADDON',1,'mod_contract_serpis','chaine',0,'Nom du gestionnaire de numerotation des contrats','2014-10-01 15:07:58'),(110,'MAIN_MODULE_FICHEINTER',1,'1',NULL,0,NULL,'2014-10-01 15:08:01'),(111,'FICHEINTER_ADDON_PDF',1,'soleil','chaine',0,NULL,'2014-10-01 15:08:01'),(115,'ECM_AUTO_TREE_ENABLED',1,'1','chaine',0,'Auto tree is enabled by default','2014-10-01 15:08:09'),(116,'MAIN_MODULE_COMPTABILITE',1,'1',NULL,0,NULL,'2014-10-01 15:08:16'),(118,'FACTURE_ADDON_PDF',1,'crabe','chaine',0,'Name of PDF model of invoice','2014-10-01 15:08:16'),(122,'MAIN_MODULE_BANQUE',1,'1',NULL,0,NULL,'2014-10-01 15:08:16'),(123,'MAIN_MODULE_TAX',1,'1',NULL,0,NULL,'2014-10-01 15:08:34'),(124,'MAIN_MODULE_SALARIES',1,'1',NULL,0,NULL,'2014-10-01 15:08:52'),(127,'COMMANDE_SUPPLIER_ADDON_PDF',1,'muscadet','chaine',0,'Nom du gestionnaire de generation des bons de commande en PDF','2014-10-01 15:09:06'),(129,'INVOICE_SUPPLIER_ADDON_PDF',1,'canelle','chaine',0,'Nom du gestionnaire de generation des factures fournisseur en PDF','2014-10-01 15:09:06'),(134,'MAIN_MODULE_PROJET',1,'1',NULL,0,NULL,'2014-10-01 15:09:35'),(136,'PROJECT_ADDON',1,'mod_project_simple','chaine',0,'Name of Numbering Rule project manager class','2014-10-01 15:09:35'),(137,'PROJECT_ADDON_PDF_ODT_PATH',1,'DOL_DATA_ROOT/doctemplates/projects','chaine',0,NULL,'2014-10-01 15:09:35'),(138,'PROJECT_TASK_ADDON_PDF',1,'','chaine',0,'Name of PDF/ODT tasks manager class','2014-10-01 15:09:35'),(139,'PROJECT_TASK_ADDON',1,'mod_task_simple','chaine',0,'Name of Numbering Rule task manager class','2014-10-01 15:09:35'),(140,'PROJECT_TASK_ADDON_PDF_ODT_PATH',1,'DOL_DATA_ROOT/doctemplates/tasks','chaine',0,NULL,'2014-10-01 15:09:35'),(141,'MAIN_MODULE_EXPORT',1,'1',NULL,0,NULL,'2014-10-01 15:09:41'),(142,'MAIN_MODULE_IMPORT',1,'1',NULL,0,NULL,'2014-10-01 15:09:46'),(144,'MAIN_MODULE_MARGIN',1,'1',NULL,0,NULL,'2014-10-01 15:10:07'),(145,'MAIN_MODULE_MARGIN_TABS_0',1,'product:+margin:Margins:margins:$user->rights->margins->liretous:/margin/tabs/productMargins.php?id=__ID__','chaine',0,NULL,'2014-10-01 15:10:07'),(146,'MAIN_MODULE_MARGIN_TABS_1',1,'thirdparty:+margin:Margins:margins:empty($user->societe_id) && $user->rights->margins->liretous:/margin/tabs/thirdpartyMargins.php?socid=__ID__','chaine',0,NULL,'2014-10-01 15:10:07'),(147,'MAIN_MODULE_PROPALE',1,'1',NULL,0,NULL,'2014-10-01 15:10:08'),(149,'MAIN_MODULE_PRODUCT',1,'1',NULL,0,NULL,'2014-10-01 15:10:09'),(150,'MAIN_MODULE_CATEGORIE',1,'1',NULL,0,NULL,'2014-10-01 15:10:13'),(152,'MAIN_MODULE_WORKFLOW',1,'1',NULL,0,NULL,'2014-10-01 15:10:17'),(153,'SOCIETE_CODECLIENT_ADDON',1,'mod_codeclient_elephant','chaine',0,'','2014-10-01 16:20:53'),(154,'COMPANY_ELEPHANT_MASK_CUSTOMER',1,'CL{yy}{mm}-{0000@99}','chaine',0,'','2014-10-01 16:21:30'),(155,'COMPANY_ELEPHANT_MASK_SUPPLIER',1,'CF{yy}{mm}-{0000@99}','chaine',0,'','2014-10-01 16:21:30'),(156,'COMPANY_AQUARIUM_MASK_SUPPLIER',1,'401','chaine',0,'','2014-10-01 16:22:52'),(157,'COMPANY_AQUARIUM_MASK_CUSTOMER',1,'411','chaine',0,'','2014-10-01 16:22:52'),(158,'SOCIETE_CODECOMPTA_ADDON',1,'mod_codecompta_aquarium','chaine',0,'','2014-10-01 16:23:06'),(159,'SOCIETE_IDPROF1_UNIQUE',1,'1','chaine',0,'','2014-10-01 16:24:09'),(160,'SOCIETE_IDPROF2_UNIQUE',1,'1','chaine',0,'','2014-10-01 16:27:33'),(161,'SOCIETE_IDPROF3_UNIQUE',1,'1','chaine',0,'','2014-10-01 16:27:38'),(162,'SOCIETE_IDPROF4_UNIQUE',1,'1','chaine',0,'','2014-10-01 16:27:43'),(163,'SOCIETE_IDPROF2_INVOICE_MANDATORY',1,'1','chaine',0,'','2014-10-01 16:27:57'),(164,'SOCIETE_IDPROF1_INVOICE_MANDATORY',1,'1','chaine',0,'','2014-10-01 16:28:09'),(165,'PROPALE_ADDON',1,'mod_propale_saphir','chaine',0,'','2014-10-01 16:29:28'),(166,'PROPALE_SAPHIR_MASK',1,'DV{yy}{mm}-{0000@99}','chaine',0,'','2014-10-01 16:29:47'),(167,'PROPALE_DRAFT_WATERMARK',1,'Document provisoire','chaine',0,'','2014-10-01 16:30:21'),(168,'COMMANDE_ADDON',1,'mod_commande_saphir','chaine',0,'','2014-10-01 16:30:48'),(169,'COMMANDE_SAPHIR_MASK',1,'CC{yy}{mm}-{0000@99}','chaine',0,'','2014-10-01 16:31:04'),(170,'COMMANDE_DRAFT_WATERMARK',1,'Document provisoire','chaine',0,'','2014-10-01 16:31:46'),(171,'FICHINTER_ARTIC_MASK',1,'FI{yy}{mm}-{0000@99}','chaine',0,'','2014-10-01 16:33:21'),(172,'FICHEINTER_ADDON',1,'arctic','chaine',0,'','2014-10-01 16:33:25'),(173,'FICHINTER_PRINT_PRODUCTS',1,'1','bool',0,'','2014-10-01 16:33:44'),(179,'COMMANDE_FOURNISSEUR_ORCHIDEE_MASK',1,'CF{yy}{mm}-{0000@99}','chaine',0,'','2014-10-01 16:39:26'),(180,'COMMANDE_SUPPLIER_ADDON_NUMBER',1,'mod_commande_fournisseur_orchidee','chaine',0,'','2014-10-01 16:39:31'),(181,'SUPPLIER_INVOICE_TULIP_MASK',1,'FF{yy}{mm}-{0000@0}','chaine',0,'','2014-10-01 16:40:31'),(182,'INVOICE_SUPPLIER_ADDON_NUMBER',1,'mod_facture_fournisseur_tulip','chaine',0,'','2014-10-01 16:40:35'),(187,'FACTURE_ADDON',1,'mod_facture_mercure','chaine',0,'','2014-10-01 16:43:17'),(188,'FACTURE_DRAFT_WATERMARK',1,'Document provisoire','chaine',0,'','2014-10-01 18:38:26'),(189,'PRODUCT_ELEPHANT_MASK_PRODUCT',1,'PR{yy}{mm}-{000}','chaine',0,'','2014-10-01 18:41:01'),(190,'PRODUCT_ELEPHANT_MASK_SERVICE',1,'SE{yy}{mm}-{000}','chaine',0,'','2014-10-01 18:41:01'),(191,'PRODUCT_CODEPRODUCT_ADDON',1,'mod_codeproduct_elephant','chaine',0,'','2014-10-01 18:41:07'),(192,'PRODUCT_PRICE_UNIQ',1,'0','chaine',0,'','2014-10-01 18:41:32'),(193,'PRODUIT_MULTIPRICES',1,'1','chaine',0,'','2014-10-01 18:41:32'),(194,'PRODUIT_CUSTOMER_PRICES',1,'0','chaine',0,'','2014-10-01 18:41:32'),(197,'PROJECT_ADDON_PDF',1,'generic_project_odt','chaine',0,'','2014-10-01 18:42:18'),(198,'SYSLOG_FACILITY',0,'LOG_USER','chaine',0,'','2014-10-01 18:43:08'),(199,'SYSLOG_FILE',0,'DOL_DATA_ROOT/dolibarr.log','chaine',0,'','2014-10-01 18:43:08'),(200,'SYSLOG_HANDLERS',0,'[\"mod_syslog_syslog\",\"mod_syslog_file\"]','chaine',0,'','2014-10-01 18:43:08'),(201,'MARGIN_TYPE',1,'2','chaine',0,'','2014-10-01 18:46:20'),(202,'DISPLAY_MARGIN_RATES',1,'1','chaine',0,'','2014-10-01 18:46:25'),(203,'DISPLAY_MARK_RATES',1,'1','chaine',0,'','2014-10-01 18:46:27'),(204,'CATEGORIE_RECURSIV_ADD',1,'1','chaine',0,'','2014-10-01 18:47:14'),(207,'WORKFLOW_PROPAL_AUTOCREATE_ORDER',1,'1','chaine',0,'','2014-10-01 18:47:44'),(209,'WORKFLOW_ORDER_CLASSIFY_BILLED_PROPAL',1,'1','chaine',0,'','2014-10-01 18:48:11'),(210,'WORKFLOW_INVOICE_CLASSIFY_BILLED_ORDER',1,'1','chaine',0,'','2014-10-01 18:48:38'),(254,'MAIN_MAIL_SMTP_PORT',1,'465','chaine',0,'','2015-11-18 20:09:06'),(255,'MAIN_MAIL_SMTP_SERVER',1,'smtp.qat-consulting.com','chaine',0,'','2015-11-18 20:09:06'),(258,'MAIN_MAIL_EMAIL_TLS',1,'0','chaine',0,'','2015-11-18 20:09:06'),(260,'MAIN_MODULE_AUTOATTACHFILE',1,'1',NULL,0,NULL,'2014-10-02 15:37:19'),(261,'MAIN_MODULE_AUTOATTACHFILE_HOOKS',1,'[\"formmail\"]','chaine',0,NULL,'2014-10-02 15:37:19'),(262,'MAIN_MODULE_ULTIMATEPDF',1,'1',NULL,0,NULL,'2014-10-02 15:46:10'),(263,'MAIN_MODULE_ULTIMATEPDF_MODELS',1,'1','chaine',0,NULL,'2014-10-02 15:46:10'),(264,'MAIN_MODULE_ULTIMATEPDF_CSS',1,'/ultimatepdf/css/ultimatepdf.css.php','chaine',0,NULL,'2014-10-02 15:46:10'),(265,'MAIN_MODULE_ULTIMATEPDF_HOOKS',1,'[\"propalcard\",\"ordercard\",\"invoicecard\",\"toprightmenu\",\"pdfgeneration\"]','chaine',0,NULL,'2014-10-02 15:46:10'),(266,'MAIN_GENERATE_DOCUMENTS_HIDE_DETAILS',1,'','chaine',1,'Hide product details within documents','2014-10-02 15:46:10'),(267,'MAIN_GENERATE_DOCUMENTS_HIDE_DESC',1,'','chaine',1,'Hide product description within documents','2014-10-02 15:46:10'),(268,'MAIN_GENERATE_DOCUMENTS_HIDE_REF',1,'','chaine',1,'Hide reference within documents','2014-10-02 15:46:10'),(270,'ULTIMATE_SHOW_HIDE_PUHT',1,'','chaine',1,'Hide puht within documents','2014-10-02 15:46:10'),(271,'ULTIMATE_SHOW_HIDE_QTY',1,'','chaine',1,'Hide qty within documents','2014-10-02 15:46:10'),(272,'ULTIMATE_SHOW_HIDE_THT',1,'','chaine',1,'Hide tht within documents','2014-10-02 15:46:10'),(273,'MAIN_DISPLAY_FOLD_MARK',1,'','chaine',1,'Show by default fold mark within documents','2014-10-02 15:46:10'),(274,'ULTIMATE_GENERATE_PROPOSALS_WITH_PICTURE',1,'','chaine',1,'Show by default photos within proposals documents','2014-10-02 15:46:10'),(275,'ULTIMATE_GENERATE_ORDERS_WITH_PICTURE',1,'','chaine',1,'Show by default photos within orders documents','2014-10-02 15:46:10'),(276,'ULTIMATE_GENERATE_INVOICES_WITH_PICTURE',1,'','chaine',1,'Show by default photos within invoices documents','2014-10-02 15:46:10'),(277,'MAIN_PDF_DONOTREPEAT_HEAD',1,'','chaine',1,'Do not repeat head within documents','2014-10-02 15:46:10'),(279,'MAIN_PDF_DASH_BETWEEN_LINES',1,'','chaine',1,'Add dash between lines within documents','2014-10-02 15:46:10'),(287,'ULTIMATE_PDF_INVOICE_ADDALSOTARGETDETAILS',1,'1','chaine',0,'','2014-10-02 15:46:36'),(288,'ULTIMATE_TVAINTRA_NOT_IN_INVOICE_ADDRESS',1,'1','chaine',0,'','2014-10-02 15:46:40'),(289,'MAIN_DISPLAY_INVOICES_FOLD_MARK',1,'1','chaine',0,'','2014-10-02 15:46:44'),(290,'ULTIMATEPDF_GENERATE_INVOICES_WITH_MERGED_PDF',1,'1','chaine',0,'','2014-10-02 15:47:04'),(291,'MAIN_PDF_ADDALSOTARGETDETAILS',1,'1','chaine',0,'','2014-10-02 15:47:14'),(292,'MAIN_TVAINTRA_NOT_IN_ADDRESS',1,'1','chaine',0,'','2014-10-02 15:47:17'),(293,'MAIN_DISABLE_ALL_MAILS',1,'0','chaine',0,'','2014-10-02 16:28:00'),(294,'MAIN_MAIL_SENDMODE',1,'mail','chaine',0,'','2015-11-18 20:09:06'),(295,'MAIN_MAIL_SMTPS_ID',1,'qatconsu','chaine',0,'','2015-11-18 20:09:06'),(296,'MAIN_MAIL_SMTPS_PW',1,'lf452429','chaine',0,'','2015-11-18 20:09:06'),(297,'MAIN_MAIL_EMAIL_FROM',1,'flavabre@qat-consulting.com','chaine',0,'','2014-10-02 16:28:02'),(298,'MAIN_MAIL_ERRORS_TO',1,'flavabre@qat-consulting.com','chaine',0,'','2014-10-02 16:28:02'),(299,'PRODUIT_MULTIPRICES_LIMIT',1,'2','chaine',0,'','2014-10-04 16:07:06'),(300,'MAIN_MODULE_WEBSERVICES',1,'1',NULL,0,NULL,'2014-10-31 08:49:45'),(301,'WEBSERVICES_KEY',1,'72f89d275e561e8e09815c95746fee8f','chaine',0,'','2014-10-31 08:53:54'),(302,'PRODUCT_USE_OLD_PATH_FOR_PHOTO',1,'1','chaine',1,'Use old path for products images','2015-07-04 13:46:05'),(328,'ULTIMATE_DESIGN',1,'1','chaine',0,'','2015-07-04 14:26:39'),(329,'ULTIMATE_DASH_DOTTED',1,'8, 2','chaine',0,'','2015-07-04 14:26:39'),(330,'ULTIMATE_BGCOLOR_COLOR',1,'aad4ff','chaine',0,'','2015-07-04 14:26:39'),(331,'ULTIMATE_BORDERCOLOR_COLOR',1,'003f7f','chaine',0,'','2015-07-04 14:26:39'),(332,'ULTIMATE_TEXTCOLOR_COLOR',1,'191919','chaine',0,'','2015-07-04 14:26:39'),(333,'ULTIMATE_DOCUMENTS_WITH_REF',1,'no','chaine',0,'','2015-07-04 14:26:39'),(334,'ULTIMATE_GENERATE_DOCUMENTS_WITHOUT_VAT',1,'no','chaine',0,'','2015-07-04 14:26:39'),(385,'MAIN_LANG_DEFAULT',1,'auto','chaine',0,'','2015-08-18 16:27:42'),(386,'MAIN_MULTILANGS',1,'1','chaine',0,'','2015-08-18 16:27:42'),(387,'MAIN_SIZE_LISTE_LIMIT',1,'25','chaine',0,'','2015-08-18 16:27:42'),(388,'MAIN_DISABLE_JAVASCRIPT',1,'0','chaine',0,'','2015-08-18 16:27:42'),(389,'MAIN_BUTTON_HIDE_UNAUTHORIZED',1,'0','chaine',0,'','2015-08-18 16:27:42'),(390,'MAIN_START_WEEK',1,'1','chaine',0,'','2015-08-18 16:27:42'),(391,'MAIN_DEFAULT_WORKING_DAYS',1,'1-5','chaine',0,'','2015-08-18 16:27:42'),(392,'MAIN_DEFAULT_WORKING_HOURS',1,'9-18','chaine',0,'','2015-08-18 16:27:42'),(393,'MAIN_SHOW_LOGO',1,'1','chaine',0,'','2015-08-18 16:27:42'),(394,'MAIN_FIRSTNAME_NAME_POSITION',1,'0','chaine',0,'','2015-08-18 16:27:42'),(396,'MAIN_SEARCHFORM_CONTACT',1,'0','chaine',0,'','2015-08-18 16:27:42'),(397,'MAIN_SEARCHFORM_SOCIETE',1,'0','chaine',0,'','2015-08-18 16:27:42'),(398,'MAIN_SEARCHFORM_PRODUITSERVICE',1,'0','chaine',0,'','2015-08-18 16:27:42'),(399,'MAIN_SEARCHFORM_PRODUITSERVICE_SUPPLIER',1,'0','chaine',0,'','2015-08-18 16:27:42'),(400,'MAIN_SEARCHFORM_ADHERENT',1,'0','chaine',0,'','2015-08-18 16:27:42'),(401,'MAIN_HELPCENTER_DISABLELINK',0,'0','chaine',0,'','2015-08-18 16:27:42'),(402,'MAIN_HELP_DISABLELINK',0,'0','chaine',0,'','2015-08-18 16:27:42'),(433,'MAIN_MODULE_RESOURCE',1,'1',NULL,0,NULL,'2015-12-04 10:57:22'),(434,'MAIN_MODULE_FCKEDITOR',1,'1',NULL,0,NULL,'2015-12-04 10:57:45'),(435,'FCKEDITOR_ENABLE_SOCIETE',1,'1','yesno',0,'WYSIWIG for description and note (except products/services)','2015-12-04 10:57:45'),(436,'FCKEDITOR_ENABLE_PRODUCTDESC',1,'1','yesno',0,'WYSIWIG for products/services description and note','2015-12-04 10:57:45'),(437,'FCKEDITOR_ENABLE_MAILING',1,'1','yesno',0,'WYSIWIG for mass emailings','2015-12-04 10:57:45'),(438,'FCKEDITOR_ENABLE_DETAILS',1,'1','yesno',0,'WYSIWIG for products details lines for all entities','2015-12-04 10:57:45'),(439,'FCKEDITOR_ENABLE_USERSIGN',1,'1','yesno',0,'WYSIWIG for user signature','2015-12-04 10:57:45'),(440,'FCKEDITOR_ENABLE_MAIL',1,'1','yesno',0,'WYSIWIG for products details lines for all entities','2015-12-04 10:57:45'),(468,'MAIN_INFO_SOCIETE_LOGO',1,'Logo-complet-noir-detoure.png','chaine',0,'','2016-01-15 18:28:27'),(469,'MAIN_INFO_SOCIETE_LOGO_SMALL',1,'Logo-complet-noir-detoure_small.png','chaine',0,'','2016-01-15 18:28:27'),(470,'MAIN_INFO_SOCIETE_LOGO_MINI',1,'Logo-complet-noir-detoure_mini.png','chaine',0,'','2016-01-15 18:28:27'),(495,'MAIN_INFO_SOCIETE_COUNTRY',1,'1:FR:France','chaine',0,'','2016-01-18 20:01:41'),(496,'MAIN_INFO_SOCIETE_NOM',1,'NEXiiUM','chaine',0,'','2016-01-18 20:01:41'),(497,'MAIN_INFO_SOCIETE_ADDRESS',1,'8A rue Lançon','chaine',0,'','2016-01-18 20:01:41'),(498,'MAIN_INFO_SOCIETE_TOWN',1,'Villeurbanne','chaine',0,'','2016-01-18 20:01:41'),(499,'MAIN_INFO_SOCIETE_ZIP',1,'69100','chaine',0,'','2016-01-18 20:01:41'),(500,'MAIN_INFO_SOCIETE_STATE',1,'71','chaine',0,'','2016-01-18 20:01:41'),(501,'MAIN_MONNAIE',1,'EUR','chaine',0,'','2016-01-18 20:01:41'),(502,'MAIN_INFO_SOCIETE_TEL',1,'09 86 36 98 27','chaine',0,'','2016-01-18 20:01:41'),(503,'MAIN_INFO_SOCIETE_MAIL',1,'contact@nexiium.com','chaine',0,'','2016-01-18 20:01:41'),(504,'MAIN_INFO_SOCIETE_WEB',1,'www.nexiium.com','chaine',0,'','2016-01-18 20:01:41'),(505,'MAIN_INFO_CAPITAL',1,'10000','chaine',0,'','2016-01-18 20:01:41'),(506,'MAIN_INFO_SOCIETE_FORME_JURIDIQUE',1,'57','chaine',0,'','2016-01-18 20:01:41'),(507,'MAIN_INFO_SIREN',1,'B 527 655 989','chaine',0,'','2016-01-18 20:01:41'),(508,'MAIN_INFO_SIRET',1,'527 655 989 00012','chaine',0,'','2016-01-18 20:01:41'),(509,'MAIN_INFO_APE',1,'640Z','chaine',0,'','2016-01-18 20:01:41'),(510,'MAIN_INFO_TVAINTRA',1,'FR50 527655989','chaine',0,'','2016-01-18 20:01:41'),(511,'SOCIETE_FISCAL_MONTH_START',1,'7','chaine',0,'','2016-01-18 20:01:41'),(512,'FACTURE_TVAOPTION',1,'1','chaine',0,'','2016-01-18 20:01:41'),(513,'FACTURE_RIB_NUMBER',1,'1','chaine',0,'','2016-01-18 20:06:02'),(514,'FACTURE_CHQ_NUMBER',1,'-1','chaine',0,'','2016-01-18 20:06:02'),(516,'FACTURE_ADDON_PDF_ODT_PATH',1,'DOL_DATA_ROOT/doctemplates/invoices','chaine',0,'','2016-01-18 20:24:17'),(517,'FACTURE_FREE_TEXT',1,'Pénalités égales à 1,5 fois le Taux de Base Bancaire si paiement postérieur à la date convenue (loi n°\r\n92-1442 du 31/12/92). Conformément aux articles L441-6 c. com et D. 441-5 c. , tout retard de\r\npaiement entraîne de plein droit, outre les pénalités de retard, une obligation pour le débiteur de payer\r\nune indemnité forfaitaire de 40€ pour frais de recouvrement.\r\n','chaine',0,'','2016-01-18 20:24:53'),(527,'MAIN_MODULE_COMMANDE',1,'1',NULL,0,NULL,'2016-02-07 20:06:22'),(528,'MAIN_MODULE_DEPLACEMENT',1,'1',NULL,0,NULL,'2016-02-07 20:06:22'),(529,'MAIN_MODULE_ECM',1,'1',NULL,0,NULL,'2016-02-07 20:06:22'),(530,'MAIN_MODULE_FACTURE',1,'1',NULL,0,NULL,'2016-02-07 20:06:22'),(531,'MAIN_MODULE_FOURNISSEUR',1,'1',NULL,0,NULL,'2016-02-07 20:06:22'),(532,'MAIN_MODULE_SOCIETE',1,'1',NULL,0,NULL,'2016-02-07 20:06:23'),(533,'MAIN_MODULE_SERVICE',1,'1',NULL,0,NULL,'2016-02-07 20:06:23'),(534,'MAIN_MODULE_USER',0,'1',NULL,0,NULL,'2016-02-07 20:06:23'),(535,'MAIN_VERSION_LAST_UPGRADE',0,'3.8.3','chaine',0,'Dolibarr version for last upgrade','2016-02-07 20:06:34'),(541,'FACTURE_MERCURE_MASK_INVOICE',1,'FC{yy}{mm}-{0000@0}','chaine',0,'','2016-02-19 11:19:29'),(542,'FACTURE_MERCURE_MASK_REPLACEMENT',1,'FR{yy}{mm}-{0000@0}','chaine',0,'','2016-02-19 11:19:29'),(543,'FACTURE_MERCURE_MASK_CREDIT',1,'AV{yy}{mm}-{0000@0}','chaine',0,'','2016-02-19 11:19:29'),(544,'FACTURE_MERCURE_MASK_DEPOSIT',1,'FA{yy}{mm}-{0000@0}','chaine',0,'','2016-02-19 11:19:29'),(545,'MAIN_MODULE_HOLIDAY',1,'1',NULL,0,NULL,'2016-02-19 11:28:33'),(546,'MAIN_MODULE_HOLIDAY_TABS_0',1,'user:+paidholidays:CPTitreMenu:holiday:$user->rights->holiday->read:/holiday/list.php?mainmenu=holiday&id=__ID__','chaine',0,NULL,'2016-02-19 11:28:33'),(547,'ACCOUNTING_MODE',1,'CREANCES-DETTES','chaine',0,'','2016-02-19 11:33:18'),(548,'ACCOUNTING_PRODUCT_BUY_ACCOUNT',1,'604','chaine',0,'','2016-02-19 11:33:18'),(549,'ACCOUNTING_PRODUCT_SOLD_ACCOUNT',1,'704','chaine',0,'','2016-02-19 11:33:18'),(550,'ACCOUNTING_ACCOUNT_CUSTOMER',1,'411','chaine',0,'','2016-02-19 11:33:18'),(551,'ACCOUNTING_ACCOUNT_SUPPLIER',1,'401','chaine',0,'','2016-02-19 11:33:18'),(592,'ALLSCREENS_COL1',1,'#5999a7','chaine',0,'','2018-04-30 15:58:10'),(593,'ALLSCREENS_COL2',1,'#f07b6e','chaine',0,'','2018-04-30 15:58:10'),(595,'DOL_VERSION',1,'3.8.3','chaine',0,'Dolibarr version','2018-05-31 21:08:34'),(597,'MAIN_MENU_STANDARD',1,'allscreens_menu.php','chaine',0,'','2018-05-31 21:08:34'),(598,'MAIN_MENUFRONT_STANDARD',1,'allscreens_menu.php','chaine',0,'','2018-05-31 21:08:34'),(599,'MAIN_MENU_SMARTPHONE',1,'allscreens_menu.php','chaine',0,'','2018-05-31 21:08:34'),(600,'MAIN_MENUFRONT_SMARTPHONE',1,'allscreens_menu.php','chaine',0,'','2018-05-31 21:08:34'),(612,'MAIN_THEME',1,'eldy','chaine',0,'','2018-05-31 21:14:27'),(617,'SYSTEMTOOLS_MYSQLDUMP',1,'/usr/bin/mysqldump','chaine',0,'','2018-10-27 16:22:56');

--
